{"id":9354,"date":"2020-03-08T14:59:35","date_gmt":"2020-03-08T12:59:35","guid":{"rendered":"http:\/\/helensjoholm.nu\/_eng\/?page_id=9354"},"modified":"2020-12-25T20:50:21","modified_gmt":"2020-12-25T18:50:21","slug":"various-2020","status":"publish","type":"page","link":"https:\/\/helensjoholm.nu\/_eng\/press-clips\/various-2020\/","title":{"rendered":"Various 2020"},"content":{"rendered":"<table border=\"1\" cellspacing=\"3\" cellpadding=\"3\">\n<tbody>\n<tr>\n<td><strong>201205<\/strong><\/td>\n<td><a title=\"Sj\u00f6holm became shy in front of colleagues in S\u00e5 mycket b\u00e4ttre (So much better)\" href=\"https:\/\/helensjoholm.nu\/_eng\/press-clips\/various-2020\/sjoholm-became-shy-in-front-of-colleagues-in-sa-mycket-battre-so-much-better\/\">G\u00f6teborgs-Posten \u2013 Sj\u00f6holm became shy in front of colleagues in <em>So much better<\/em><\/a><\/td>\n<\/tr>\n<tr>\n<td><strong>201204<\/strong><\/td>\n<td><a title=\"Helen Sj\u00f6holm on So much better: \u201cMore nervous than I thought\u201d\" href=\"https:\/\/helensjoholm.nu\/_eng\/press-clips\/various-2020\/helen-sjoholm-on-so-much-better-more-nervous-than-i-thought\/\">Allas \u2013 &#8220;More nervous than I thought&#8221;<\/a><\/td>\n<\/tr>\n<tr>\n<td><strong>201007<\/strong><\/td>\n<td><a title=\"The hit musical turns 25: \u201cMagic lifted us\u201d\" href=\"https:\/\/helensjoholm.nu\/_eng\/press-clips\/various-2020\/the-hit-musical-turns-25-magic-lifted-us\/\">Aftonbladet \u2013 The hit musical turns 25: &#8220;Magic lifted us&#8221;<\/a><\/td>\n<\/tr>\n<tr>\n<td><strong>200301<\/strong><\/td>\n<td><a href=\"https:\/\/helensjoholm.nu\/_eng\/press-clips\/various-2020\/helen-sjoholm-in-new-musical-about-mental-illness-at-uppsala-city-theater\/\">Aftonbladet \u2013 Helen Sj\u00f6holm in new musical about mental illness at Uppsala City Theater&nbsp;<\/a><\/td>\n<\/tr>\n<tr>\n<td><strong>200225<\/strong><\/td>\n<td><a href=\"https:\/\/helensjoholm.nu\/_eng\/press-clips\/various-2020\/the-story-has-destroyed-all-the-walls\/\">UNT \u2013 &#8220;The story has destroyed all the walls&#8221;<\/a><\/td>\n<\/tr>\n<\/tbody>\n<\/table>\n<hr>\n<p><a title=\"Press clips\" href=\"https:\/\/helensjoholm.nu\/_eng\/press-clips\/\">Back<\/a><\/p>\n","protected":false},"excerpt":{"rendered":"<p>201205 G\u00f6teborgs-Posten \u2013 Sj\u00f6holm became shy in front of colleagues in So much better 201204 Allas \u2013 &#8220;More nervous than I thought&#8221; 201007 Aftonbladet \u2013 <a class=\"more-link\" href=\"https:\/\/helensjoholm.nu\/_eng\/press-clips\/various-2020\/\">Read More &#8230;<\/a><\/p>\n","protected":false},"author":1,"featured_media":0,"parent":152,"menu_order":0,"comment_status":"closed","ping_status":"closed","template":"","meta":{"ngg_post_thumbnail":0,"footnotes":""},"class_list":["post-9354","page","type-page","status-publish","hentry"],"aioseo_notices":[],"_links":{"self":[{"href":"https:\/\/helensjoholm.nu\/_eng\/wp-json\/wp\/v2\/pages\/9354","targetHints":{"allow":["GET"]}}],"collection":[{"href":"https:\/\/helensjoholm.nu\/_eng\/wp-json\/wp\/v2\/pages"}],"about":[{"href":"https:\/\/helensjoholm.nu\/_eng\/wp-json\/wp\/v2\/types\/page"}],"author":[{"embeddable":true,"href":"https:\/\/helensjoholm.nu\/_eng\/wp-json\/wp\/v2\/users\/1"}],"replies":[{"embeddable":true,"href":"https:\/\/helensjoholm.nu\/_eng\/wp-json\/wp\/v2\/comments?post=9354"}],"version-history":[{"count":0,"href":"https:\/\/helensjoholm.nu\/_eng\/wp-json\/wp\/v2\/pages\/9354\/revisions"}],"up":[{"embeddable":true,"href":"https:\/\/helensjoholm.nu\/_eng\/wp-json\/wp\/v2\/pages\/152"}],"wp:attachment":[{"href":"https:\/\/helensjoholm.nu\/_eng\/wp-json\/wp\/v2\/media?parent=9354"}],"curies":[{"name":"wp","href":"https:\/\/api.w.org\/{rel}","templated":true}]}}