{"id":8565,"date":"2019-08-18T12:23:21","date_gmt":"2019-08-18T10:23:21","guid":{"rendered":"http:\/\/helensjoholm.nu\/_eng\/?page_id=8565"},"modified":"2025-02-25T21:41:00","modified_gmt":"2025-02-25T19:41:00","slug":"om-du-var-jag","status":"publish","type":"page","link":"https:\/\/helensjoholm.nu\/_eng\/albums-2016-2020\/basta-latarna\/om-du-var-jag\/","title":{"rendered":"Om du var jag"},"content":{"rendered":"<p><strong>Music:<\/strong> Benny Andersson<br \/>\n<strong>Lyrics:<\/strong> Bj\u00f6rn Ulvaeus<\/p>\n<p>Om du var jag och jag var du<br \/>\ns\u00e5 skulle klockor ringa nu<br \/>\nOm jag var du och du var jag<br \/>\ns\u00e5 ringde klockorna idag<br \/>\nF\u00f6r bruden som kom ut med sin nye man<br \/>\nur en s\u00f6t liten kyrka p\u00e5 landet,<br \/>\nen dr\u00f6m som blev sann<br \/>\nAh-ah-ah-ah-ah-ah<br \/>\nDet vore b\u00e4ttre f\u00f6r dig om du liknade mig<\/p>\n<p>Om du var jag och jag var du<br \/>\ns\u00e5 skulle klockor ringa nu<br \/>\nOm jag var du och du var jag<br \/>\ns\u00e5 ringde klockorna idag<br \/>\nVi skulle haft en pr\u00e4st<br \/>\nHan skulle ha sagt n\u00e5gra ord om ett heligt f\u00f6rbund<br \/>\noch om k\u00e4rlekens makt<br \/>\nAh-ah-ah-ah-ah-ah<br \/>\nDet vore b\u00e4ttre f\u00f6r dig om du liknade mig<\/p>\n<p>Jag fr\u00e5gade: Vad s\u00e4ger du om br\u00f6llop<br \/>\nJag vet best\u00e4mt att du h\u00f6rde p\u00e5<br \/>\nDu sa ok och m\u00f6jligen &#8220;whatever&#8221;<br \/>\nMen \u00f6verens, det var vi \u00e4nd\u00e5<\/p>\n<p>Jag tyckte det var ett slags frieri<br \/>\nOch du var ju i och f\u00f6r sig lite positiv<br \/>\nS\u00e5 l\u00e4ste jag dig<br \/>\nDet skulle bli vi<br \/>\nMen mina id\u00e9er var nog lite f\u00f6r naiva<\/p>\n<p>Om du var jag och jag var du<br \/>\ns\u00e5 skulle klockor ringa nu<br \/>\nOm jag var du och du var jag<br \/>\ns\u00e5 ringde klockorna idag<br \/>\nJag skulle haft en ring och ett diadem<br \/>\nAllting skulle ha g\u00e5tt som p\u00e5 r\u00e4ls<br \/>\nutan n\u00e5gra problem<br \/>\nAh-ah-ah-ah-ah-ah<br \/>\nDet vore b\u00e4ttre f\u00f6r dig om du liknade mig<\/p>\n<p>V\u00e5r br\u00f6llopspsalm, den valde vi tillsammans<br \/>\nJag la min r\u00f6st p\u00e5 psalm 82<br \/>\nDu sa ok och m\u00f6jligen &#8220;whatever&#8221;<br \/>\nMen \u00f6verens, det var vi \u00e4nd\u00e5<\/p>\n<p>Det ville jag tro<br \/>\nTrots ditt ljumma svar<br \/>\nDu sa n\u00e5t om nya tabletter och terapi<br \/>\nDu hade nog r\u00e4tt men tankarna far<br \/>\nJag vill, men jag blir inte kvitt mina fantasier<\/p>\n<p>Om du var jag och jag var du<br \/>\ns\u00e5 skulle klockor ringa nu<br \/>\nOm jag var du och du var jag<br \/>\ns\u00e5 ringde klockorna idag<br \/>\nMen det \u00e4r inte sant f\u00f6r det som \u00e4r nytt<br \/>\n\u00c4r att jag l\u00e4rt mig l\u00e4xan<br \/>\noch numer \u00e4r jag som f\u00f6rbytt<br \/>\nAh-ah-ah-ah-ah-ah<br \/>\nOch du m\u00e5 tro&#8217;t eller ej<br \/>\nmen nu liknar jag dig<\/p>\n<p><em>\u00a9 2019 Mono Music AB \/ Kopparn\u00e4set Immaterialr\u00e4ttigheter AB<\/em><\/p>\n<p><a href=\"https:\/\/helensjoholm.nu\/_eng\/albums-2016-2020\/basta-latarna\/\">Back<\/a><\/p>\n","protected":false},"excerpt":{"rendered":"<p>Music: Benny Andersson Lyrics: Bj\u00f6rn Ulvaeus Om du var jag och jag var du s\u00e5 skulle klockor ringa nu Om jag var du och du <a class=\"more-link\" href=\"https:\/\/helensjoholm.nu\/_eng\/albums-2016-2020\/basta-latarna\/om-du-var-jag\/\">Read More &#8230;<\/a><\/p>\n","protected":false},"author":1,"featured_media":0,"parent":8492,"menu_order":0,"comment_status":"closed","ping_status":"closed","template":"","meta":{"ngg_post_thumbnail":0,"footnotes":""},"class_list":["post-8565","page","type-page","status-publish","hentry"],"aioseo_notices":[],"_links":{"self":[{"href":"https:\/\/helensjoholm.nu\/_eng\/wp-json\/wp\/v2\/pages\/8565","targetHints":{"allow":["GET"]}}],"collection":[{"href":"https:\/\/helensjoholm.nu\/_eng\/wp-json\/wp\/v2\/pages"}],"about":[{"href":"https:\/\/helensjoholm.nu\/_eng\/wp-json\/wp\/v2\/types\/page"}],"author":[{"embeddable":true,"href":"https:\/\/helensjoholm.nu\/_eng\/wp-json\/wp\/v2\/users\/1"}],"replies":[{"embeddable":true,"href":"https:\/\/helensjoholm.nu\/_eng\/wp-json\/wp\/v2\/comments?post=8565"}],"version-history":[{"count":1,"href":"https:\/\/helensjoholm.nu\/_eng\/wp-json\/wp\/v2\/pages\/8565\/revisions"}],"predecessor-version":[{"id":14909,"href":"https:\/\/helensjoholm.nu\/_eng\/wp-json\/wp\/v2\/pages\/8565\/revisions\/14909"}],"up":[{"embeddable":true,"href":"https:\/\/helensjoholm.nu\/_eng\/wp-json\/wp\/v2\/pages\/8492"}],"wp:attachment":[{"href":"https:\/\/helensjoholm.nu\/_eng\/wp-json\/wp\/v2\/media?parent=8565"}],"curies":[{"name":"wp","href":"https:\/\/api.w.org\/{rel}","templated":true}]}}