{"id":7910,"date":"2018-07-14T18:31:54","date_gmt":"2018-07-14T16:31:54","guid":{"rendered":"http:\/\/helensjoholm.nu\/_eng\/?page_id=7910"},"modified":"2018-07-15T17:11:12","modified_gmt":"2018-07-15T15:11:12","slug":"accurately-and-close-when-helen-sjoholm-attended","status":"publish","type":"page","link":"https:\/\/helensjoholm.nu\/_eng\/press-clips\/reviews-2018\/accurately-and-close-when-helen-sjoholm-attended\/","title":{"rendered":"Accurately and close when Helen Sj\u00f6holm attended"},"content":{"rendered":"<p><strong>The newspaper \u00c5ngermanland 180618<\/strong><\/p>\n<p>By: HANNA PERSSON<\/p>\n<p><strong>Accurate, robust and confident. One evening in June at the river&#8217;s river the crowd was invited to N\u00e4s\u00e5ker, to a night which most likely will be a part of the rest of the music summer. It was Saturday night and Helen Sj\u00f6holm with friends appeared on stage.<\/strong><\/p>\n<p>Helen Sj\u00f6holm does not come from N\u00e4s\u00e5ker. However, her grandmother does. Her grandmother didn\u00b4t just come from N\u00e4s\u00e5ker, but she also lived there all her life. Therefore, nobody is surprised to see that one or more steps on Helen Sj\u00f6holm&#8217;s road have been taken at this location: and perhaps even more specifically along Storgatan.<\/p>\n<p>\u2013 On Storgatan, I and my dear cousin Maria Lundberg sang for the ladies who wanted, and sometimes didn\u00b4t want to listen, she explains.<\/p>\n<p>(&#8230;) No less than Maria Lundberg, Jacke Sj\u00f6din and Klas Norberg together with Holmsten Trio played and sang together.<\/p>\n<p>One of the great hits for Helen Sj\u00f6holm and Maria Lundberg, when they were children, was Ted G\u00e4rdestad&#8217;s &#8220;Jag vill ha en egen m\u00e5ne&#8221; (I want a moon on my own) and they now took the opportunity to sing that song when they finally entered the big stage at the party venue in N\u00e4mforsen.<\/p>\n<p>\u2013 You should see what I see, Helen Sj\u00f6holm said, looking out over a sea of people.<\/p>\n<p>\u2013 I used to come here like a child, but at that time it was empty in the audience, Helen Sj\u00f6holm said.<\/p>\n<p><strong>Even she and<\/strong> Jacke Sj\u00f6din sang together.<br \/>\n(&#8230;)<\/p>\n<p>\u2013 But everyone <span class=\"short_text\" id=\"result_box\" lang=\"en\">has to get into the head<\/span> that we never get on the podium, he sang, meaning that a prize might be a bit more fun if it comes unexpectedly.<\/p>\n<p>Despite some clouds during the day, the sun was shining over the party venue in N\u00e4mforsen during Saturday night when friends met and spread music during an evening in June, by the riverside.<\/p>\n<p><em>(Due to copyright reasons the entire review cannot be reproduced)<\/em><\/p>\n<p><a href=\"https:\/\/helensjoholm.nu\/_eng\/press-clips\/reviews-2018\/\">Back<\/a><\/p>\n","protected":false},"excerpt":{"rendered":"<p>The newspaper \u00c5ngermanland 180618 By: HANNA PERSSON Accurate, robust and confident. One evening in June at the river&#8217;s river the crowd was invited to N\u00e4s\u00e5ker, <a class=\"more-link\" href=\"https:\/\/helensjoholm.nu\/_eng\/press-clips\/reviews-2018\/accurately-and-close-when-helen-sjoholm-attended\/\">Read More &#8230;<\/a><\/p>\n","protected":false},"author":1,"featured_media":0,"parent":7900,"menu_order":0,"comment_status":"closed","ping_status":"closed","template":"","meta":{"ngg_post_thumbnail":0,"footnotes":""},"class_list":["post-7910","page","type-page","status-publish","hentry"],"aioseo_notices":[],"_links":{"self":[{"href":"https:\/\/helensjoholm.nu\/_eng\/wp-json\/wp\/v2\/pages\/7910","targetHints":{"allow":["GET"]}}],"collection":[{"href":"https:\/\/helensjoholm.nu\/_eng\/wp-json\/wp\/v2\/pages"}],"about":[{"href":"https:\/\/helensjoholm.nu\/_eng\/wp-json\/wp\/v2\/types\/page"}],"author":[{"embeddable":true,"href":"https:\/\/helensjoholm.nu\/_eng\/wp-json\/wp\/v2\/users\/1"}],"replies":[{"embeddable":true,"href":"https:\/\/helensjoholm.nu\/_eng\/wp-json\/wp\/v2\/comments?post=7910"}],"version-history":[{"count":0,"href":"https:\/\/helensjoholm.nu\/_eng\/wp-json\/wp\/v2\/pages\/7910\/revisions"}],"up":[{"embeddable":true,"href":"https:\/\/helensjoholm.nu\/_eng\/wp-json\/wp\/v2\/pages\/7900"}],"wp:attachment":[{"href":"https:\/\/helensjoholm.nu\/_eng\/wp-json\/wp\/v2\/media?parent=7910"}],"curies":[{"name":"wp","href":"https:\/\/api.w.org\/{rel}","templated":true}]}}