{"id":7271,"date":"2017-07-01T17:48:30","date_gmt":"2017-07-01T15:48:30","guid":{"rendered":"http:\/\/helensjoholm.nu\/_eng\/?page_id=7271"},"modified":"2017-07-01T18:54:59","modified_gmt":"2017-07-01T16:54:59","slug":"12-step-program-and-confetti-rain-at-ullevi","status":"publish","type":"page","link":"https:\/\/helensjoholm.nu\/_eng\/press-clips\/reviews-2017\/12-step-program-and-confetti-rain-at-ullevi\/","title":{"rendered":"12-step program and confetti rain at Ullevi"},"content":{"rendered":"<div style=\"width: 560px\" class=\"wp-caption alignnone\"><img loading=\"lazy\" decoding=\"async\" width=\"550\" height=\"390\" title=\"I Love Musicals Allstars 170617\" alt=\"I Love Musicals Allstars 170617\" src=\"https:\/\/helensjoholm.nu\/_eng\/wp-content\/gallery\/pressklipp-2016-2020\/ILM-170617.jpg\"><p class=\"wp-caption-text\">Photo &amp; \u00a9 GP, Thomas Johansson<\/p><\/div>\n<p><strong>G\u00f6teborgs-Posten 170617<\/strong><\/p>\n<p>By: SOFIA ANDERSSON<\/p>\n<p><strong>Concert Reviews. The highlights are so many that they don&#8217;t fit in a text when Peter J\u00f6back, Helen Sj\u00f6holm and Tommy K\u00f6rberg put on a show in a crowded Ullevi.<\/strong><\/p>\n<p><strong>I love musicals<\/strong><br \/>\nPeter J\u00f6back with guests<br \/>\nUllevi, Friday<br \/>\n<strong>Best:<\/strong> There are many best-moments. I choose Du m\u00e5ste finnas.<br \/>\n<strong>Worst:<\/strong> The first three quarters are restrained.<br \/>\n<strong>Audience:<\/strong> 26 742 and sold out.<\/p>\n<p>I Love Musicals is Peter J\u00f6back&#8217;s declaration of love for the genre, which not seldom is looked down upon. This evening the world&#8217;s largest &#8220;AA meeting for musical lovers&#8221; is held. There is no shame here. We participate in a real-life escape lined with strong colors, glitter and confetti.<\/p>\n<p>The genre has saved him. During a dysfunctional upbringing, Judy Garland and Fred Astaire acted as &#8220;babysitters&#8221; from the television screen. The knowledge gives the show an extra dimension. The glow behind the words is bright.<\/p>\n<p>The atmosphere is at first restrained. We sit in neat lines with our hands crossed, like at the cinema, waiting to be entertained. It first sparkles in Hair. The&nbsp; 60&#8217;s hippie movement takes over the stage while my neighbours scream along in the lines of Aquarius, by a fantastic Helen Sj\u00f6holm, and Let the sunshine in. The space on stage is made the most of. Then the routined Tommy K\u00f6rberg follows up with the crowd pleaser in Chess&#8217;s Anthem.<\/p>\n<p>It becomes clear that the performance is best when we get to stay in a musical for a few songs. We find our way back to the story and the feeling in it. No matter how professional it is, it cannot be ignored that the dramaturgy is damaged when we only get to eat the raisins in the cake. The contrasts, where the ugly reinforces the beauty, disappears.<\/p>\n<p>The 40-member orchestra Stockholm Sinfonietta and the soloists are world class. The evening is at the same time liberatingly unpretentious. The trio tells anecdotes and treat us to themselves. When Andrew Lloyd Webber was 19 years old, he had made a career, when Helen Sj\u00f6holm was 19, she drank her wallet away on the ferry to Turku.<\/p>\n<p>The highlights are so many that they don&#8217;t fit in this text. I laugh heartily at Scarlett Strallen&#8217;s collapse in the over-the-top number from Candide. Favorite moments are also Peter J\u00f6back&#8217;s explosion in powerful Gethsemane from Jesus Christ Superstar or when the crowd lifts Bortom sol och m\u00e5ne, with thousands of mobile lights in the air. Tam Mutu&#8217;s version of Music of the Night is also something extra. Groovy crescendos matches shimmering Broadway smiles.<\/p>\n<p>But what hits the most is Helen Sj\u00f6holm&#8217;s focus in the stripped down version of Du m\u00e5ste finnas from Kristina fr\u00e5n Duvem\u00e5la, in which she and Peter J\u00f6back got their big breakthrough. In a red dress against black and white, she takes full control of the arena. She radiates everything that&#8217;s good.<\/p>\n<p>The 12-step program ends with a confetti rain. We are lifted into the real reality with the lines &#8220;climb every mountain,&#8221; till you find your dream &#8220;.<\/p>\n<p><a href=\"https:\/\/helensjoholm.nu\/_eng\/press-clips\/reviews-2017\/\">Back<\/a><\/p>\n","protected":false},"excerpt":{"rendered":"<p>G\u00f6teborgs-Posten 170617 By: SOFIA ANDERSSON Concert Reviews. The highlights are so many that they don&#8217;t fit in a text when Peter J\u00f6back, Helen Sj\u00f6holm and <a class=\"more-link\" href=\"https:\/\/helensjoholm.nu\/_eng\/press-clips\/reviews-2017\/12-step-program-and-confetti-rain-at-ullevi\/\">Read More &#8230;<\/a><\/p>\n","protected":false},"author":1,"featured_media":0,"parent":7277,"menu_order":0,"comment_status":"closed","ping_status":"closed","template":"","meta":{"ngg_post_thumbnail":0,"footnotes":""},"class_list":["post-7271","page","type-page","status-publish","hentry"],"aioseo_notices":[],"_links":{"self":[{"href":"https:\/\/helensjoholm.nu\/_eng\/wp-json\/wp\/v2\/pages\/7271","targetHints":{"allow":["GET"]}}],"collection":[{"href":"https:\/\/helensjoholm.nu\/_eng\/wp-json\/wp\/v2\/pages"}],"about":[{"href":"https:\/\/helensjoholm.nu\/_eng\/wp-json\/wp\/v2\/types\/page"}],"author":[{"embeddable":true,"href":"https:\/\/helensjoholm.nu\/_eng\/wp-json\/wp\/v2\/users\/1"}],"replies":[{"embeddable":true,"href":"https:\/\/helensjoholm.nu\/_eng\/wp-json\/wp\/v2\/comments?post=7271"}],"version-history":[{"count":0,"href":"https:\/\/helensjoholm.nu\/_eng\/wp-json\/wp\/v2\/pages\/7271\/revisions"}],"up":[{"embeddable":true,"href":"https:\/\/helensjoholm.nu\/_eng\/wp-json\/wp\/v2\/pages\/7277"}],"wp:attachment":[{"href":"https:\/\/helensjoholm.nu\/_eng\/wp-json\/wp\/v2\/media?parent=7271"}],"curies":[{"name":"wp","href":"https:\/\/api.w.org\/{rel}","templated":true}]}}