{"id":6052,"date":"2015-07-19T10:30:37","date_gmt":"2015-07-19T08:30:37","guid":{"rendered":"http:\/\/helensjoholm.nu\/_eng\/?page_id=6052"},"modified":"2022-03-15T15:52:36","modified_gmt":"2022-03-15T13:52:36","slug":"helen-sjoholm-dreams-of-her-childhood-summers-at-alno","status":"publish","type":"page","link":"https:\/\/helensjoholm.nu\/_eng\/press-clips\/various-2015\/helen-sjoholm-dreams-of-her-childhood-summers-at-alno\/","title":{"rendered":"Helen Sj\u00f6holm dreams of her childhood summers at Aln\u00f6"},"content":{"rendered":"<p><strong>Hemmets Journal 150624<\/strong><br \/>\nBy: PETTER KARLSSON<\/p>\n<p>Every summer Helen stocked up on Marie&nbsp;biscuits and meatballs along with her friend Maggan. But they never went further than a kilometer away. To this day Helen Sj\u00f6holm refuses to separate from her yellow-painted, northern childhood idyll.<\/p>\n<p>The summer only needs two seconds to make her surrender in the grass. Then Helen Sj\u00f6holm has first driven north for six hours, including pee breaks for three kids.<br \/>\n&#8211; Then&nbsp;I open the car door and everything comes towards me at once. The scents of fir-tree and sea. Memories of the card game \u201cPlump\u201d and the trips to the beach on my dad\u2019s flatbed truck. Or the cosiness in&nbsp;front of the TV with my grandmother, when everyone else had gone to bed. She took a drink and I got to taste from the candy bowl. Then we watched \u201cThe Secret Army\u201d or any of those other adult series, that you otherwise would not get to watch. Fantastic!<\/p>\n<p>For there are places where Sweden\u2019s best voice wants to burst into song, whether the audience consists only of gull and wild mink.<br \/>\nAln\u00f6 outside Sundsvall is Helen Sj\u00f6holm\u2019s sea wet childhood dream. Here she spent all her summer vacations. Here she longs as soon as spring is coming in the mountains.<br \/>\n&#8211; Norrland\u2019s Hawaii. My grandparents bought the land in the 1950s. There is a yellow wooden house&nbsp;and a lot of small houses and sheds. The Finland ferries glide close by. In the forest you can pick gallons of lingonberries and blueberries.<\/p>\n<p>Aln\u00f6 was also her first real stage.<br \/>\n&#8211; My friend Maggan and I sang Abba. We did the same&nbsp;practiced moves&nbsp;to every single song. Except when Maggan tap-danced on the well lid of sheet metal. Then we did sketches and Elsa Beskow verses in floral costumes. The strawberry hats Maggan\u2019s mother had sewn. The younger children got to be monkeys in some jungle gym and we played circus.<\/p>\n<p>Maggan is a close friend even today. Helen Sj\u00f6holm says that the summers brought them together. Especially when they ran away.<\/p>\n<p><strong>Slept in the car<\/strong><br \/>\n&#8211; It happened every year. For two days we stocked Marie biscuits and frozen meatballs. Then we took off in the afternoon and expected everyone to come looking for us in the evening. It always ended with that we slept overnight&nbsp;in my father\u2019s car. He had deliberately left it unlocked.<\/p>\n<p>The summer\u2019s most important vehicle was otherwise dad\u2019s truck that had got vacation from the sheet metal workshop.<br \/>\n&#8211; All the kids were loaded on the flatbed truck. Then we went to Tranviken which had a heated pool. Sometimes I biked there with my mom and a basket with boiled eggs, caviar and lukewarm lemonade in a syrup bottle. Sometimes I got a Piggelin \u2013 that\u2019s also summer for me. The big cone was considered luxurious and was not to think about. That only occurred at the swimming school\u2019s finale.<\/p>\n<p>Tranviken also had good-looking lifeguards. Helen noticed that&nbsp;when she became a teenager.<br \/>\n&#8211; I tried to impress them by taking various swimming badges. It went so-so&#8230;<\/p>\n<p>Soon, bike and truck had to give way to her own car. Not least because&nbsp;the tinsmiths\u2019 and&nbsp;elementary school teacher\u2019s daughter in the summers should be able to drive the 100 Swedish miles from work in Sk\u00e5ne.<br \/>\n&#8211; A Ford Fiesta. Lousy buy, according to my dad. \u201cWhy didn\u2019t you ask me before?!\u201d He was right. It was nearly shaking apart during that long journey.<br \/>\n\u201dI believe, I believe in the summer,\u201d the night the radio sang as she drove north. Once back at Aln\u00f6 again the accordion music took&nbsp;over.<br \/>\n&#8211; At that time Calle Jularbo was always played, it feels like now. I used to sit on the balcony and listen to the music that poured out from my grandmother\u2019s cottage.<\/p>\n<p><strong>Became interested<\/strong><br \/>\nAt the same time her interest in music awakened, not least the Swedish ballad juwels.<br \/>\n&#8211; From age 19 I worked at the song festival at Skuleberget. One of those places that just exist in the summer and becomes magical.<\/p>\n<p>Helen Sj\u00f6holm has acquired several such places with time. N\u00f6sund in Bohusl\u00e4n, for example, which is one of the stops on this year\u2019s summer tour with Jojje Wadenius and Martin \u00d6stergren.<br \/>\n&#8211; I\u2019m already looking forward to the seafood dish in the evening. Yum!<\/p>\n<p>And yet&#8230;<\/p>\n<p>If she had just&nbsp;one day left in life, it would be spent on Aln\u00f6, she says. Sit there on the beach together with loved ones. Grill good food. Eat strawberries. Drink ros\u00e9. Be up late and watch the sun just bounce behind the horizon.<br \/>\nFor the Garden of Eden is located in the region of the Arctic Circle &#8211; and for a mother of three with a full schedule it\u2019s worth gold these days.<br \/>\n&#8211; The High Coast is so unearthly beautiful. Also I love to drive in the bright summer night. Or maybe even more preferably sit in the passenger seat and bounce my head against the window&#8230;<\/p>\n<p>Yes, Helen Sj\u00f6holm can imagine herself sitting there in the yellow house in her late summer\u2019s old age. With sunburned grandchildren, drink and candy bowl. Perhaps even with a Piggelin in her fist and a little accordion music in her ear.<br \/>\n&#8211; Something tells me that this is where I end up at last&#8230;<\/p>\n<hr>\n<p><strong>MORE FACTS<br \/>\n<strong>Personal<\/strong><\/strong><\/p>\n<p><strong>Name:<\/strong> Marie Helen Sj\u00f6holm Granditsky.<br \/>\n<strong>Born: <\/strong>July 10, 1970 in Sundsvall.<br \/>\n<strong>Family: <\/strong>Husband David, 48, sound engineer. Son Ruben, 7 years. Twins Samuel and Johanna, 3 years.<br \/>\n<strong>Lives:<\/strong> Villa with&nbsp;seashore in Nacka, outside Stockholm.<br \/>\n<strong>Current: <\/strong>With the tour Music in the summer evening, June 26 to July 5, and I Love Musicals with Peter J\u00f6back September 25 to October 24.<\/p>\n<hr>\n<p><strong>5 quick questions<\/strong><br \/>\n<strong>Favorite food: <\/strong>Grilling is so delightfully easy And strawberries afterwards, please.<br \/>\n<strong>Favorite drink: <\/strong>Ros\u00e9 wine. I\u2019m not much for snaps, but can have a beer sometimes with my husband.<br \/>\n<strong>Favourite song:<\/strong> Nothing beats \u201cDen blomstertid nu kommer\u201d. I become very touched and close to tears, especially when my son sings it at school breakup. It containes the essence of summer, all expectations and that strong feeling of liberation.<br \/>\n<strong>Favorite activity:<\/strong> Driving through the summer night along the High Coast.<br \/>\n<strong>Favorite ice cream: <\/strong>GB sandwich until I got gluten intolerant the other year. Therefore I&nbsp;hereby urge GB to create a gluten-free one!<br \/>\n<strong>Favorite spot<\/strong><strong>: <\/strong>Aln\u00f6 outside Sundsvall.<\/p>\n<p><a href=\"https:\/\/helensjoholm.nu\/_eng\/press-clips\/various-2015\/\">Back<\/a><\/p>\n","protected":false},"excerpt":{"rendered":"<p>Hemmets Journal 150624 By: PETTER KARLSSON Every summer Helen stocked up on Marie&nbsp;biscuits and meatballs along with her friend Maggan. But they never went further <a class=\"more-link\" href=\"https:\/\/helensjoholm.nu\/_eng\/press-clips\/various-2015\/helen-sjoholm-dreams-of-her-childhood-summers-at-alno\/\">Read More &#8230;<\/a><\/p>\n","protected":false},"author":1,"featured_media":0,"parent":5872,"menu_order":0,"comment_status":"closed","ping_status":"closed","template":"","meta":{"ngg_post_thumbnail":0,"footnotes":""},"class_list":["post-6052","page","type-page","status-publish","hentry"],"aioseo_notices":[],"_links":{"self":[{"href":"https:\/\/helensjoholm.nu\/_eng\/wp-json\/wp\/v2\/pages\/6052","targetHints":{"allow":["GET"]}}],"collection":[{"href":"https:\/\/helensjoholm.nu\/_eng\/wp-json\/wp\/v2\/pages"}],"about":[{"href":"https:\/\/helensjoholm.nu\/_eng\/wp-json\/wp\/v2\/types\/page"}],"author":[{"embeddable":true,"href":"https:\/\/helensjoholm.nu\/_eng\/wp-json\/wp\/v2\/users\/1"}],"replies":[{"embeddable":true,"href":"https:\/\/helensjoholm.nu\/_eng\/wp-json\/wp\/v2\/comments?post=6052"}],"version-history":[{"count":0,"href":"https:\/\/helensjoholm.nu\/_eng\/wp-json\/wp\/v2\/pages\/6052\/revisions"}],"up":[{"embeddable":true,"href":"https:\/\/helensjoholm.nu\/_eng\/wp-json\/wp\/v2\/pages\/5872"}],"wp:attachment":[{"href":"https:\/\/helensjoholm.nu\/_eng\/wp-json\/wp\/v2\/media?parent=6052"}],"curies":[{"name":"wp","href":"https:\/\/api.w.org\/{rel}","templated":true}]}}