{"id":5863,"date":"2015-04-04T18:19:06","date_gmt":"2015-04-04T16:19:06","guid":{"rendered":"http:\/\/helensjoholm.nu\/_eng\/?page_id=5863"},"modified":"2015-12-26T17:33:08","modified_gmt":"2015-12-26T15:33:08","slug":"interviews-2015","status":"publish","type":"page","link":"https:\/\/helensjoholm.nu\/_eng\/press-clips\/interviews-2015\/","title":{"rendered":"Interviews 2015"},"content":{"rendered":"<p>&nbsp;<\/p>\n<table border=\"1\" cellspacing=\"3\" cellpadding=\"3\">\n<tbody>\n<tr valign=\"top\">\n<td width=\"130\"><strong>150816 <\/strong><\/td>\n<td width=\"517\"><a href=\"https:\/\/helensjoholm.nu\/_eng\/singing-is-my-therapy\/\">Dagens Nyheter &#8211; &#8220;Singing is my therapy&#8221;<\/a><\/td>\n<\/tr>\n<tr valign=\"top\">\n<td width=\"130\"><strong>150706 <\/strong><\/td>\n<td width=\"517\"><a href=\"https:\/\/helensjoholm.nu\/_eng\/beautifully-singing-sjoholm-celebrates-twenty-years-on-stage\/\">Ica-kuriren &#8211; Beautifully singing Sj\u00f6holm celebrates twenty years on stage<\/a><\/td>\n<\/tr>\n<tr valign=\"top\">\n<td width=\"130\"><strong>150625\u00a0<\/strong><\/td>\n<td width=\"517\"><a href=\"https:\/\/helensjoholm.nu\/_eng\/ive-been-so-damn-lucky\/\">Barometern &#8211; \u201cI\u2019ve been so damn lucky\u201d<\/a><\/td>\n<\/tr>\n<tr valign=\"top\">\n<td width=\"130\"><strong>150625\u00a0<\/strong><\/td>\n<td width=\"517\"><a href=\"https:\/\/helensjoholm.nu\/_eng\/a-lot-of-skane-for-helen-sjoholm\/\">Sk\u00e5nska Dagbladet &#8211; A lot of Sk\u00e5ne for Helen Sj\u00f6holm<\/a><\/td>\n<\/tr>\n<tr valign=\"top\">\n<td width=\"130\"><strong>150218<\/strong><\/td>\n<td width=\"517\"><a title=\"The voice was awakened in the workshop\" href=\"https:\/\/helensjoholm.nu\/_eng\/the-voice-was-awakened\/\">Dagens Arbete &#8211; The voice was awakened in the workshop<\/a><\/td>\n<\/tr>\n<\/tbody>\n<\/table>\n<hr \/>\n<p><a title=\"Press clips\" href=\"https:\/\/helensjoholm.nu\/_eng\/press-clips\/\">Back<\/a><\/p>\n","protected":false},"excerpt":{"rendered":"<p>&nbsp; 150816 Dagens Nyheter &#8211; &#8220;Singing is my therapy&#8221; 150706 Ica-kuriren &#8211; Beautifully singing Sj\u00f6holm celebrates twenty years on stage 150625\u00a0 Barometern &#8211; \u201cI\u2019ve been <a class=\"more-link\" href=\"https:\/\/helensjoholm.nu\/_eng\/press-clips\/interviews-2015\/\">Read More &#8230;<\/a><\/p>\n","protected":false},"author":1,"featured_media":0,"parent":152,"menu_order":0,"comment_status":"closed","ping_status":"open","template":"","meta":{"ngg_post_thumbnail":0,"footnotes":""},"class_list":["post-5863","page","type-page","status-publish","hentry"],"aioseo_notices":[],"_links":{"self":[{"href":"https:\/\/helensjoholm.nu\/_eng\/wp-json\/wp\/v2\/pages\/5863","targetHints":{"allow":["GET"]}}],"collection":[{"href":"https:\/\/helensjoholm.nu\/_eng\/wp-json\/wp\/v2\/pages"}],"about":[{"href":"https:\/\/helensjoholm.nu\/_eng\/wp-json\/wp\/v2\/types\/page"}],"author":[{"embeddable":true,"href":"https:\/\/helensjoholm.nu\/_eng\/wp-json\/wp\/v2\/users\/1"}],"replies":[{"embeddable":true,"href":"https:\/\/helensjoholm.nu\/_eng\/wp-json\/wp\/v2\/comments?post=5863"}],"version-history":[{"count":0,"href":"https:\/\/helensjoholm.nu\/_eng\/wp-json\/wp\/v2\/pages\/5863\/revisions"}],"up":[{"embeddable":true,"href":"https:\/\/helensjoholm.nu\/_eng\/wp-json\/wp\/v2\/pages\/152"}],"wp:attachment":[{"href":"https:\/\/helensjoholm.nu\/_eng\/wp-json\/wp\/v2\/media?parent=5863"}],"curies":[{"name":"wp","href":"https:\/\/api.w.org\/{rel}","templated":true}]}}