{"id":5366,"date":"2014-04-27T11:39:06","date_gmt":"2014-04-27T09:39:06","guid":{"rendered":"http:\/\/helensjoholm.nu\/_eng\/?page_id=5366"},"modified":"2022-03-15T15:28:37","modified_gmt":"2022-03-15T13:28:37","slug":"gardell-gave-me-to-mark","status":"publish","type":"page","link":"https:\/\/helensjoholm.nu\/_eng\/press-clips\/interviews-2014\/gardell-gave-me-to-mark\/","title":{"rendered":"\u201cGardell gave me to Mark\u201d"},"content":{"rendered":"<p><strong>Aftonbladet 140426<\/strong><\/p>\n<p><a href=\"http:\/\/www.aftonbladet.se\/nojesbladet\/article18780359.ab\">&#8220;Gardell gave me to Mark&#8221;<\/a><\/p>\n<p>The article by Jens Peterson says that Helen Sj\u00f6holm and Peter J\u00f6back, for the first time since their breakthroughs in &#8220;Kristina fr\u00e5n Duvem\u00e5la&#8221; 20 years ago, will play against each other in a musical. They will be siblings in &#8220;Life is a hit song&#8221;. For Helen Sj\u00f6holm it started by being Jonas&#8217; wedding present to Mark, when she sang &#8220;Som skapta f\u00f6r varann&#8221;, which she back in 2011 didn&#8217;t know was part of a musical.<\/p>\n<p>Helen says she liked the movie, from 2000 with Helena Bergstr\u00f6m and Jonas Karlsson, very much, and that Helena&#8217;s role performance and the movie made a strong impression. Jonas Gardell wrote the screenplay, and it&#8217;s about Mona who loves the Eurovision Song Contest and submits a song, without telling that she has taken it from a man whom she works as an assistant to.<\/p>\n<p>Peter J\u00f6back says he is happy about the arc of his character, Mona&#8217;s transgender brother Candy Darling, and that it&#8217;s important that they do it right and with respect for those who live that way. He says it&#8217;s partly his story but also very far and that it&#8217;s exciting to explore the feminine side. In the movie Candy dies from AIDS, but the stage version is different and Candy has a another story.<\/p>\n<p>Helen Sj\u00f6holm, who has played burdened women in &#8220;Kristina fr\u00e5n Duvem\u00e5la&#8221;, &#8220;As it is in Heaven&#8221; and &#8220;Simon and the Oaks&#8221;, says it&#8217;s tempting to play a new kind of girl.<br \/>\n&#8211; One\u2019s been feeling so incredibly sorry for me all the time. Mona takes hold of her situation, she&#8217;s not one to feel sorry for.<br \/>\nHelen remembers from when she was a child how everyone watched the Eurovision Song Contest, and the following week they stood miming to the songs at Funny hour [in school], and praises Eurovision singers like Kikki Danielsson and Lena Ph.<br \/>\nShe has been asked to participate a few times, but has declined, saying she wouldn&#8217;t do a good job since it doesn&#8217;t fit her at all.<br \/>\nPeter J\u00f6back says, &#8211; You respond so well to why you\u2019re not in it &#8211; &#8220;I&#8217;m not a sprinter&#8221;. I think of that when I relapse and participate. We want to tell a story, that can\u2019t be done in three minutes.<\/p>\n<p>Peter also says that when he first got to hear two of the songs for &#8220;Life is a hit song&#8221;, it was so good that he cried, and that Fredrik Kempe and Gardell are a match made in heaven.<\/p>\n<p><em>Due to copyright reasons the interview cannot be translated as a whole and is therefor summarized. The link to the original article is at the start of this page.<\/em><\/p>\n<p><a href=\"https:\/\/helensjoholm.nu\/_eng\/interviews-2014\/\">Back<\/a><\/p>\n","protected":false},"excerpt":{"rendered":"<p>Aftonbladet 140426 &#8220;Gardell gave me to Mark&#8221; The article by Jens Peterson says that Helen Sj\u00f6holm and Peter J\u00f6back, for the first time since their <a class=\"more-link\" href=\"https:\/\/helensjoholm.nu\/_eng\/press-clips\/interviews-2014\/gardell-gave-me-to-mark\/\">Read More &#8230;<\/a><\/p>\n","protected":false},"author":1,"featured_media":0,"parent":5121,"menu_order":0,"comment_status":"closed","ping_status":"closed","template":"","meta":{"ngg_post_thumbnail":0,"footnotes":""},"class_list":["post-5366","page","type-page","status-publish","hentry"],"aioseo_notices":[],"_links":{"self":[{"href":"https:\/\/helensjoholm.nu\/_eng\/wp-json\/wp\/v2\/pages\/5366","targetHints":{"allow":["GET"]}}],"collection":[{"href":"https:\/\/helensjoholm.nu\/_eng\/wp-json\/wp\/v2\/pages"}],"about":[{"href":"https:\/\/helensjoholm.nu\/_eng\/wp-json\/wp\/v2\/types\/page"}],"author":[{"embeddable":true,"href":"https:\/\/helensjoholm.nu\/_eng\/wp-json\/wp\/v2\/users\/1"}],"replies":[{"embeddable":true,"href":"https:\/\/helensjoholm.nu\/_eng\/wp-json\/wp\/v2\/comments?post=5366"}],"version-history":[{"count":0,"href":"https:\/\/helensjoholm.nu\/_eng\/wp-json\/wp\/v2\/pages\/5366\/revisions"}],"up":[{"embeddable":true,"href":"https:\/\/helensjoholm.nu\/_eng\/wp-json\/wp\/v2\/pages\/5121"}],"wp:attachment":[{"href":"https:\/\/helensjoholm.nu\/_eng\/wp-json\/wp\/v2\/media?parent=5366"}],"curies":[{"name":"wp","href":"https:\/\/api.w.org\/{rel}","templated":true}]}}