{"id":5160,"date":"2014-02-20T13:10:14","date_gmt":"2014-02-20T11:10:14","guid":{"rendered":"http:\/\/helensjoholm.nu\/_eng\/?page_id=5160"},"modified":"2022-03-15T15:38:47","modified_gmt":"2022-03-15T13:38:47","slug":"exuberant-joy","status":"publish","type":"page","link":"https:\/\/helensjoholm.nu\/_eng\/press-clips\/reviews-2014\/exuberant-joy\/","title":{"rendered":"Exuberant joy"},"content":{"rendered":"<p><strong>V\u00e4sterbottens-Kuriren 140215<\/strong><\/p>\n<p>By: CARL AHLSTR\u00d6M<\/p>\n<p><strong>MUSIC<\/strong><br \/>\n<strong>Helen Sj\u00f6holm<\/strong><br \/>\n<strong>Location: Idun, Folkets Hus<\/strong><br \/>\n<strong>Audience: Sold out<\/strong><br \/>\n<strong>Best: The versatility and the voice<\/strong><br \/>\n<strong>Worst: Occasionally the sound<\/strong><\/p>\n<p>With a surprising musical width Helen Sj\u00f6holm delivers a brilliant&nbsp;concert at a sold out Idun Theatre. The singer, who might usually be associated with musicals and&nbsp;the Swedish charts top hit &#8220;Du \u00e4r min man&#8221;, on Friday evening shows how many genres that can be accommodated in an amazing voice. Sj\u00f6holm possess that unique ability to&nbsp;tackle a sprawling and varied repertoire and shape it into a music sculpture characterized by personality and joy. Together with some of her well-known armour-bearers, like Jojje Wadenius on guitar and Martin \u00d6stergren on piano, she moves&nbsp;through everything from Laleh to Cat Stevens.<\/p>\n<p>It&#8217;s a cheerful and spirited Sj\u00f6holm who enters the Idun stage on Friday evening. She&#8217;s bursting with energy both in voice and body. In the small talk between songs&nbsp;she doesn&#8217;t hold back. Probably it&#8217;s the acting Helen who pops up now and then and delivers anecdotes with a lot of (though a bit rehearsed) charm. There&#8217;s plenty of humor and self-distance.<\/p>\n<p>The evening&#8217;s highlight, however, is the voice. Sj\u00f6holm&#8217;s mighty voice withstands the whole concert, through high and low. With great accuracy she does nice interpretations of Laleh&#8217;s &#8220;V\u00e5rens f\u00f6rsta dag&#8221;, Costello and McCartney&#8217;s Veronica, Gotye&#8217;s Somebody That I Used To Know and so on. It&#8217;s extremely elegant and in every new song she shows her versatile vocal power.<\/p>\n<p>Some instrumental pieces are also given space in the program.&nbsp;Jojje Wadenius impresses with his song &#8220;K\u00e4rleksmorgon&#8221; and on piano \u00d6stergren shines with his piece from the musical Peter Pan.<\/p>\n<p>Close to the end of the concert we get to hear what we all were&nbsp;waiting for. Hardly a tone was taken on &#8220;Du m\u00e5ste finnas&#8221; before the Idun Theatre vibrates with applause. With due right. The classic song&nbsp;is a dramatic love story that is told with an emotive voice. With &#8220;Du \u00e4r min man&#8221; this Valentine Day Concert ends&nbsp;in its perhaps involuntary love theme, and Sj\u00f6holm leaves us with&nbsp;a warming, nicely sounding&nbsp;feeling in our body.<\/p>\n<p><a href=\"https:\/\/helensjoholm.nu\/_eng\/reviews-2014\/\">Back<\/a><\/p>\n","protected":false},"excerpt":{"rendered":"<p>V\u00e4sterbottens-Kuriren 140215 By: CARL AHLSTR\u00d6M MUSIC Helen Sj\u00f6holm Location: Idun, Folkets Hus Audience: Sold out Best: The versatility and the voice Worst: Occasionally the sound <a class=\"more-link\" href=\"https:\/\/helensjoholm.nu\/_eng\/press-clips\/reviews-2014\/exuberant-joy\/\">Read More &#8230;<\/a><\/p>\n","protected":false},"author":1,"featured_media":0,"parent":5119,"menu_order":0,"comment_status":"closed","ping_status":"closed","template":"","meta":{"ngg_post_thumbnail":0,"footnotes":""},"class_list":["post-5160","page","type-page","status-publish","hentry"],"aioseo_notices":[],"_links":{"self":[{"href":"https:\/\/helensjoholm.nu\/_eng\/wp-json\/wp\/v2\/pages\/5160","targetHints":{"allow":["GET"]}}],"collection":[{"href":"https:\/\/helensjoholm.nu\/_eng\/wp-json\/wp\/v2\/pages"}],"about":[{"href":"https:\/\/helensjoholm.nu\/_eng\/wp-json\/wp\/v2\/types\/page"}],"author":[{"embeddable":true,"href":"https:\/\/helensjoholm.nu\/_eng\/wp-json\/wp\/v2\/users\/1"}],"replies":[{"embeddable":true,"href":"https:\/\/helensjoholm.nu\/_eng\/wp-json\/wp\/v2\/comments?post=5160"}],"version-history":[{"count":0,"href":"https:\/\/helensjoholm.nu\/_eng\/wp-json\/wp\/v2\/pages\/5160\/revisions"}],"up":[{"embeddable":true,"href":"https:\/\/helensjoholm.nu\/_eng\/wp-json\/wp\/v2\/pages\/5119"}],"wp:attachment":[{"href":"https:\/\/helensjoholm.nu\/_eng\/wp-json\/wp\/v2\/media?parent=5160"}],"curies":[{"name":"wp","href":"https:\/\/api.w.org\/{rel}","templated":true}]}}