{"id":4634,"date":"2013-09-15T15:16:43","date_gmt":"2013-09-15T13:16:43","guid":{"rendered":"http:\/\/helensjoholm.nu\/_eng\/?page_id=4634"},"modified":"2022-06-26T06:53:27","modified_gmt":"2022-06-26T04:53:27","slug":"all-strid-om-himlen","status":"publish","type":"page","link":"https:\/\/helensjoholm.nu\/_eng\/2011-2015\/aniara\/all-strid-om-himlen\/","title":{"rendered":"All strid om himlen"},"content":{"rendered":"<p>All strid om himlen \u00e4r en strid om gl\u00e4dje<br \/>\nOch alla hj\u00e4rtans m\u00e5l \u00e4r paradiset<br \/>\nHur illa d\u00e5 om skumma makter leda<br \/>\nOch samla sj\u00e4lviska i hat<br \/>\nF\u00f6rm\u00f6rkande dess bana<br \/>\nMed h\u00e4mnden som f\u00f6rsvar<br \/>\nMed skadegl\u00e4djens fana<br \/>\nHur sv\u00e5rt att ena tron<br \/>\nMed livets dar<br \/>\n[dialog]<br \/>\nHur sv\u00e5rt att st\u00e5 vid altare och m\u00e4ssa<br \/>\nAnropande en gud om vilkens lagar<br \/>\nVi inget annat vet \u00e4n att han lider<br \/>\nAv allt som ej \u00e4r till behag<br \/>\nAllt offerblod som runnit<br \/>\nJag undrar varf\u00f6r har<br \/>\nEj b\u00f6dlarna f\u00f6rsvunnit<br \/>\nHur sv\u00e5rt att ena tron<br \/>\nMed livets dar<\/p>\n<p><a title=\"Aniara\" href=\"https:\/\/helensjoholm.nu\/_eng\/2011-and-forward-2\/aniara\/\">Back<\/a><\/p>\n","protected":false},"excerpt":{"rendered":"<p>All strid om himlen \u00e4r en strid om gl\u00e4dje Och alla hj\u00e4rtans m\u00e5l \u00e4r paradiset Hur illa d\u00e5 om skumma makter leda Och samla sj\u00e4lviska <a class=\"more-link\" href=\"https:\/\/helensjoholm.nu\/_eng\/2011-2015\/aniara\/all-strid-om-himlen\/\">Read More &#8230;<\/a><\/p>\n","protected":false},"author":1,"featured_media":0,"parent":2128,"menu_order":0,"comment_status":"closed","ping_status":"closed","template":"","meta":{"ngg_post_thumbnail":0,"footnotes":""},"class_list":["post-4634","page","type-page","status-publish","hentry"],"aioseo_notices":[],"_links":{"self":[{"href":"https:\/\/helensjoholm.nu\/_eng\/wp-json\/wp\/v2\/pages\/4634","targetHints":{"allow":["GET"]}}],"collection":[{"href":"https:\/\/helensjoholm.nu\/_eng\/wp-json\/wp\/v2\/pages"}],"about":[{"href":"https:\/\/helensjoholm.nu\/_eng\/wp-json\/wp\/v2\/types\/page"}],"author":[{"embeddable":true,"href":"https:\/\/helensjoholm.nu\/_eng\/wp-json\/wp\/v2\/users\/1"}],"replies":[{"embeddable":true,"href":"https:\/\/helensjoholm.nu\/_eng\/wp-json\/wp\/v2\/comments?post=4634"}],"version-history":[{"count":0,"href":"https:\/\/helensjoholm.nu\/_eng\/wp-json\/wp\/v2\/pages\/4634\/revisions"}],"up":[{"embeddable":true,"href":"https:\/\/helensjoholm.nu\/_eng\/wp-json\/wp\/v2\/pages\/2128"}],"wp:attachment":[{"href":"https:\/\/helensjoholm.nu\/_eng\/wp-json\/wp\/v2\/media?parent=4634"}],"curies":[{"name":"wp","href":"https:\/\/api.w.org\/{rel}","templated":true}]}}