{"id":4587,"date":"2013-08-31T06:58:35","date_gmt":"2013-08-31T04:58:35","guid":{"rendered":"http:\/\/helensjoholm.nu\/_eng\/?page_id=4587"},"modified":"2022-06-26T06:53:00","modified_gmt":"2022-06-26T04:53:00","slug":"sa-vande-vinden","status":"publish","type":"page","link":"https:\/\/helensjoholm.nu\/_eng\/2011-2015\/aniara\/sa-vande-vinden\/","title":{"rendered":"S\u00e5 v\u00e4nde vinden"},"content":{"rendered":"<p>Den l\u00e5nga v\u00e4g jag h\u00e4r har f\u00e4rdats<br \/>\nHar samma nattens f\u00e4rg som v\u00e4gen jag gick i Rind<br \/>\nM\u00f6rk som f\u00f6rut, som alltid<br \/>\nMen m\u00f6rkret kallnade<br \/>\nAllt dr\u00e4gligt m\u00f6rker \u00f6vergav mig<br \/>\nOch mot min tinning, och mot mitt br\u00f6st<br \/>\nDet kalla m\u00f6rkret kom<br \/>\nJag begynte frysa<br \/>\nDet var om h\u00f6sten<\/p>\n<p>Och n\u00e5gon sa att skuggan under tr\u00e4den<br \/>\nAllt mer och mer som frosten kom blev vit<br \/>\nSom om dess gr\u00f6na gr\u00e4s var sommarns h\u00e5r<br \/>\nSom hastigt \u00e5ldrades och fr\u00f6s till is<br \/>\nOch jag stod tyst och frusen d\u00e4r i m\u00f6rkret<br \/>\nOch h\u00f6rde bara allt jag hade\/som var mig k\u00e4rt<br \/>\nF\u00f6rsvinna i en m\u00f6rk och isig vind<br \/>\nOch sommarn l\u00e5g snart d\u00f6d i landet Rind<br \/>\nS\u00e5 v\u00e4nde vinden om<br \/>\nDen svarta hettan kom<\/p>\n<p>Sen f\u00f6ll jag rakt i armarna p\u00e5 n\u00e5gon<br \/>\nP\u00e5 n\u00e5gon som kom springande och skrek<br \/>\nJag visste inte vem i detta m\u00f6rker<br \/>\nSom f\u00e5ngat mig n\u00e4r b\u00e5da benen svek<br \/>\nOm detta var en dj\u00e4vul eller m\u00e4nska<br \/>\nTy d\u00e5net \u00f6kande till en orkan<br \/>\nOch den som h\u00f6ll mig ropade allt h\u00f6gre<br \/>\nSkydda \u00f6gonen, det kommer snart<br \/>\nS\u00e5 v\u00e4nde vinden om<br \/>\nDen svarta hettan kom<\/p>\n<p>D\u00e5 gjorde jag min r\u00f6st d\u00e5 g\u00e4ll jag kunde<br \/>\nOch skrek tillbaks till honom Jag \u00e4r blind<br \/>\nOch d\u00e4rf\u00f6r skyddad jag har aldrig sett<br \/>\nMen alltid bara k\u00e4nt p\u00e5 landet Rind<br \/>\nD\u00e5 sl\u00e4ppte mannen mig och sprang f\u00f6r livet<br \/>\nJag vet ej vart i nattens heta d\u00e5n<br \/>\nSom pl\u00f6tsligt bara kunde \u00f6verr\u00f6stas<br \/>\nAv fruktansv\u00e4rda \u00e5skor fj\u00e4rran fr\u00e5n<br \/>\nS\u00e5 v\u00e4nde vinden om<br \/>\nDen svarta hettan kom<\/p>\n<p>Jag lyckades att n\u00e5 en stenig h\u00e5la<br \/>\nD\u00e4r hettan ej var outh\u00e4rdligt h\u00e5rd<br \/>\nOch n\u00e5gon f\u00f6rde mig igenom natten<br \/>\nDen tid som f\u00f6ljde blev mitt \u00f6des\u00e5r<br \/>\nJag l\u00e4rde mig det stora skriets blindskrift<br \/>\nI ansikten jag tog p\u00e5 med min hand<br \/>\nNu \u00e4r jag s\u00e5ngerska i tredje salen<br \/>\nOch \u00e5terv\u00e4nder aldrig till mitt land<br \/>\nS\u00e5 v\u00e4nde vinden om<br \/>\nDen svarta hettan kom<\/p>\n<p>S\u00e5 v\u00e4nde vinden om<br \/>\nDen svarta hettan kom<\/p>\n<p><a title=\"Aniara\" href=\"https:\/\/helensjoholm.nu\/_eng\/2011-and-forward-2\/aniara\/\">Back<\/a><\/p>\n","protected":false},"excerpt":{"rendered":"<p>Den l\u00e5nga v\u00e4g jag h\u00e4r har f\u00e4rdats Har samma nattens f\u00e4rg som v\u00e4gen jag gick i Rind M\u00f6rk som f\u00f6rut, som alltid Men m\u00f6rkret kallnade <a class=\"more-link\" href=\"https:\/\/helensjoholm.nu\/_eng\/2011-2015\/aniara\/sa-vande-vinden\/\">Read More &#8230;<\/a><\/p>\n","protected":false},"author":1,"featured_media":0,"parent":2128,"menu_order":0,"comment_status":"closed","ping_status":"closed","template":"","meta":{"ngg_post_thumbnail":0,"footnotes":""},"class_list":["post-4587","page","type-page","status-publish","hentry"],"aioseo_notices":[],"_links":{"self":[{"href":"https:\/\/helensjoholm.nu\/_eng\/wp-json\/wp\/v2\/pages\/4587","targetHints":{"allow":["GET"]}}],"collection":[{"href":"https:\/\/helensjoholm.nu\/_eng\/wp-json\/wp\/v2\/pages"}],"about":[{"href":"https:\/\/helensjoholm.nu\/_eng\/wp-json\/wp\/v2\/types\/page"}],"author":[{"embeddable":true,"href":"https:\/\/helensjoholm.nu\/_eng\/wp-json\/wp\/v2\/users\/1"}],"replies":[{"embeddable":true,"href":"https:\/\/helensjoholm.nu\/_eng\/wp-json\/wp\/v2\/comments?post=4587"}],"version-history":[{"count":0,"href":"https:\/\/helensjoholm.nu\/_eng\/wp-json\/wp\/v2\/pages\/4587\/revisions"}],"up":[{"embeddable":true,"href":"https:\/\/helensjoholm.nu\/_eng\/wp-json\/wp\/v2\/pages\/2128"}],"wp:attachment":[{"href":"https:\/\/helensjoholm.nu\/_eng\/wp-json\/wp\/v2\/media?parent=4587"}],"curies":[{"name":"wp","href":"https:\/\/api.w.org\/{rel}","templated":true}]}}

Så vände vinden

<p>Den långa väg jag här har färdats<br />
Har samma nattens färg som vägen jag gick i Rind<br />
Mörk som förut, som alltid<br />
Men mörkret kallnade<br />
Allt drägligt mörker övergav mig<br />
Och mot min tinning, och mot mitt bröst<br />
Det kalla mörkret kom<br />
Jag begynte frysa<br />
Det var om hösten</p>
<p>Och någon sa att skuggan under träden<br />
Allt mer och mer som frosten kom blev vit<br />
Som om dess gröna gräs var sommarns hår<br />
Som hastigt åldrades och frös till is<br />
Och jag stod tyst och frusen där i mörkret<br />
Och hörde bara allt jag hade/som var mig kärt<br />
Försvinna i en mörk och isig vind<br />
Och sommarn låg snart död i landet Rind<br />
Så vände vinden om<br />
Den svarta hettan kom</p>
<p>Sen föll jag rakt i armarna på någon<br />
På någon som kom springande och skrek<br />
Jag visste inte vem i detta mörker<br />
Som fångat mig när båda benen svek<br />
Om detta var en djävul eller mänska<br />
Ty dånet ökande till en orkan<br />
Och den som höll mig ropade allt högre<br />
Skydda ögonen, det kommer snart<br />
Så vände vinden om<br />
Den svarta hettan kom</p>
<p>Då gjorde jag min röst då gäll jag kunde<br />
Och skrek tillbaks till honom Jag är blind<br />
Och därför skyddad jag har aldrig sett<br />
Men alltid bara känt på landet Rind<br />
Då släppte mannen mig och sprang för livet<br />
Jag vet ej vart i nattens heta dån<br />
Som plötsligt bara kunde överröstas<br />
Av fruktansvärda åskor fjärran från<br />
Så vände vinden om<br />
Den svarta hettan kom</p>
<p>Jag lyckades att nå en stenig håla<br />
Där hettan ej var outhärdligt hård<br />
Och någon förde mig igenom natten<br />
Den tid som följde blev mitt ödesår<br />
Jag lärde mig det stora skriets blindskrift<br />
I ansikten jag tog på med min hand<br />
Nu är jag sångerska i tredje salen<br />
Och återvänder aldrig till mitt land<br />
Så vände vinden om<br />
Den svarta hettan kom</p>
<p>Så vände vinden om<br />
Den svarta hettan kom</p>
<p><a title="Aniara" href="https://helensjoholm.nu/_eng/2011-and-forward-2/aniara/">Back</a></p>

<p>Den långa väg jag här har färdats Har samma nattens färg som vägen jag gick i Rind Mörk som förut, som alltid Men mörkret kallnade <a class="more-link" href="https://helensjoholm.nu/_eng/2011-2015/aniara/sa-vande-vinden/">Read More &#8230;</a></p>
