{"id":4392,"date":"2013-07-31T12:23:17","date_gmt":"2013-07-31T10:23:17","guid":{"rendered":"http:\/\/helensjoholm.nu\/_eng\/?page_id=4392"},"modified":"2022-03-15T15:22:36","modified_gmt":"2022-03-15T13:22:36","slug":"bao-what-a-night","status":"publish","type":"page","link":"https:\/\/helensjoholm.nu\/_eng\/press-clips\/reviews-2013\/bao-what-a-night\/","title":{"rendered":"BAO, what a night!"},"content":{"rendered":"<p><strong>Pite\u00e5-Tidningen 130725<\/strong><\/p>\n<p><strong>By: Anders Sandlund<\/strong><\/p>\n<p><strong>Pite\u00e5. 4,000 visitors filled the Norrstrand lawns and some people stood in queue for hours to get a seat as close to the stage as possible. Pite\u00e5-Tidningen&#8217;s Anders Sandlund is maybe not lyrical, but noticeably thrilled when he here below reviews the performance at Norrstrand on Wednesday night.<\/strong><\/p>\n<p>Concert: Benny Andersson Band<b><br \/>\n<\/b>Location:<b> <\/b>Norrstrand, Pite\u00e5<b><br \/>\n<\/b>Length: Slightly over&nbsp;four hours, including a short break. More than 50(!) songs.<b><br \/>\n<\/b>Audience: Approximately 4,000 people. High average age. Cozy atmosphere.<\/p>\n<p>With the right band, program, weather and audience in symbiosis is this an evening out of the ordinary. I note that Benny Andersson Band gives me one of the most beautiful job evenings I\u2019ve ever experienced.<\/p>\n<p>[&#8230;] On the whole it\u2019s a generous, powerful and pleasurable experience.<\/p>\n<p>There is a large collection of high caliber musicians who take care of us and they sound just as good as one can expect.<\/p>\n<p>Benny nearly never looks as satisfied as he does when he wears his accordion. Somewhere, he&#8217;s probably still the same person that his grandfather once inspired, and many successes later he still feels so authentic and unspoiled in his relationship to the notes, rhythms and harmonies.<\/p>\n<p>BAO frames the bandleader\u2019s musical achievement in a nice way and move freely among lush umpa umpa pace and old-fashioned pop with a jazzy New Orleans touch, between frisky hambo and pop with dizzying international success on its conscience. It is as if someone has mixed the programs* &#8220;Nygammalt&#8221; and &#8220;Da Capo&#8221; and poured a few scoops of Abba in the brew.<\/p>\n<p>(*two Swedish radio programs playing songs that once were hits)<\/p>\n<p>The Abba songs are chosen with style. Not the biggest, most played songs. No, here we get a nice lumbering &#8220;Why did it have to be me,&#8221; an organic &#8220;Kisses of fire&#8221;, an &#8220;Hasta manana&#8221; with extra luster and a really powerful &#8220;One man, one woman&#8221; in a duet with Sj\u00f6holm and K\u00f6rberg.<\/p>\n<p>It\u2019s mosquito-free and virtually no wind. The large lamp warms and the sky is blue. In short, you\u2019ll have to look at a painting of Zorn to find a more enchanting high summer evening. The atmosphere is really cozy. The lavatory queue seems to be of the humane kind throughout the evening and people talk to each other in normal conversation voices during the break. I think that the lack of beer pumps is the reason,&nbsp;in a good way.<\/p>\n<p>On the dance floor&nbsp;the colored lanterns are swaying in schottis pace. There\u2019s a pretty high pressure on the dance floor &#8211; which does have the best &#8220;seats&#8221; &#8211; except for when the band plays Bach. When Helen Sj\u00f6holm gives us &#8220;V\u00e5r sista dans&#8221; it of course gets crowded.<\/p>\n<p>She is&nbsp;just right for this. The power, presence and articulation fit perfectly in most everything she gets to handle. &#8220;Bortom sol och m\u00e5ne&#8221; (Beyond sun and moon) and &#8220;Svarta siluetter&#8221; (Black silhouettes), both with lyrics by Kristina Lugn, are a couple of newer song jewels.<\/p>\n<p>Tommy K\u00f6rberg&nbsp;leads the singing in &#8220;Gamle Svarten&#8221; and he even plays drums in a sequence, but above all it&#8217;s fun that he still has so much voice in him. It\u00b4s obvious in several heavier numbers.<\/p>\n<p>Sweden&#8217;s own Kalle Moraeus makes a subtle &#8220;Beatrice&#8221; and a humorous and powerful &#8220;O sole mio&#8221; and when it\u2019s time for &#8220;En dag i s\u00e4nder&#8221; he offers a dazzling guitar solo.<\/p>\n<p>The last hour is magnificent entertainment. The band tunes &#8220;Cadillac&#8221; and drives out in the moonlight with captain K\u00f6rberg at the wheel. We get &#8220;Fait accompli&#8221;, we get an extra nimble &#8220;Du \u00e4r min man&#8221; and a medley including &#8220;V\u00e5rat g\u00e4ng&#8221; (Our gang) and &#8220;B\u00e4ttre och b\u00e4ttre dag f\u00f6r dag&#8221; (Better and better day by day). Gosh, I&#8217;m just waiting for &#8220;Schottis p\u00e5 Valhall&#8221;.<\/p>\n<p>The party closes dignified with &#8220;O Klang och jubeltid&#8221;&nbsp;and I\u2019m still content as I write this. I can only say wow &#8211; sorry, BAO &#8211; what a night!<\/p>\n<p><a href=\"https:\/\/helensjoholm.nu\/_eng\/press-clips\/reviews-2013\/\"><strong>Back<\/strong><\/a><\/p>\n","protected":false},"excerpt":{"rendered":"<p>Pite\u00e5-Tidningen 130725 By: Anders Sandlund Pite\u00e5. 4,000 visitors filled the Norrstrand lawns and some people stood in queue for hours to get a seat as <a class=\"more-link\" href=\"https:\/\/helensjoholm.nu\/_eng\/press-clips\/reviews-2013\/bao-what-a-night\/\">Read More &#8230;<\/a><\/p>\n","protected":false},"author":1,"featured_media":0,"parent":780,"menu_order":0,"comment_status":"closed","ping_status":"closed","template":"","meta":{"ngg_post_thumbnail":0,"footnotes":""},"class_list":["post-4392","page","type-page","status-publish","hentry"],"aioseo_notices":[],"_links":{"self":[{"href":"https:\/\/helensjoholm.nu\/_eng\/wp-json\/wp\/v2\/pages\/4392","targetHints":{"allow":["GET"]}}],"collection":[{"href":"https:\/\/helensjoholm.nu\/_eng\/wp-json\/wp\/v2\/pages"}],"about":[{"href":"https:\/\/helensjoholm.nu\/_eng\/wp-json\/wp\/v2\/types\/page"}],"author":[{"embeddable":true,"href":"https:\/\/helensjoholm.nu\/_eng\/wp-json\/wp\/v2\/users\/1"}],"replies":[{"embeddable":true,"href":"https:\/\/helensjoholm.nu\/_eng\/wp-json\/wp\/v2\/comments?post=4392"}],"version-history":[{"count":0,"href":"https:\/\/helensjoholm.nu\/_eng\/wp-json\/wp\/v2\/pages\/4392\/revisions"}],"up":[{"embeddable":true,"href":"https:\/\/helensjoholm.nu\/_eng\/wp-json\/wp\/v2\/pages\/780"}],"wp:attachment":[{"href":"https:\/\/helensjoholm.nu\/_eng\/wp-json\/wp\/v2\/media?parent=4392"}],"curies":[{"name":"wp","href":"https:\/\/api.w.org\/{rel}","templated":true}]}}