{"id":3193,"date":"2013-06-06T19:02:28","date_gmt":"2013-06-06T17:02:28","guid":{"rendered":"http:\/\/helensjoholm.nu\/_eng\/?page_id=3193"},"modified":"2022-05-08T18:28:59","modified_gmt":"2022-05-08T16:28:59","slug":"koppangen","status":"publish","type":"page","link":"https:\/\/helensjoholm.nu\/_eng\/1992-2002\/visor\/koppangen\/","title":{"rendered":"Kopp\u00e5ngen"},"content":{"rendered":"<p><strong>Lyrics: Py B\u00e4ckman<\/strong><em><br \/>\n<\/em><br \/>\nH\u00e4r \u00e4r stillhet och tystnad<br \/>\nnu n\u00e4r marken f\u00e4rgats vid<br \/>\nFr\u00e5n den trygga, gamla kyrkan<br \/>\nklingar s\u00e5ngen \u00e4nda hit<\/p>\n<p>Jag har stannat vid v\u00e4gen<br \/>\nf\u00f6r att vila mig ett tag<br \/>\nOch blev f\u00e5ngad i det gr\u00e4nsland<br \/>\nsom f\u00f6renar natt och dag<\/p>\n<p>Och ett sken ifr\u00e5n ljusen<br \/>\nbakom f\u00f6nstrets v\u00e4lvda ram<br \/>\nHar f\u00f6renat de sj\u00e4lar<br \/>\nsom finns med oss h\u00e4r i tiden<br \/>\nOch jag vet att de som har l\u00e4mnat oss<br \/>\nhar f\u00f6rst\u00e5tt att vi \u00e4r<br \/>\nliksom fladdrande l\u00e5gor<br \/>\ns\u00e5 l\u00e4nge vi \u00e4r h\u00e4r<\/p>\n<p>Och d\u00e4r bland gnistrande stj\u00e4rnor<br \/>\nsom f\u00f6rbleknar en och en<br \/>\nKommer livet v\u00e4ldigt n\u00e4ra<br \/>\nsom en skymt av sanningen<\/p>\n<p>Vi \u00e4r f\u00e5ngar i tiden<br \/>\nsom ett avtryck av en hand<br \/>\nP\u00e5 ett frostigt, gammalt f\u00f6nster<br \/>\nsom f\u00e5tt n\u00e5d av tidens tand<\/p>\n<p>En sekund \u00e4r jag evig<br \/>\noch sen vet jag inget mer<br \/>\nBara ett, att jag lever lika fullt som n\u00e5gon annan<br \/>\nJag \u00e4r h\u00e4r och mitt p\u00e5 en frusen v\u00e4g<br \/>\nfinns det v\u00e4rme \u00e4nd\u00e5<br \/>\nFast\u00e4n sn\u00f6n b\u00f6rjar falla<br \/>\noch himmelen blir gr\u00e5<\/p>\n<p>Och ett sken ifr\u00e5n ljusen<br \/>\nbakom f\u00f6nstrets v\u00e4lvda ram<br \/>\nHar f\u00f6renat de sj\u00e4lar<br \/>\nsom finns med oss h\u00e4r i tiden<br \/>\nOch jag vet att de som har l\u00e4mnat oss<br \/>\nhar f\u00f6rst\u00e5tt att vi \u00e4r<br \/>\nliksom fladdrande l\u00e5gor<br \/>\ns\u00e5 l\u00e4nge vi \u00e4r h\u00e4r<\/p>\n<p><em>\u00a9 2002 Mono Music AB under exclusive licence to Sony Music Entertainment (Sweden AB)<\/em><\/p>\n<p><a title=\"Visor\" href=\"https:\/\/helensjoholm.nu\/_eng\/1992-2002\/visor\/\">Back<\/a><\/p>\n","protected":false},"excerpt":{"rendered":"<p>Lyrics: Py B\u00e4ckman H\u00e4r \u00e4r stillhet och tystnad nu n\u00e4r marken f\u00e4rgats vid Fr\u00e5n den trygga, gamla kyrkan klingar s\u00e5ngen \u00e4nda hit Jag har stannat <a class=\"more-link\" href=\"https:\/\/helensjoholm.nu\/_eng\/1992-2002\/visor\/koppangen\/\">Read More &#8230;<\/a><\/p>\n","protected":false},"author":1,"featured_media":0,"parent":3147,"menu_order":0,"comment_status":"closed","ping_status":"closed","template":"","meta":{"ngg_post_thumbnail":0,"footnotes":""},"class_list":["post-3193","page","type-page","status-publish","hentry"],"aioseo_notices":[],"_links":{"self":[{"href":"https:\/\/helensjoholm.nu\/_eng\/wp-json\/wp\/v2\/pages\/3193","targetHints":{"allow":["GET"]}}],"collection":[{"href":"https:\/\/helensjoholm.nu\/_eng\/wp-json\/wp\/v2\/pages"}],"about":[{"href":"https:\/\/helensjoholm.nu\/_eng\/wp-json\/wp\/v2\/types\/page"}],"author":[{"embeddable":true,"href":"https:\/\/helensjoholm.nu\/_eng\/wp-json\/wp\/v2\/users\/1"}],"replies":[{"embeddable":true,"href":"https:\/\/helensjoholm.nu\/_eng\/wp-json\/wp\/v2\/comments?post=3193"}],"version-history":[{"count":0,"href":"https:\/\/helensjoholm.nu\/_eng\/wp-json\/wp\/v2\/pages\/3193\/revisions"}],"up":[{"embeddable":true,"href":"https:\/\/helensjoholm.nu\/_eng\/wp-json\/wp\/v2\/pages\/3147"}],"wp:attachment":[{"href":"https:\/\/helensjoholm.nu\/_eng\/wp-json\/wp\/v2\/media?parent=3193"}],"curies":[{"name":"wp","href":"https:\/\/api.w.org\/{rel}","templated":true}]}}

Koppången

<p><strong>Lyrics: Py Bäckman</strong><em><br />
</em><br />
Här är stillhet och tystnad<br />
nu när marken färgats vid<br />
Från den trygga, gamla kyrkan<br />
klingar sången ända hit</p>
<p>Jag har stannat vid vägen<br />
för att vila mig ett tag<br />
Och blev fångad i det gränsland<br />
som förenar natt och dag</p>
<p>Och ett sken ifrån ljusen<br />
bakom fönstrets välvda ram<br />
Har förenat de själar<br />
som finns med oss här i tiden<br />
Och jag vet att de som har lämnat oss<br />
har förstått att vi är<br />
liksom fladdrande lågor<br />
så länge vi är här</p>
<p>Och där bland gnistrande stjärnor<br />
som förbleknar en och en<br />
Kommer livet väldigt nära<br />
som en skymt av sanningen</p>
<p>Vi är fångar i tiden<br />
som ett avtryck av en hand<br />
På ett frostigt, gammalt fönster<br />
som fått nåd av tidens tand</p>
<p>En sekund är jag evig<br />
och sen vet jag inget mer<br />
Bara ett, att jag lever lika fullt som någon annan<br />
Jag är här och mitt på en frusen väg<br />
finns det värme ändå<br />
Fastän snön börjar falla<br />
och himmelen blir grå</p>
<p>Och ett sken ifrån ljusen<br />
bakom fönstrets välvda ram<br />
Har förenat de själar<br />
som finns med oss här i tiden<br />
Och jag vet att de som har lämnat oss<br />
har förstått att vi är<br />
liksom fladdrande lågor<br />
så länge vi är här</p>
<p><em>© 2002 Mono Music AB under exclusive licence to Sony Music Entertainment (Sweden AB)</em></p>
<p><a title="Visor" href="https://helensjoholm.nu/_eng/1992-2002/visor/">Back</a></p>

<p>Lyrics: Py Bäckman Här är stillhet och tystnad nu när marken färgats vid Från den trygga, gamla kyrkan klingar sången ända hit Jag har stannat <a class="more-link" href="https://helensjoholm.nu/_eng/1992-2002/visor/koppangen/">Read More &#8230;</a></p>
