{"id":3165,"date":"2013-06-06T18:11:42","date_gmt":"2013-06-06T16:11:42","guid":{"rendered":"http:\/\/helensjoholm.nu\/_eng\/?page_id=3165"},"modified":"2022-05-08T18:28:22","modified_gmt":"2022-05-08T16:28:22","slug":"horgalaten","status":"publish","type":"page","link":"https:\/\/helensjoholm.nu\/_eng\/1992-2002\/visor\/horgalaten\/","title":{"rendered":"Horgal\u00e5ten"},"content":{"rendered":"<p><strong>Lyrics: Eva Lid\u00e9n<\/strong><br \/>\n<strong> Music: Trad.<\/strong><\/p>\n<p>H\u00f6r hur det sjunger ibland tr\u00e4den<br \/>\nljus men vemodsfull \u00e4r sommarens l\u00e4tta vind<br \/>\nJa, se hur den dansar \u00f6ver s\u00e4den<br \/>\noch smeker flickans bruna kind<\/p>\n<p>Solen och vindar moln f\u00f6rjagar<br \/>\nlivet v\u00e4xlar fort som sommardagar g\u00f6r<br \/>\nOch \u00f6msom du ler och \u00f6msom klagar<br \/>\nmen lyss till toner som behagar<\/p>\n<p>Solskensglitter, f\u00e5gelglitter<br \/>\nAlltfylld \u00e4r livet med behag<br \/>\nLivet leker, lockar smeker<br \/>\np\u00e5 denna ljuva sommardag<\/p>\n<p>En dag \u00e4r sorgen h\u00e4r kanh\u00e4nda<br \/>\nl\u00f6ven faller av och s\u00e5ngen tonar bort<br \/>\nJa, lyckan \u00e4r flyktig som en sl\u00e4nda<br \/>\nOch sommargl\u00e4djen varar alltf\u00f6r kort<\/p>\n<p>Sol och vindar moln f\u00f6rjagar<br \/>\nlivet v\u00e4xlar som sommardagar<br \/>\n\u00d6msom ler du och \u00f6msom klagar<br \/>\nmen lyss till toner som behagar<\/p>\n<p>H\u00f6r hur det sjunger ibland tr\u00e4den<br \/>\nljus men vemodsfull \u00e4r sommarens l\u00e4tta vind<br \/>\nJa, se hur den dansar \u00f6ver s\u00e4den<br \/>\noch smeker flickans bruna kind<\/p>\n<p>Gr\u00f6na gl\u00e4ntor, glada j\u00e4ntor<br \/>\nkom lilla v\u00e4n och ta min hand<br \/>\nVi ska vandra med varandra<br \/>\nl\u00e5ngt in i ljusa v\u00e4gars land<\/p>\n<p>Sorgen kan aldrig helt oss f\u00e5nga<br \/>\nh\u00f6stens gula l\u00f6v kan aldrig t\u00e5rar bli<br \/>\nJa, lyckan kan fly p\u00e5 v\u00e4gar m\u00e5nga<br \/>\noch hj\u00e4rtat har sin sommarmelodi<\/p>\n<p><em>\u00a9 2002 Mono Music AB under exclusive licence to Sony Music Entertainment (Sweden AB)<\/em><\/p>\n<p><a title=\"Visor\" href=\"https:\/\/helensjoholm.nu\/_eng\/1992-2002\/visor\/\">Back<\/a><\/p>\n","protected":false},"excerpt":{"rendered":"<p>Lyrics: Eva Lid\u00e9n Music: Trad. H\u00f6r hur det sjunger ibland tr\u00e4den ljus men vemodsfull \u00e4r sommarens l\u00e4tta vind Ja, se hur den dansar \u00f6ver s\u00e4den <a class=\"more-link\" href=\"https:\/\/helensjoholm.nu\/_eng\/1992-2002\/visor\/horgalaten\/\">Read More &#8230;<\/a><\/p>\n","protected":false},"author":1,"featured_media":0,"parent":3147,"menu_order":0,"comment_status":"closed","ping_status":"closed","template":"","meta":{"ngg_post_thumbnail":0,"footnotes":""},"class_list":["post-3165","page","type-page","status-publish","hentry"],"aioseo_notices":[],"_links":{"self":[{"href":"https:\/\/helensjoholm.nu\/_eng\/wp-json\/wp\/v2\/pages\/3165","targetHints":{"allow":["GET"]}}],"collection":[{"href":"https:\/\/helensjoholm.nu\/_eng\/wp-json\/wp\/v2\/pages"}],"about":[{"href":"https:\/\/helensjoholm.nu\/_eng\/wp-json\/wp\/v2\/types\/page"}],"author":[{"embeddable":true,"href":"https:\/\/helensjoholm.nu\/_eng\/wp-json\/wp\/v2\/users\/1"}],"replies":[{"embeddable":true,"href":"https:\/\/helensjoholm.nu\/_eng\/wp-json\/wp\/v2\/comments?post=3165"}],"version-history":[{"count":0,"href":"https:\/\/helensjoholm.nu\/_eng\/wp-json\/wp\/v2\/pages\/3165\/revisions"}],"up":[{"embeddable":true,"href":"https:\/\/helensjoholm.nu\/_eng\/wp-json\/wp\/v2\/pages\/3147"}],"wp:attachment":[{"href":"https:\/\/helensjoholm.nu\/_eng\/wp-json\/wp\/v2\/media?parent=3165"}],"curies":[{"name":"wp","href":"https:\/\/api.w.org\/{rel}","templated":true}]}}