{"id":3089,"date":"2013-06-05T19:43:07","date_gmt":"2013-06-05T17:43:07","guid":{"rendered":"http:\/\/helensjoholm.nu\/_eng\/?page_id=3089"},"modified":"2022-05-14T17:46:05","modified_gmt":"2022-05-14T15:46:05","slug":"sag-mig-for-vems-skull","status":"publish","type":"page","link":"https:\/\/helensjoholm.nu\/_eng\/2003-2005\/genom-varje-andetag\/sag-mig-for-vems-skull\/","title":{"rendered":"S\u00e4g mig f\u00f6r vems skull"},"content":{"rendered":"<p><strong>Lyrics: Anders Widmark<\/strong><\/p>\n<p>S\u00e4g mig f\u00f6r vems skull<br \/>\ndu ger dig av<br \/>\nD\u00e4r under m\u00e5nen<br \/>\np\u00e5 \u00e4ngarnas hav<br \/>\nS\u00e4g l\u00e5ngt bort, s\u00e4g n\u00e4ra,<br \/>\ns\u00e4g t\u00e4tt intill<br \/>\nS\u00e4g l\u00e5ngt bort, s\u00e4g n\u00e4ra,<br \/>\ns\u00e4g om du vill<\/p>\n<p>S\u00e4g \u00e4r det f\u00f6r m\u00e5nen<br \/>\nsom \u00e4ngarna lyser<br \/>\nN\u00e4r natt blir till is<br \/>\nn\u00e4r k\u00e4rleken fryser<br \/>\nS\u00e4g l\u00e5ngt bort, s\u00e4g n\u00e4ra,<br \/>\ns\u00e4g t\u00e4tt intill<br \/>\nS\u00e4g l\u00e5ngt bort, s\u00e4g n\u00e4ra,<br \/>\ns\u00e4g om du vill<\/p>\n<p>S\u00e4g \u00e4r det om visorna<br \/>\nk\u00e4rleken dr\u00f6mmer<br \/>\nEn borttappad strof<br \/>\nsom visorna gl\u00f6mmer<br \/>\nS\u00e4g l\u00e5ngt bort, s\u00e4g n\u00e4ra,<br \/>\ns\u00e4g t\u00e4tt intill<br \/>\nS\u00e4g l\u00e5ngt bort, s\u00e4g n\u00e4ra,<br \/>\ns\u00e4g om du vill<\/p>\n<p>S\u00e4g \u00e4r det i visan<br \/>\ndu ger dig av<br \/>\nD\u00e4r under m\u00e5nen<br \/>\np\u00e5 \u00e4ngarnas hav<br \/>\nS\u00e4g \u00e4r det f\u00f6r l\u00e4ngtans skull<br \/>\nhavet finns till<br \/>\nDen bl\u00e5 horisonten,<br \/>\nbara du vill<\/p>\n<p><em>\u00a9 2003 Universal Music AB<\/em><\/p>\n<p><a title=\"Genom varje andetag\" href=\"http:\/\/helensjoholm.nu\/wp_sv\/2003-2005\/genom-varje-andetag\/\">Back<\/a><\/p>\n","protected":false},"excerpt":{"rendered":"<p>Lyrics: Anders Widmark S\u00e4g mig f\u00f6r vems skull du ger dig av D\u00e4r under m\u00e5nen p\u00e5 \u00e4ngarnas hav S\u00e4g l\u00e5ngt bort, s\u00e4g n\u00e4ra, s\u00e4g t\u00e4tt <a class=\"more-link\" href=\"https:\/\/helensjoholm.nu\/_eng\/2003-2005\/genom-varje-andetag\/sag-mig-for-vems-skull\/\">Read More &#8230;<\/a><\/p>\n","protected":false},"author":1,"featured_media":0,"parent":3011,"menu_order":0,"comment_status":"closed","ping_status":"closed","template":"","meta":{"ngg_post_thumbnail":0,"footnotes":""},"class_list":["post-3089","page","type-page","status-publish","hentry"],"aioseo_notices":[],"_links":{"self":[{"href":"https:\/\/helensjoholm.nu\/_eng\/wp-json\/wp\/v2\/pages\/3089","targetHints":{"allow":["GET"]}}],"collection":[{"href":"https:\/\/helensjoholm.nu\/_eng\/wp-json\/wp\/v2\/pages"}],"about":[{"href":"https:\/\/helensjoholm.nu\/_eng\/wp-json\/wp\/v2\/types\/page"}],"author":[{"embeddable":true,"href":"https:\/\/helensjoholm.nu\/_eng\/wp-json\/wp\/v2\/users\/1"}],"replies":[{"embeddable":true,"href":"https:\/\/helensjoholm.nu\/_eng\/wp-json\/wp\/v2\/comments?post=3089"}],"version-history":[{"count":0,"href":"https:\/\/helensjoholm.nu\/_eng\/wp-json\/wp\/v2\/pages\/3089\/revisions"}],"up":[{"embeddable":true,"href":"https:\/\/helensjoholm.nu\/_eng\/wp-json\/wp\/v2\/pages\/3011"}],"wp:attachment":[{"href":"https:\/\/helensjoholm.nu\/_eng\/wp-json\/wp\/v2\/media?parent=3089"}],"curies":[{"name":"wp","href":"https:\/\/api.w.org\/{rel}","templated":true}]}}

Säg mig för vems skull

<p><strong>Lyrics: Anders Widmark</strong></p>
<p>Säg mig för vems skull<br />
du ger dig av<br />
Där under månen<br />
på ängarnas hav<br />
Säg långt bort, säg nära,<br />
säg tätt intill<br />
Säg långt bort, säg nära,<br />
säg om du vill</p>
<p>Säg är det för månen<br />
som ängarna lyser<br />
När natt blir till is<br />
när kärleken fryser<br />
Säg långt bort, säg nära,<br />
säg tätt intill<br />
Säg långt bort, säg nära,<br />
säg om du vill</p>
<p>Säg är det om visorna<br />
kärleken drömmer<br />
En borttappad strof<br />
som visorna glömmer<br />
Säg långt bort, säg nära,<br />
säg tätt intill<br />
Säg långt bort, säg nära,<br />
säg om du vill</p>
<p>Säg är det i visan<br />
du ger dig av<br />
Där under månen<br />
på ängarnas hav<br />
Säg är det för längtans skull<br />
havet finns till<br />
Den blå horisonten,<br />
bara du vill</p>
<p><em>© 2003 Universal Music AB</em></p>
<p><a title="Genom varje andetag" href="http://helensjoholm.nu/wp_sv/2003-2005/genom-varje-andetag/">Back</a></p>

<p>Lyrics: Anders Widmark Säg mig för vems skull du ger dig av Där under månen på ängarnas hav Säg långt bort, säg nära, säg tätt <a class="more-link" href="https://helensjoholm.nu/_eng/2003-2005/genom-varje-andetag/sag-mig-for-vems-skull/">Read More &#8230;</a></p>
