{"id":3082,"date":"2013-06-05T19:38:36","date_gmt":"2013-06-05T17:38:36","guid":{"rendered":"http:\/\/helensjoholm.nu\/_eng\/?page_id=3082"},"modified":"2022-05-14T17:45:55","modified_gmt":"2022-05-14T15:45:55","slug":"karlekssang","status":"publish","type":"page","link":"https:\/\/helensjoholm.nu\/_eng\/2003-2005\/genom-varje-andetag\/karlekssang\/","title":{"rendered":"K\u00e4rlekss\u00e5ng"},"content":{"rendered":"<p><strong>Lyrics: Hans Widmark<\/strong><\/p>\n<p>Som dagen d\u00f6r<br \/>\nSom natten blir ljus<br \/>\nSom stj\u00e4rnorna<br \/>\nsom bygger sitt hus<br \/>\nL\u00e5ngt borta i rymden den vida<\/p>\n<p>Som dagen f\u00f6ds<br \/>\nSom natten blir stum<br \/>\nSom stj\u00e4rnorna<br \/>\nsom bygger sitt rum<br \/>\nDu andas s\u00e5 tyst vid min sida<\/p>\n<p>Alla dr\u00f6mmar<br \/>\nsom jag dr\u00f6mt en g\u00e5ng<br \/>\n&#8211; alltid samma dr\u00f6m<br \/>\nAlla s\u00e5nger som jag skrev en g\u00e5ng<br \/>\n&#8211; alltid samma s\u00e5ng<br \/>\nAndas tyst min k\u00e4ra<br \/>\nvila i min famn<br \/>\nK\u00e4rlekss\u00e5ngen har inget namn<\/p>\n<p>Som natten flyr<br \/>\nSom slutar en f\u00e4rd<br \/>\nSom stj\u00e4rnorna<br \/>\nsom bygger sin v\u00e4rld<br \/>\nDu vaknar s\u00e5 tyst vid min sida<\/p>\n<p>Som k\u00e4rlek f\u00f6ds<br \/>\nSom natten blir ljus<br \/>\nSom sj\u00e4rnorna<br \/>\nsom bygger sitt hus<br \/>\nL\u00e5ngt bort i rymden den vida<\/p>\n<p>Alla dr\u00f6mmar<br \/>\nsom jag dr\u00f6mt en g\u00e5ng<br \/>\n&#8211; alltid samma dr\u00f6m<br \/>\nAlla s\u00e5nger som jag skrev en g\u00e5ng<br \/>\n&#8211; alltid samma s\u00e5ng<br \/>\nAndas tyst min k\u00e4ra<br \/>\nvila i min famn<br \/>\nK\u00e4rlekss\u00e5ngen har inget namn<\/p>\n<p><em>\u00a9 2003 Universal Music AB<\/em><\/p>\n<p><a title=\"Genom varje andetag\" href=\"https:\/\/helensjoholm.nu\/_eng\/2003-2005\/genom-varje-andetag\/\">Back<\/a><\/p>\n","protected":false},"excerpt":{"rendered":"<p>Lyrics: Hans Widmark Som dagen d\u00f6r Som natten blir ljus Som stj\u00e4rnorna som bygger sitt hus L\u00e5ngt borta i rymden den vida Som dagen f\u00f6ds <a class=\"more-link\" href=\"https:\/\/helensjoholm.nu\/_eng\/2003-2005\/genom-varje-andetag\/karlekssang\/\">Read More &#8230;<\/a><\/p>\n","protected":false},"author":1,"featured_media":0,"parent":3011,"menu_order":0,"comment_status":"closed","ping_status":"closed","template":"","meta":{"ngg_post_thumbnail":0,"footnotes":""},"class_list":["post-3082","page","type-page","status-publish","hentry"],"aioseo_notices":[],"_links":{"self":[{"href":"https:\/\/helensjoholm.nu\/_eng\/wp-json\/wp\/v2\/pages\/3082","targetHints":{"allow":["GET"]}}],"collection":[{"href":"https:\/\/helensjoholm.nu\/_eng\/wp-json\/wp\/v2\/pages"}],"about":[{"href":"https:\/\/helensjoholm.nu\/_eng\/wp-json\/wp\/v2\/types\/page"}],"author":[{"embeddable":true,"href":"https:\/\/helensjoholm.nu\/_eng\/wp-json\/wp\/v2\/users\/1"}],"replies":[{"embeddable":true,"href":"https:\/\/helensjoholm.nu\/_eng\/wp-json\/wp\/v2\/comments?post=3082"}],"version-history":[{"count":0,"href":"https:\/\/helensjoholm.nu\/_eng\/wp-json\/wp\/v2\/pages\/3082\/revisions"}],"up":[{"embeddable":true,"href":"https:\/\/helensjoholm.nu\/_eng\/wp-json\/wp\/v2\/pages\/3011"}],"wp:attachment":[{"href":"https:\/\/helensjoholm.nu\/_eng\/wp-json\/wp\/v2\/media?parent=3082"}],"curies":[{"name":"wp","href":"https:\/\/api.w.org\/{rel}","templated":true}]}}

Kärlekssång

<p><strong>Lyrics: Hans Widmark</strong></p>
<p>Som dagen dör<br />
Som natten blir ljus<br />
Som stjärnorna<br />
som bygger sitt hus<br />
Långt borta i rymden den vida</p>
<p>Som dagen föds<br />
Som natten blir stum<br />
Som stjärnorna<br />
som bygger sitt rum<br />
Du andas så tyst vid min sida</p>
<p>Alla drömmar<br />
som jag drömt en gång<br />
&#8211; alltid samma dröm<br />
Alla sånger som jag skrev en gång<br />
&#8211; alltid samma sång<br />
Andas tyst min kära<br />
vila i min famn<br />
Kärlekssången har inget namn</p>
<p>Som natten flyr<br />
Som slutar en färd<br />
Som stjärnorna<br />
som bygger sin värld<br />
Du vaknar så tyst vid min sida</p>
<p>Som kärlek föds<br />
Som natten blir ljus<br />
Som sjärnorna<br />
som bygger sitt hus<br />
Långt bort i rymden den vida</p>
<p>Alla drömmar<br />
som jag drömt en gång<br />
&#8211; alltid samma dröm<br />
Alla sånger som jag skrev en gång<br />
&#8211; alltid samma sång<br />
Andas tyst min kära<br />
vila i min famn<br />
Kärlekssången har inget namn</p>
<p><em>© 2003 Universal Music AB</em></p>
<p><a title="Genom varje andetag" href="https://helensjoholm.nu/_eng/2003-2005/genom-varje-andetag/">Back</a></p>

<p>Lyrics: Hans Widmark Som dagen dör Som natten blir ljus Som stjärnorna som bygger sitt hus Långt borta i rymden den vida Som dagen föds <a class="more-link" href="https://helensjoholm.nu/_eng/2003-2005/genom-varje-andetag/karlekssang/">Read More &#8230;</a></p>
