{"id":2970,"date":"2013-06-03T19:45:23","date_gmt":"2013-06-03T17:45:23","guid":{"rendered":"http:\/\/helensjoholm.nu\/_eng\/?page_id=2970"},"modified":"2022-05-14T17:51:39","modified_gmt":"2022-05-14T15:51:39","slug":"midnattsdans","status":"publish","type":"page","link":"https:\/\/helensjoholm.nu\/_eng\/2003-2005\/bao\/midnattsdans\/","title":{"rendered":"Midnattsdans"},"content":{"rendered":"<p>N\u00e4r vi m\u00f6ter varandra<br \/>\nglid f\u00f6rbi som en skugga<br \/>\nlikt en g\u00e4ckande melodi<br \/>\nf\u00f6rutan namn<\/p>\n<p>I en skog ska vi vandra<br \/>\nd\u00e4r ett milt regn ska dugga<br \/>\nsom vi finner en mening i<br \/>\nen r\u00e4ddningshamn<\/p>\n<p>I en midnattsdans r\u00f6r vi oss<br \/>\ni ett sirligt andante<br \/>\nI en menuett f\u00f6r vi oss<br \/>\nmed vett och sans<\/p>\n<p>Men n\u00e4r vettet f\u00f6rsvinner<br \/>\noch n\u00e4r sinnena brinner<br \/>\ni elden f\u00f6rg\u00f6r vi oss<br \/>\nen midnattsdans<\/p>\n<p>N\u00e4ra vinden och havet<br \/>\nkan ett underverk h\u00e4nda<br \/>\nsom kan skingra v\u00e5rt vankelmod<br \/>\noch ta gestalt<\/p>\n<p>Allt det gamla begravet<br \/>\nV\u00e5ra ansikten v\u00e4nda<br \/>\nmot en k\u00e4rlek av k\u00f6tt och blod<br \/>\nsom fr\u00f6s och svalt<\/p>\n<p>I en midnattsdans r\u00f6r vi oss<br \/>\ni ett sirligt andante<br \/>\nI en menuett f\u00f6r vi oss<br \/>\nmed vett och sans<\/p>\n<p>Men n\u00e4r vettet f\u00f6rsvinner<br \/>\noch n\u00e4r sinnena brinner<br \/>\ni elden f\u00f6rg\u00f6r vi oss<br \/>\nen midnattsdans<\/p>\n<p><em>\u00a9 2004 Mono Music AB<\/em><\/p>\n<p><a title=\"BAO!\" href=\"https:\/\/helensjoholm.nu\/_eng\/2003-2005\/bao\/\">Back<\/a><\/p>\n","protected":false},"excerpt":{"rendered":"<p>N\u00e4r vi m\u00f6ter varandra glid f\u00f6rbi som en skugga likt en g\u00e4ckande melodi f\u00f6rutan namn I en skog ska vi vandra d\u00e4r ett milt regn <a class=\"more-link\" href=\"https:\/\/helensjoholm.nu\/_eng\/2003-2005\/bao\/midnattsdans\/\">Read More &#8230;<\/a><\/p>\n","protected":false},"author":1,"featured_media":0,"parent":2954,"menu_order":0,"comment_status":"closed","ping_status":"closed","template":"","meta":{"ngg_post_thumbnail":0,"footnotes":""},"class_list":["post-2970","page","type-page","status-publish","hentry"],"aioseo_notices":[],"_links":{"self":[{"href":"https:\/\/helensjoholm.nu\/_eng\/wp-json\/wp\/v2\/pages\/2970","targetHints":{"allow":["GET"]}}],"collection":[{"href":"https:\/\/helensjoholm.nu\/_eng\/wp-json\/wp\/v2\/pages"}],"about":[{"href":"https:\/\/helensjoholm.nu\/_eng\/wp-json\/wp\/v2\/types\/page"}],"author":[{"embeddable":true,"href":"https:\/\/helensjoholm.nu\/_eng\/wp-json\/wp\/v2\/users\/1"}],"replies":[{"embeddable":true,"href":"https:\/\/helensjoholm.nu\/_eng\/wp-json\/wp\/v2\/comments?post=2970"}],"version-history":[{"count":0,"href":"https:\/\/helensjoholm.nu\/_eng\/wp-json\/wp\/v2\/pages\/2970\/revisions"}],"up":[{"embeddable":true,"href":"https:\/\/helensjoholm.nu\/_eng\/wp-json\/wp\/v2\/pages\/2954"}],"wp:attachment":[{"href":"https:\/\/helensjoholm.nu\/_eng\/wp-json\/wp\/v2\/media?parent=2970"}],"curies":[{"name":"wp","href":"https:\/\/api.w.org\/{rel}","templated":true}]}}