{"id":2899,"date":"2013-06-02T20:10:48","date_gmt":"2013-06-02T18:10:48","guid":{"rendered":"http:\/\/helensjoholm.nu\/_eng\/?page_id=2899"},"modified":"2025-01-06T21:18:31","modified_gmt":"2025-01-06T19:18:31","slug":"svenska-musikalfavoriter","status":"publish","type":"page","link":"https:\/\/helensjoholm.nu\/_eng\/2003-2005\/svenska-musikalfavoriter\/","title":{"rendered":"Svenska musikalfavoriter"},"content":{"rendered":"<table border=\"0\" align=\"left\">\n<tbody>\n<tr>\n<td valign=\"top\"><img loading=\"lazy\" decoding=\"async\" class=\"alignnone\" title=\"Svenska musikalfavoriter (2005)\" src=\"https:\/\/helensjoholm.nu\/_eng\/wp-content\/gallery\/dislkografi-2003-2005\/cd_svenskamusikalfavoriter_2005.jpg\" alt=\"Svenska musikalfavoriter (2005)\" width=\"100\" height=\"100\"><\/td>\n<td valign=\"top\"><strong>SVENSKA MUSIKALFAVORITER<\/strong><br \/>\nUniversal Music AB (2005)<\/td>\n<\/tr>\n<tr>\n<td colspan=\"2\"><strong>CD 1 <\/strong><\/td>\n<\/tr>\n<tr>\n<td colspan=\"2\"><strong>1. <\/strong> Det b\u00e4sta jag vet &#8211; Carola<\/td>\n<\/tr>\n<tr>\n<td colspan=\"2\"><strong>2. <\/strong> Sommarnatt &#8211; Pernilla Wahlgren &amp; Lars Bethke<\/td>\n<\/tr>\n<tr>\n<td colspan=\"2\"><strong> 3. <\/strong>Vart ska min k\u00e4rlek f\u00f6ra &#8211; Agnetha F\u00e4ltskog<\/td>\n<\/tr>\n<tr>\n<td colspan=\"2\"><strong>4.<\/strong> V\u00e4lkomna till cabaret &#8211; Jan Malmsj\u00f6<\/td>\n<\/tr>\n<tr>\n<td colspan=\"2\"><strong>5. <\/strong> Jag vill vara magisk &#8211; Peter J\u00f6back<\/td>\n<\/tr>\n<tr>\n<td colspan=\"2\"><strong>6. <\/strong> K\u00e4rleken f\u00f6r\u00e4ndrar allt &#8211; Richard Carlsohn<\/td>\n<\/tr>\n<tr>\n<td colspan=\"2\"><strong>7. <\/strong> Barndomens dagar &#8211; Mikael Samuelson &amp; Jeanette K\u00f6hn<\/td>\n<\/tr>\n<tr>\n<td colspan=\"2\"><strong>8. <\/strong> Operafantomen &#8211; Mikael Samuelson &amp; Elisabeth Berg<\/td>\n<\/tr>\n<tr>\n<td colspan=\"2\"><strong>9. <\/strong> Memory &#8211; Sofia K\u00e4llgren<\/td>\n<\/tr>\n<tr>\n<td colspan=\"2\"><strong>10.<\/strong> God morgon stj\u00e4rnljus &#8211; Bj\u00f6rn Skifs<\/td>\n<\/tr>\n<tr>\n<td colspan=\"2\"><strong>11. <\/strong> Om jag hade pengar &#8211; Jan Malmsj\u00f6<\/td>\n<\/tr>\n<tr>\n<td colspan=\"2\"><strong>12.<\/strong> Led hans v\u00e4g &#8211; Tommy K\u00f6rberg<\/td>\n<\/tr>\n<tr>\n<td colspan=\"2\"><strong>13. <\/strong>Minns i november &#8211; Per Myrberg<\/td>\n<\/tr>\n<tr>\n<td colspan=\"2\"><strong>14. <\/strong>Amerika &#8211; Petra Nielsen &amp; Karl Dyall<\/td>\n<\/tr>\n<tr>\n<td colspan=\"2\"><strong>15. <\/strong>Allt vad jag beg\u00e4r &#8211; Bengt Nordfors &amp; Elisabeth Berg<\/td>\n<\/tr>\n<tr>\n<td colspan=\"2\"><strong>16. <\/strong>Jag har en dr\u00f6m &#8211; Karin Glenmark<\/td>\n<\/tr>\n<tr>\n<td colspan=\"2\"><strong>17. <\/strong>Den spanska r\u00e4ven &#8211; Hans Josefsson<\/td>\n<\/tr>\n<tr>\n<td colspan=\"2\"><strong>18. <\/strong>N\u00e5gonstans &#8211; Maria Rydberg<\/td>\n<\/tr>\n<tr>\n<td colspan=\"2\"><strong>19. <\/strong>I mitt hj\u00e4rtas land &#8211; Tommy K\u00f6rberg<\/td>\n<\/tr>\n<tr>\n<td colspan=\"2\"><strong><strong>CD 2 <\/strong><\/strong><\/td>\n<\/tr>\n<tr>\n<td colspan=\"2\"><strong><strong>1. <\/strong><\/strong>Matilde &#8211; Tommy K\u00f6rberg<\/td>\n<\/tr>\n<tr>\n<td colspan=\"2\"><strong><strong>2. <strong>Jag vet vad han vill &#8211; Helen Sj\u00f6holm &amp; Josefin Nilsson<\/strong> <\/strong><\/strong><\/td>\n<\/tr>\n<tr>\n<td colspan=\"2\"><strong><strong>3. <\/strong><\/strong> Nattens musik &#8211; Mikael Samuelson<\/td>\n<\/tr>\n<tr>\n<td colspan=\"2\"><strong><strong>4. <\/strong><\/strong>V\u00e5r b\u00e4sta tid \u00e4r nu &#8211; Jan Malmsj\u00f6<\/td>\n<\/tr>\n<tr>\n<td colspan=\"2\"><strong><strong>5. <\/strong><\/strong>S\u00f6rj inte mig Argentina &#8211; Myrra Malmberg<\/td>\n<\/tr>\n<tr>\n<td colspan=\"2\"><strong><strong>6. <\/strong><\/strong>Superstar &#8211; Roger Pontare<\/td>\n<\/tr>\n<tr>\n<td colspan=\"2\"><strong><strong>7. <\/strong><\/strong>Maria &#8211; Martin Stenmarck<\/td>\n<\/tr>\n<tr>\n<td colspan=\"2\"><strong><strong>8. <\/strong><\/strong>Tomma bord och tomma stolar &#8211; Richard Carlsohn<\/td>\n<\/tr>\n<tr>\n<td colspan=\"2\"><strong><strong>9. <\/strong><\/strong> Var \u00e4r min clown &#8211; Frida<\/td>\n<\/tr>\n<tr>\n<td colspan=\"2\"><strong><strong>10. <\/strong><\/strong>Edelweiss &#8211; Tommy K\u00f6rberg<\/td>\n<\/tr>\n<tr>\n<td colspan=\"2\"><strong><strong>11. <\/strong><\/strong>There\u00b4s no business like show business &#8211; Pernillav Wahlgren m.fl.<\/td>\n<\/tr>\n<tr>\n<td colspan=\"2\"><strong><strong>12. <\/strong><\/strong>Jag tror p\u00e5 dej &#8211; Monica Zetterlund<\/td>\n<\/tr>\n<tr>\n<td colspan=\"2\"><strong><strong>13. <\/strong><\/strong>Varf\u00f6r Gud &#8211; Peter J\u00f6back<\/td>\n<\/tr>\n<tr>\n<td colspan=\"2\"><strong><strong>14. <\/strong><\/strong>K\u00e4rleken &#8211; Mikael Samuelson<\/td>\n<\/tr>\n<tr>\n<td colspan=\"2\"><strong><strong>15. <\/strong><\/strong>Bygga upp ett stort berg &#8211; Jan Malmsj\u00f6<\/td>\n<\/tr>\n<tr>\n<td colspan=\"2\"><strong><strong>16. <\/strong><\/strong>Vad \u00e4r k\u00e4rlek &#8211; Richard Carlsohn<\/td>\n<\/tr>\n<tr>\n<td colspan=\"2\"><strong><strong>17. <\/strong><\/strong>Regnb\u00e5gen &#8211; Sylvia Vrethammar<\/td>\n<\/tr>\n<tr>\n<td colspan=\"2\"><strong><strong>18. <\/strong><\/strong>\u00c4n en dag &#8211; Tommy K\u00f6rberg, Gunilla Backman, Maria Rydberg&#8230;<\/td>\n<\/tr>\n<tr>\n<td colspan=\"2\"><strong><strong>19. <\/strong><\/strong>Du f\u00e5r inte g\u00e5 &#8211; Evabritt Strandberg<\/td>\n<\/tr>\n<tr>\n<td colspan=\"2\"><a title=\"Albums 2003 - 2005\" href=\"https:\/\/helensjoholm.nu\/_eng\/2003-2005\/\">Back<\/a><\/td>\n<\/tr>\n<\/tbody>\n<\/table>\n<p>&nbsp;<\/p>\n","protected":false},"excerpt":{"rendered":"<p>SVENSKA MUSIKALFAVORITER Universal Music AB (2005) CD 1 1. Det b\u00e4sta jag vet &#8211; Carola 2. Sommarnatt &#8211; Pernilla Wahlgren &amp; Lars Bethke 3. Vart <a class=\"more-link\" href=\"https:\/\/helensjoholm.nu\/_eng\/2003-2005\/svenska-musikalfavoriter\/\">Read More &#8230;<\/a><\/p>\n","protected":false},"author":1,"featured_media":0,"parent":177,"menu_order":0,"comment_status":"closed","ping_status":"open","template":"","meta":{"ngg_post_thumbnail":0,"footnotes":""},"class_list":["post-2899","page","type-page","status-publish","hentry"],"aioseo_notices":[],"_links":{"self":[{"href":"https:\/\/helensjoholm.nu\/_eng\/wp-json\/wp\/v2\/pages\/2899","targetHints":{"allow":["GET"]}}],"collection":[{"href":"https:\/\/helensjoholm.nu\/_eng\/wp-json\/wp\/v2\/pages"}],"about":[{"href":"https:\/\/helensjoholm.nu\/_eng\/wp-json\/wp\/v2\/types\/page"}],"author":[{"embeddable":true,"href":"https:\/\/helensjoholm.nu\/_eng\/wp-json\/wp\/v2\/users\/1"}],"replies":[{"embeddable":true,"href":"https:\/\/helensjoholm.nu\/_eng\/wp-json\/wp\/v2\/comments?post=2899"}],"version-history":[{"count":1,"href":"https:\/\/helensjoholm.nu\/_eng\/wp-json\/wp\/v2\/pages\/2899\/revisions"}],"predecessor-version":[{"id":14799,"href":"https:\/\/helensjoholm.nu\/_eng\/wp-json\/wp\/v2\/pages\/2899\/revisions\/14799"}],"up":[{"embeddable":true,"href":"https:\/\/helensjoholm.nu\/_eng\/wp-json\/wp\/v2\/pages\/177"}],"wp:attachment":[{"href":"https:\/\/helensjoholm.nu\/_eng\/wp-json\/wp\/v2\/media?parent=2899"}],"curies":[{"name":"wp","href":"https:\/\/api.w.org\/{rel}","templated":true}]}}