{"id":2861,"date":"2013-06-02T19:10:42","date_gmt":"2013-06-02T17:10:42","guid":{"rendered":"http:\/\/helensjoholm.nu\/_eng\/?page_id=2861"},"modified":"2020-02-02T18:52:25","modified_gmt":"2020-02-02T16:52:25","slug":"mysiga-stunder-volym-1","status":"publish","type":"page","link":"https:\/\/helensjoholm.nu\/_eng\/2003-2005\/mysiga-stunder-volym-1\/","title":{"rendered":"Mysiga stunder volume 1"},"content":{"rendered":"<table border=\"0\" align=\"left\">\n<tbody>\n<tr>\n<td><img loading=\"lazy\" decoding=\"async\" class=\"alignnone\" title=\"Mysiga stunder volume 1 (2005)\" src=\"https:\/\/helensjoholm.nu\/_eng\/wp-content\/gallery\/dislkografi-2003-2005\/cd_mysigastunder_2005.jpg\" alt=\"Mysiga stunder volume 1 (2005)\" width=\"100\" height=\"100\"><\/td>\n<td valign=\"top\"><strong>MYSIGA STUNDER VOLUME 1<\/strong><br \/>\nEMI (2005)<\/td>\n<\/tr>\n<tr>\n<td colspan=\"2\"><strong>CD 1 <\/strong><\/td>\n<\/tr>\n<tr>\n<td colspan=\"2\"><strong>1. <\/strong> De vackraste orden &#8211; CajsaStina \u00c5kerstr\u00f6m<\/td>\n<\/tr>\n<tr>\n<td colspan=\"2\"><strong>2. <\/strong> Over the rainbow &#8211; Eva Cassidy<\/td>\n<\/tr>\n<tr>\n<td colspan=\"2\"><strong> 3. <\/strong>F\u00f6r k\u00e4rlekens skull &#8211; Ted G\u00e4rdestad<\/td>\n<\/tr>\n<tr>\n<td colspan=\"2\"><strong>4.<\/strong> Brusa h\u00f6gre lilla \u00e5 &#8211; Bj\u00f6rn J:son Lindh<\/td>\n<\/tr>\n<tr>\n<td colspan=\"2\"><strong>5. <\/strong> When I need you &#8211; Leo Sayer<\/td>\n<\/tr>\n<tr>\n<td colspan=\"2\"><strong>6. <\/strong> Your song &#8211; Elton John<\/td>\n<\/tr>\n<tr>\n<td colspan=\"2\"><strong>7. <\/strong> I will aways love you &#8211; Dolly Parton<\/td>\n<\/tr>\n<tr>\n<td colspan=\"2\"><strong>8. <\/strong> Jag ger dig min morgon &#8211; Fred \u00c5kerstr\u00f6m<\/td>\n<\/tr>\n<tr>\n<td colspan=\"2\"><strong>9. <\/strong> \u00c4lska mig &#8211; Ainbusk Singers<\/td>\n<\/tr>\n<tr>\n<td colspan=\"2\"><strong>10.<\/strong> Just the way you are &#8211; Barry White<\/td>\n<\/tr>\n<tr>\n<td colspan=\"2\"><strong>11. <\/strong> A little bit more &#8211; Dr Hook<\/td>\n<\/tr>\n<tr>\n<td colspan=\"2\"><strong>12.<\/strong> Alone again (Naturally) &#8211; Gilbert O&#8217;Sullivan<\/td>\n<\/tr>\n<tr>\n<td colspan=\"2\"><strong>13. <\/strong>When a man loves a woman &#8211; Percy Sledge<\/td>\n<\/tr>\n<tr>\n<td colspan=\"2\"><strong>14. <\/strong>Trubbel &#8211; Monica Zetterlund<\/td>\n<\/tr>\n<tr>\n<td colspan=\"2\"><strong>15. <\/strong>Unforgettable &#8211; Nat King Cole<\/td>\n<\/tr>\n<tr>\n<td colspan=\"2\"><strong>16. <\/strong>Canon in D &#8211; J Pachelbel<\/td>\n<\/tr>\n<tr>\n<td colspan=\"2\"><strong>17. <\/strong>Jag v\u00e4ntar&#8230; &#8211; Sofia Karlsson<\/td>\n<\/tr>\n<tr>\n<td colspan=\"2\"><strong>18. <\/strong><strong>Gabriellas s\u00e5ng &#8211; Helen Sj\u00f6holm &amp; Stefan Nilsson<\/strong><\/td>\n<\/tr>\n<tr>\n<td colspan=\"2\"><strong>CD 2<\/strong><\/td>\n<\/tr>\n<tr>\n<td colspan=\"2\"><strong>1. <\/strong>N\u00e4r l\u00f6ven faller &#8211; Carola<\/td>\n<\/tr>\n<tr>\n<td colspan=\"2\"><strong>2. <\/strong>Hello &#8211; Lionel Richie<\/td>\n<\/tr>\n<tr>\n<td colspan=\"2\"><strong>3. <\/strong>The sound of silence &#8211; Simon &amp; Garfunkel<\/td>\n<\/tr>\n<tr>\n<td colspan=\"2\"><strong>4. <\/strong>If you don&#8217;t know me by now &#8211; Harold Melvin &amp; The Bluenotes<\/td>\n<\/tr>\n<tr>\n<td colspan=\"2\"><strong>5. <\/strong>Daniel &amp; Lena &#8211; Stefan Nilsson<\/td>\n<\/tr>\n<tr>\n<td colspan=\"2\"><strong>6. <\/strong>You are so beautiful &#8211; Joe Cocker<\/td>\n<\/tr>\n<tr>\n<td colspan=\"2\"><strong>7. <\/strong> I tveksamhetens tid &#8211; Lisa Ekdahl<\/td>\n<\/tr>\n<tr>\n<td colspan=\"2\"><strong>8. <\/strong>What a wonderful world &#8211; Louis Armstrong<\/td>\n<\/tr>\n<tr>\n<td colspan=\"2\"><strong>9. <\/strong>Morning has broken &#8211; Cat Stevens<\/td>\n<\/tr>\n<tr>\n<td colspan=\"2\"><strong>10. <\/strong>Alltid inom mig &#8211; Totta N\u00e4slund &amp; Josefin Nilsson<\/td>\n<\/tr>\n<tr>\n<td colspan=\"2\"><strong>11. <\/strong>Av l\u00e4ngtan till dig &#8211; \u00c5sa Jinder &amp; CajsaStine \u00c5kerstr\u00f6m<\/td>\n<\/tr>\n<tr>\n<td colspan=\"2\"><strong>12.<\/strong> Unchained melody &#8211; The Righteous Brothers<\/td>\n<\/tr>\n<tr>\n<td colspan=\"2\"><strong>13. <\/strong> Let&#8217;s get it on &#8211; Marvin Gyea<\/td>\n<\/tr>\n<tr>\n<td colspan=\"2\"><strong>14.<\/strong> The lady in red &#8211; Chris De Burgh<\/td>\n<\/tr>\n<tr>\n<td colspan=\"2\"><strong>15.<\/strong> Min arm omkring din hals &#8211; Semya Hamilton<\/td>\n<\/tr>\n<tr>\n<td colspan=\"2\"><strong>16. <\/strong> H\u00e5ll mitt hj\u00e4rta &#8211; Bj\u00f6rn Skifs<\/td>\n<\/tr>\n<tr>\n<td colspan=\"2\"><strong>17. <\/strong> \u00d6ppna din d\u00f6rr &#8211; Tommy Nilsson<\/td>\n<\/tr>\n<tr>\n<td colspan=\"2\"><strong>18. <\/strong> Air &#8211; Bach<\/td>\n<\/tr>\n<tr>\n<td colspan=\"2\"><a title=\"Albums 2003 - 2005\" href=\"https:\/\/helensjoholm.nu\/_eng\/2003-2005\/\">Back<\/a><\/td>\n<\/tr>\n<\/tbody>\n<\/table>\n<p>&nbsp;<\/p>\n","protected":false},"excerpt":{"rendered":"<p>MYSIGA STUNDER VOLUME 1 EMI (2005) CD 1 1. De vackraste orden &#8211; CajsaStina \u00c5kerstr\u00f6m 2. Over the rainbow &#8211; Eva Cassidy 3. F\u00f6r k\u00e4rlekens <a class=\"more-link\" href=\"https:\/\/helensjoholm.nu\/_eng\/2003-2005\/mysiga-stunder-volym-1\/\">Read More &#8230;<\/a><\/p>\n","protected":false},"author":1,"featured_media":0,"parent":177,"menu_order":0,"comment_status":"closed","ping_status":"open","template":"","meta":{"ngg_post_thumbnail":0,"footnotes":""},"class_list":["post-2861","page","type-page","status-publish","hentry"],"aioseo_notices":[],"_links":{"self":[{"href":"https:\/\/helensjoholm.nu\/_eng\/wp-json\/wp\/v2\/pages\/2861","targetHints":{"allow":["GET"]}}],"collection":[{"href":"https:\/\/helensjoholm.nu\/_eng\/wp-json\/wp\/v2\/pages"}],"about":[{"href":"https:\/\/helensjoholm.nu\/_eng\/wp-json\/wp\/v2\/types\/page"}],"author":[{"embeddable":true,"href":"https:\/\/helensjoholm.nu\/_eng\/wp-json\/wp\/v2\/users\/1"}],"replies":[{"embeddable":true,"href":"https:\/\/helensjoholm.nu\/_eng\/wp-json\/wp\/v2\/comments?post=2861"}],"version-history":[{"count":0,"href":"https:\/\/helensjoholm.nu\/_eng\/wp-json\/wp\/v2\/pages\/2861\/revisions"}],"up":[{"embeddable":true,"href":"https:\/\/helensjoholm.nu\/_eng\/wp-json\/wp\/v2\/pages\/177"}],"wp:attachment":[{"href":"https:\/\/helensjoholm.nu\/_eng\/wp-json\/wp\/v2\/media?parent=2861"}],"curies":[{"name":"wp","href":"https:\/\/api.w.org\/{rel}","templated":true}]}}