{"id":2053,"date":"2013-05-14T19:32:37","date_gmt":"2013-05-14T17:32:37","guid":{"rendered":"http:\/\/helensjoholm.nu\/_eng\/?page_id=2053"},"modified":"2022-06-26T07:34:29","modified_gmt":"2022-06-26T05:34:29","slug":"lyrics-tomten-har-akt-hem","status":"publish","type":"page","link":"https:\/\/helensjoholm.nu\/_eng\/2011-2015\/tomten-har-akt-hem\/lyrics-tomten-har-akt-hem\/","title":{"rendered":"Tomten har \u00e5kt hem"},"content":{"rendered":"<p><strong>Music:<\/strong> Benny Andersson<br \/>\n<strong>Lyrics:<\/strong> Bj\u00f6rn Ulvaeus<\/p>\n<p>Lilla Greta gr\u00e4t<br \/>\nN\u00e4r tomten kom, hon satt i kn\u00e4t<br \/>\np\u00e5 gamla farmor och hon l\u00e4t<br \/>\nR\u00e4tt illa<br \/>\nTomten hade skr\u00e4mt den lilla<br \/>\nTomten han \u00e4r sn\u00e4ll<br \/>\nSa farmor, han kom hit ikv\u00e4ll<br \/>\nOch gav dig klappar, minns du v\u00e4l<br \/>\nDen g\u00e4sten<br \/>\n\u00c4r v\u00e4lkommen och f\u00f6rresten<\/p>\n<p>Tomten har \u00e5kt hem<br \/>\nVill du veta var han bor?<br \/>\nJo, n\u00e5gra mil \u00e5t \u00f6ster<br \/>\nN\u00e5gra mil \u00e5t v\u00e4ster<br \/>\nLite norr om s\u00f6der<br \/>\nEnligt vad jag tror<\/p>\n<p>Tomten har \u00e5kt hem<br \/>\nVill du veta var han for<br \/>\nJa, upp\u00e5t Haparanda<br \/>\nTill sin fru Amanda<br \/>\nSina tio br\u00f6der<br \/>\nOch sin far och mor<br \/>\nAlla nissarna dom sm\u00e5<br \/>\nHar v\u00e4ntat s\u00e5<br \/>\nJa, nu kan dansen g\u00e5<\/p>\n<p>Dom tar ett steg \u00e5t h\u00f6ger och sen n\u00e5gra<br \/>\nsteg rakt fram<br \/>\nPirrpam, pirrpam, pirrpam<br \/>\nAlla sl\u00e5r varandra p\u00e5 l\u00e5ren<br \/>\noch br\u00e4ker som f\u00e5ren<br \/>\nOch spelar p\u00e5 kam<\/p>\n<p>Amanda hoppar kr\u00e5ka med nissarna t\u00e4tt<br \/>\nbakom<br \/>\nPirrpam, pirrpam, pirrpam<br \/>\nNissarna, som kan g\u00e5 p\u00e5 h\u00e4nder<br \/>\nDom l\u00e5ter som \u00e4nder<br \/>\nDom kacklar liksom<\/p>\n<p>Lilla Gretas gr\u00e5t<br \/>\nTog slut och kinden som var v\u00e5t<br \/>\nDen torka\u00b4farmor efter\u00e5t<br \/>\nMin flicka<br \/>\nSa hon, h\u00e4r \u00e4r saft att dricka<\/p>\n<p>Tomten \u00e4r r\u00e4tt bra<br \/>\nSa Greta, tomte vill jag ha<br \/>\nVarenda da\u00b4kan jag f\u00e5 ta<br \/>\nEn kaka<br \/>\nKommer tomten snart tillbaka<\/p>\n<p>Tomten har \u00e5kt hem<br \/>\nVill du veta var han bor?<br \/>\nJo, n\u00e5gra mil \u00e5t \u00f6ster<br \/>\nN\u00e5gra mil \u00e5t v\u00e4ster<br \/>\nLite norr om s\u00f6der<br \/>\nEnligt vad jag tror<\/p>\n<p>Tomten har \u00e5kt hem<br \/>\nVill du veta var han for<br \/>\nJa, upp\u00e5t Haparanda<br \/>\nTill sin fru Amanda<br \/>\nSina tio br\u00f6der<br \/>\nOch sin far och mor<br \/>\nAlla nissarna dom sm\u00e5<br \/>\nHar v\u00e4ntat s\u00e5<br \/>\nJa, nu kan dansen g\u00e5<\/p>\n<p>Dom tar ett steg \u00e5t h\u00f6ger och sen n\u00e5gra<br \/>\nsteg rakt fram<br \/>\nPirrpam, pirrpam, pirrpam<br \/>\nAlla sl\u00e5r varandra p\u00e5 l\u00e5ren<br \/>\noch br\u00e4ker som f\u00e5ren<br \/>\nOch spelar p\u00e5 kam<\/p>\n<p>Amanda hoppar kr\u00e5ka med nissarna t\u00e4tt<br \/>\nbakom<br \/>\nPirrpam, pirrpam, pirrpam<br \/>\nNissarna, som kan g\u00e5 p\u00e5 h\u00e4nder<br \/>\nDom l\u00e5ter som \u00e4nder<br \/>\nDom kacklar liksom<\/p>\n<p>Alla nissarna dom sm\u00e5<br \/>\nHar v\u00e4ntat s\u00e5<br \/>\nJa, nu kan dansen g\u00e5<\/p>\n<p><em>Copyright \u00a9 2011 Mono Music AB<\/em><\/p>\n<p><a title=\"Tomten har \u00e5kt hem\" href=\"https:\/\/helensjoholm.nu\/_eng\/2011-2015\/tomten-har-akt-hem\/\">Back<\/a><\/p>\n","protected":false},"excerpt":{"rendered":"<p>Music: Benny Andersson Lyrics: Bj\u00f6rn Ulvaeus Lilla Greta gr\u00e4t N\u00e4r tomten kom, hon satt i kn\u00e4t p\u00e5 gamla farmor och hon l\u00e4t R\u00e4tt illa Tomten <a class=\"more-link\" href=\"https:\/\/helensjoholm.nu\/_eng\/2011-2015\/tomten-har-akt-hem\/lyrics-tomten-har-akt-hem\/\">Read More &#8230;<\/a><\/p>\n","protected":false},"author":1,"featured_media":0,"parent":2014,"menu_order":0,"comment_status":"closed","ping_status":"closed","template":"","meta":{"ngg_post_thumbnail":0,"footnotes":""},"class_list":["post-2053","page","type-page","status-publish","hentry"],"aioseo_notices":[],"_links":{"self":[{"href":"https:\/\/helensjoholm.nu\/_eng\/wp-json\/wp\/v2\/pages\/2053","targetHints":{"allow":["GET"]}}],"collection":[{"href":"https:\/\/helensjoholm.nu\/_eng\/wp-json\/wp\/v2\/pages"}],"about":[{"href":"https:\/\/helensjoholm.nu\/_eng\/wp-json\/wp\/v2\/types\/page"}],"author":[{"embeddable":true,"href":"https:\/\/helensjoholm.nu\/_eng\/wp-json\/wp\/v2\/users\/1"}],"replies":[{"embeddable":true,"href":"https:\/\/helensjoholm.nu\/_eng\/wp-json\/wp\/v2\/comments?post=2053"}],"version-history":[{"count":0,"href":"https:\/\/helensjoholm.nu\/_eng\/wp-json\/wp\/v2\/pages\/2053\/revisions"}],"up":[{"embeddable":true,"href":"https:\/\/helensjoholm.nu\/_eng\/wp-json\/wp\/v2\/pages\/2014"}],"wp:attachment":[{"href":"https:\/\/helensjoholm.nu\/_eng\/wp-json\/wp\/v2\/media?parent=2053"}],"curies":[{"name":"wp","href":"https:\/\/api.w.org\/{rel}","templated":true}]}}