{"id":1747,"date":"2013-05-09T18:26:54","date_gmt":"2013-05-09T16:26:54","guid":{"rendered":"http:\/\/helensjoholm.nu\/_eng\/?page_id=1747"},"modified":"2013-06-26T20:08:21","modified_gmt":"2013-06-26T18:08:21","slug":"various-2010","status":"publish","type":"page","link":"https:\/\/helensjoholm.nu\/_eng\/press-clips\/various-2010\/","title":{"rendered":"Various 2010"},"content":{"rendered":"<table style=\"width: 675px;\" border=\"1\" cellspacing=\"3\" cellpadding=\"3\">\n<tbody>\n<tr valign=\"top\">\n<td><strong>101124<\/strong><\/td>\n<td><a title=\"Singer in new waters\" href=\"https:\/\/helensjoholm.nu\/_eng\/press-clips\/various-2010\/singer-in-new-waters\/\">Mitt i Nacka &#8211; Singer in new waters<\/a><\/td>\n<\/tr>\n<tr valign=\"top\">\n<td><strong>101116<\/strong><\/td>\n<td><a title=\"From Kristina to Billy Joel \u2013 meet Helen Sj\u00f6holm\" href=\"https:\/\/helensjoholm.nu\/_eng\/press-clips\/various-2010\/from-kristina-to-billy-joel-meet-helen-sjoholm\/\">Nacka V\u00e4rmd\u00f6 Posten &#8211; From Kristina to Billy Joel &#8211; meet Helen Sj\u00f6holm<\/a><\/td>\n<\/tr>\n<tr valign=\"top\">\n<td><strong>101115<\/strong><\/td>\n<td><a title=\"Helen Sj\u00f6holm releases a new album\" href=\"https:\/\/helensjoholm.nu\/_eng\/press-clips\/various-2010\/helen-sjoholm-releases-a-new-album\/\">Expressen &#8211; Helen Sj\u00f6holm releases a new album<\/a><\/td>\n<\/tr>\n<tr valign=\"top\">\n<td><strong>101112<\/strong><\/td>\n<td><a title=\"Helen Sj\u00f6holm is taking a year off\" href=\"https:\/\/helensjoholm.nu\/_eng\/press-clips\/various-2010\/helen-sjoholm-is-taking-a-year-off\/\">Expressen &#8211; Helen Sj\u00f6holm is taking a year off<\/a><\/td>\n<\/tr>\n<tr valign=\"top\">\n<td><strong>100927<\/strong><\/td>\n<td><a title=\"A magical night at the castle\" href=\"https:\/\/helensjoholm.nu\/_eng\/press-clips\/various-2010\/a-magical-night-at-the-castle\/\">LTZ &#8211; A magical night at the castle<\/a><\/td>\n<\/tr>\n<tr valign=\"top\">\n<td width=\"130\"><strong>100821<\/strong><\/td>\n<td width=\"517\"><a title=\"Helen starts her tour in Sundsvall\" href=\"https:\/\/helensjoholm.nu\/_eng\/press-clips\/various-2010\/helen-starts-her-tour-in-sundsvall\/\">Dagbladet &#8211; Helen starts her tour in Sundsvall<\/a><\/td>\n<\/tr>\n<tr valign=\"top\">\n<td><strong>100423<\/strong><\/td>\n<td><a title=\"Right now her thoughts is around Malm\u00f6 concerts\" href=\"https:\/\/helensjoholm.nu\/_eng\/press-clips\/various-2010\/right-now-her-thoughts-is-around-malmo-concerts\/\">Expressen &#8211; Right now her thoughts is around Malm\u00f6 concerts<\/a><\/td>\n<\/tr>\n<tr valign=\"top\">\n<td><strong>100416<\/strong><\/td>\n<td><a title=\"Kristina: Royal Albert Hall\" href=\"https:\/\/helensjoholm.nu\/_eng\/press-clips\/various-2010\/kristina-royal-albert-hall\/\">Expressen &#8211; Kristina: Royal Albert Hall<\/a><\/td>\n<\/tr>\n<tr valign=\"top\">\n<td><strong>100415<\/strong><\/td>\n<td><a title=\"Aftonbladet \u2013 Wants to sing to the bridal couple\" href=\"https:\/\/helensjoholm.nu\/_eng\/press-clips\/various-2010\/aftonbladet-wants-to-sing-to-the-bridal-couple\/\">Aftonbladet &#8211; Wants to sing to the bridal couple<\/a><\/td>\n<\/tr>\n<tr valign=\"top\">\n<td><strong>100415<\/strong><\/td>\n<td><a title=\"Kristina a hit in London\" href=\"https:\/\/helensjoholm.nu\/_eng\/press-clips\/various-2010\/kristina-a-hit-in-london\/\">Ystads Allehanda &#8211; Kristina a hit in London<\/a><\/td>\n<\/tr>\n<tr valign=\"top\">\n<td><strong>100414<\/strong><\/td>\n<td><a title=\"Finished with Kristina\" href=\"https:\/\/helensjoholm.nu\/_eng\/press-clips\/various-2010\/finished-with-kristina\/\">Aftonbladet &#8211; Finished with Kristina<\/a><\/td>\n<\/tr>\n<tr valign=\"top\">\n<td><strong>100306<\/strong><\/td>\n<td><a title=\"Sj\u00f6holm sold on Sondheim\" href=\"https:\/\/helensjoholm.nu\/_eng\/press-clips\/various-2010\/sjoholm-sold-on-sondheim\/\">Folkbladet &#8211; Sj\u00f6holm sold on Sondheim<\/a><\/td>\n<\/tr>\n<\/tbody>\n<\/table>\n<hr \/>\n<p><a title=\"Press clips\" href=\"https:\/\/helensjoholm.nu\/_eng\/press-clips\/\">Back<\/a><\/p>\n","protected":false},"excerpt":{"rendered":"<p>101124 Mitt i Nacka &#8211; Singer in new waters 101116 Nacka V\u00e4rmd\u00f6 Posten &#8211; From Kristina to Billy Joel &#8211; meet Helen Sj\u00f6holm 101115 Expressen <a class=\"more-link\" href=\"https:\/\/helensjoholm.nu\/_eng\/press-clips\/various-2010\/\">Read More &#8230;<\/a><\/p>\n","protected":false},"author":1,"featured_media":0,"parent":152,"menu_order":0,"comment_status":"closed","ping_status":"open","template":"","meta":{"ngg_post_thumbnail":0,"footnotes":""},"class_list":["post-1747","page","type-page","status-publish","hentry"],"aioseo_notices":[],"_links":{"self":[{"href":"https:\/\/helensjoholm.nu\/_eng\/wp-json\/wp\/v2\/pages\/1747","targetHints":{"allow":["GET"]}}],"collection":[{"href":"https:\/\/helensjoholm.nu\/_eng\/wp-json\/wp\/v2\/pages"}],"about":[{"href":"https:\/\/helensjoholm.nu\/_eng\/wp-json\/wp\/v2\/types\/page"}],"author":[{"embeddable":true,"href":"https:\/\/helensjoholm.nu\/_eng\/wp-json\/wp\/v2\/users\/1"}],"replies":[{"embeddable":true,"href":"https:\/\/helensjoholm.nu\/_eng\/wp-json\/wp\/v2\/comments?post=1747"}],"version-history":[{"count":0,"href":"https:\/\/helensjoholm.nu\/_eng\/wp-json\/wp\/v2\/pages\/1747\/revisions"}],"up":[{"embeddable":true,"href":"https:\/\/helensjoholm.nu\/_eng\/wp-json\/wp\/v2\/pages\/152"}],"wp:attachment":[{"href":"https:\/\/helensjoholm.nu\/_eng\/wp-json\/wp\/v2\/media?parent=1747"}],"curies":[{"name":"wp","href":"https:\/\/api.w.org\/{rel}","templated":true}]}}