{"id":1600,"date":"2013-05-09T07:56:52","date_gmt":"2013-05-09T05:56:52","guid":{"rendered":"http:\/\/helensjoholm.nu\/_eng\/?page_id=1600"},"modified":"2022-03-09T19:47:53","modified_gmt":"2022-03-09T17:47:53","slug":"easy-to-manage-with-sondheim-tunes","status":"publish","type":"page","link":"https:\/\/helensjoholm.nu\/_eng\/press-clips\/reviews-2010\/easy-to-manage-with-sondheim-tunes\/","title":{"rendered":"Easy to manage with Sondheim tunes"},"content":{"rendered":"<p><strong>Folkbladet 100308<\/strong><\/p>\n<p>By: ANNA SK\u00d6LDH<\/p>\n<p><strong>A Tribute to Stephen Sondheim &nbsp;<\/strong><br \/>\nDe Geer Hall Norrk\u00f6ping<br \/>\nNorrk\u00f6ping Symphony Orchestra<br \/>\n<strong>Conductor:<\/strong> Anders Berglund<br \/>\n<strong>Soloists:<\/strong> Helen Sj\u00f6holm and Fredrik Lycke<\/p>\n<p><strong>REVIEW<\/strong> A truly magnificent celebration of song and text maker Stephen Sondheim, we, who spent Saturday night in De Geer Hall, got. (I think it would be better to have it like \u201cWe who spent Saturday night in De Geer Hall, got a truly magnificent celebration\u2026\u201d etc.) The statement came quite vocal, quickly and immediately in Sj\u00f6holm-Lycke&#8217;s first number, where they recited with their tongues right in the mouth of what was to come.<\/p>\n<p>No grips added, nothing flattering, no, only indomitable lyrics and melodies that just need to come up, so I think Sondheim can be summarized. Because there are no simple predictable songs that he delivered, this giant who will soon celebrate the 80th birthday.<\/p>\n<p>With Anders Berglund on the podium, we know that there will be quality; and that the Norrk\u00f6ping Symphony Orchestra knows how to do it, we know for sure. Helen Sj\u00f6holm and Fredrik Lycke sometimes are singing, sometimes talking to us in a delightfully unpretentious dramaturgy about Sondheim&#8217;s music.<\/p>\n<p>Helen Sj\u00f6holm threw herself between the tender, quiet ballads and more raw songs. She finds a new voice to any genre, and it appeals to me. &#8220;What Can You Lose&#8221; from Dick Tracy fitted in extra well in her soft setting. &#8220;Not While I&#8217;m Around&#8221; from Sweeney Todd as well.<\/p>\n<p>Fredrik Lycke is like getting his tunes from the floor, or perhaps in his own depths, and picks them up to the surface.<\/p>\n<p>Really nice, it was in &#8220;Back to Business&#8221; from Dick Tracy where Berglund flanked the singers in a nicely organized trio. Fredrik sung &#8220;Being Alive&#8221; from Company neat and well-phrased and there was real shiver warning in &#8220;Send In The Clowns&#8221; from A Little Night Music, where the focus and presence appeared in every single syllable. Powerful!<\/p>\n<p>Follies\u2019 \u201cBroadway Baby\u201d got a real fast, almost jazzy setting.<\/p>\n<p>Sure, it was in the duets it burned a little extra, not strange with that material. West Side Story with \u201cOne Hand, One Heart\u201d was sung beautifully with the backdrop of Berglund&#8217;s powerful arrangement.<\/p>\n<p>A thoroughly enjoyable evening of music worth living on.<\/p>\n<p><a title=\"Reviews 2010\" href=\"https:\/\/helensjoholm.nu\/_eng\/press-clips\/reviews-2010\/\">Back<\/a><\/p>\n<p>&nbsp;<\/p>\n","protected":false},"excerpt":{"rendered":"<p>Folkbladet 100308 By: ANNA SK\u00d6LDH A Tribute to Stephen Sondheim &nbsp; De Geer Hall Norrk\u00f6ping Norrk\u00f6ping Symphony Orchestra Conductor: Anders Berglund Soloists: Helen Sj\u00f6holm and <a class=\"more-link\" href=\"https:\/\/helensjoholm.nu\/_eng\/press-clips\/reviews-2010\/easy-to-manage-with-sondheim-tunes\/\">Read More &#8230;<\/a><\/p>\n","protected":false},"author":1,"featured_media":0,"parent":1476,"menu_order":0,"comment_status":"closed","ping_status":"closed","template":"","meta":{"ngg_post_thumbnail":0,"footnotes":""},"class_list":["post-1600","page","type-page","status-publish","hentry"],"aioseo_notices":[],"_links":{"self":[{"href":"https:\/\/helensjoholm.nu\/_eng\/wp-json\/wp\/v2\/pages\/1600","targetHints":{"allow":["GET"]}}],"collection":[{"href":"https:\/\/helensjoholm.nu\/_eng\/wp-json\/wp\/v2\/pages"}],"about":[{"href":"https:\/\/helensjoholm.nu\/_eng\/wp-json\/wp\/v2\/types\/page"}],"author":[{"embeddable":true,"href":"https:\/\/helensjoholm.nu\/_eng\/wp-json\/wp\/v2\/users\/1"}],"replies":[{"embeddable":true,"href":"https:\/\/helensjoholm.nu\/_eng\/wp-json\/wp\/v2\/comments?post=1600"}],"version-history":[{"count":0,"href":"https:\/\/helensjoholm.nu\/_eng\/wp-json\/wp\/v2\/pages\/1600\/revisions"}],"up":[{"embeddable":true,"href":"https:\/\/helensjoholm.nu\/_eng\/wp-json\/wp\/v2\/pages\/1476"}],"wp:attachment":[{"href":"https:\/\/helensjoholm.nu\/_eng\/wp-json\/wp\/v2\/media?parent=1600"}],"curies":[{"name":"wp","href":"https:\/\/api.w.org\/{rel}","templated":true}]}}