{"id":15089,"date":"2025-07-17T13:33:09","date_gmt":"2025-07-17T11:33:09","guid":{"rendered":"https:\/\/helensjoholm.nu\/_eng\/?page_id=15089"},"modified":"2025-07-17T13:35:02","modified_gmt":"2025-07-17T11:35:02","slug":"jag-vill-folja-med-lyrics","status":"publish","type":"page","link":"https:\/\/helensjoholm.nu\/_eng\/2011-2015\/jag-vill-folja-med\/jag-vill-folja-med-lyrics\/","title":{"rendered":"Jag vill f\u00f6lja med"},"content":{"rendered":"<p><strong>Music &amp; lyrics:<\/strong>&nbsp;Anders Widmark<\/p>\n<p>Nu n\u00e4r n\u00e4tterna blir l\u00e4ngre<br \/>\nDu skr\u00e4ms av m\u00f6rket som ett barn<br \/>\nSom f\u00f6ljer f\u00e5gelstr\u00e4ck mot himlen<br \/>\nJag vill f\u00f6lja med<br \/>\nJag vill f\u00f6lja med<br \/>\nJag vill f\u00f6lja med<\/p>\n<p>Den l\u00e4ngsta resan \u00e4r f\u00f6r kort<br \/>\nAtt vara n\u00e4ra men l\u00e5ngt bort<br \/>\nDu ser ett \u00f6gonblick som flyr<br \/>\nJag vill f\u00f6lja med<br \/>\nJag vill f\u00f6lja med<br \/>\nJag vill f\u00f6lja med<\/p>\n<p>V\u00e5gar du<br \/>\nV\u00e5gar du lyfta vingarna<br \/>\nSvara mig du<br \/>\nV\u00e5gar du, v\u00e5gar du<br \/>\nV\u00e5gar du stanna kvar<\/p>\n<p>Ingen vet om morgondagen<br \/>\nB\u00e4r med sig m\u00f6rker eller ljus<br \/>\nMen jag vill inte resa ensam<br \/>\nF\u00f6r jag vill f\u00f6lja med<br \/>\nJag vill f\u00f6lja med<br \/>\nJag vill f\u00f6lja med<\/p>\n<p>V\u00e5gar du<br \/>\nV\u00e5gar du lyfta vingarna<br \/>\nSvara mig du<br \/>\nV\u00e5gar du<br \/>\nV\u00e5gar du stanna kvar<\/p>\n<p>V\u00e5gar du<br \/>\nV\u00e5gar du<br \/>\nV\u00e5gar du<br \/>\nV\u00e5gar du stanna kvar<\/p>\n<p><a href=\"https:\/\/helensjoholm.nu\/_eng\/2011-2015\/jag-vill-folja-med\/\">Back<\/a><\/p>\n","protected":false},"excerpt":{"rendered":"<p>Music &amp; lyrics:&nbsp;Anders Widmark Nu n\u00e4r n\u00e4tterna blir l\u00e4ngre Du skr\u00e4ms av m\u00f6rket som ett barn Som f\u00f6ljer f\u00e5gelstr\u00e4ck mot himlen Jag vill f\u00f6lja med <a class=\"more-link\" href=\"https:\/\/helensjoholm.nu\/_eng\/2011-2015\/jag-vill-folja-med\/jag-vill-folja-med-lyrics\/\">Read More &#8230;<\/a><\/p>\n","protected":false},"author":1,"featured_media":0,"parent":8728,"menu_order":0,"comment_status":"closed","ping_status":"closed","template":"","meta":{"ngg_post_thumbnail":0,"footnotes":""},"class_list":["post-15089","page","type-page","status-publish","hentry"],"aioseo_notices":[],"_links":{"self":[{"href":"https:\/\/helensjoholm.nu\/_eng\/wp-json\/wp\/v2\/pages\/15089","targetHints":{"allow":["GET"]}}],"collection":[{"href":"https:\/\/helensjoholm.nu\/_eng\/wp-json\/wp\/v2\/pages"}],"about":[{"href":"https:\/\/helensjoholm.nu\/_eng\/wp-json\/wp\/v2\/types\/page"}],"author":[{"embeddable":true,"href":"https:\/\/helensjoholm.nu\/_eng\/wp-json\/wp\/v2\/users\/1"}],"replies":[{"embeddable":true,"href":"https:\/\/helensjoholm.nu\/_eng\/wp-json\/wp\/v2\/comments?post=15089"}],"version-history":[{"count":2,"href":"https:\/\/helensjoholm.nu\/_eng\/wp-json\/wp\/v2\/pages\/15089\/revisions"}],"predecessor-version":[{"id":15092,"href":"https:\/\/helensjoholm.nu\/_eng\/wp-json\/wp\/v2\/pages\/15089\/revisions\/15092"}],"up":[{"embeddable":true,"href":"https:\/\/helensjoholm.nu\/_eng\/wp-json\/wp\/v2\/pages\/8728"}],"wp:attachment":[{"href":"https:\/\/helensjoholm.nu\/_eng\/wp-json\/wp\/v2\/media?parent=15089"}],"curies":[{"name":"wp","href":"https:\/\/api.w.org\/{rel}","templated":true}]}}

Jag vill följa med

<p><strong>Music &amp; lyrics:</strong>&nbsp;Anders Widmark</p>
<p>Nu när nätterna blir längre<br />
Du skräms av mörket som ett barn<br />
Som följer fågelsträck mot himlen<br />
Jag vill följa med<br />
Jag vill följa med<br />
Jag vill följa med</p>
<p>Den längsta resan är för kort<br />
Att vara nära men långt bort<br />
Du ser ett ögonblick som flyr<br />
Jag vill följa med<br />
Jag vill följa med<br />
Jag vill följa med</p>
<p>Vågar du<br />
Vågar du lyfta vingarna<br />
Svara mig du<br />
Vågar du, vågar du<br />
Vågar du stanna kvar</p>
<p>Ingen vet om morgondagen<br />
Bär med sig mörker eller ljus<br />
Men jag vill inte resa ensam<br />
För jag vill följa med<br />
Jag vill följa med<br />
Jag vill följa med</p>
<p>Vågar du<br />
Vågar du lyfta vingarna<br />
Svara mig du<br />
Vågar du<br />
Vågar du stanna kvar</p>
<p>Vågar du<br />
Vågar du<br />
Vågar du<br />
Vågar du stanna kvar</p>
<p><a href="https://helensjoholm.nu/_eng/2011-2015/jag-vill-folja-med/">Back</a></p>

<p>Music &amp; lyrics:&nbsp;Anders Widmark Nu när nätterna blir längre Du skräms av mörket som ett barn Som följer fågelsträck mot himlen Jag vill följa med <a class="more-link" href="https://helensjoholm.nu/_eng/2011-2015/jag-vill-folja-med/jag-vill-folja-med-lyrics/">Read More &#8230;</a></p>
