{"id":14843,"date":"2025-02-02T11:01:42","date_gmt":"2025-02-02T09:01:42","guid":{"rendered":"https:\/\/helensjoholm.nu\/_eng\/?page_id=14843"},"modified":"2025-02-02T11:01:42","modified_gmt":"2025-02-02T09:01:42","slug":"om-inte-du-lyrics","status":"publish","type":"page","link":"https:\/\/helensjoholm.nu\/_eng\/2011-2015\/musikalen-livet-ar-en-schlager\/om-inte-du-lyrics\/","title":{"rendered":"Om inte du"},"content":{"rendered":"<p><strong>Music:<\/strong> Fredrik Kempe<br \/>\n<strong>Lyrics:<\/strong> Jonas Gardell<\/p>\n<p>Om jag \u00e4n g\u00e5r dit ingen annan g\u00e5tt<br \/>\nOch n\u00e5r dit ingen annan m\u00e4nska n\u00e5tt<br \/>\nMen sviker allting som jag trodde p\u00e5<br \/>\nF\u00f6rlorar v\u00e4nskapen till dig<\/p>\n<p>Ja, om jag vinner alla v\u00e4rldens pris<br \/>\nEnsam i min framg\u00e5ngs paradis<br \/>\nD\u00e5 har jag inte vunnit n\u00e5got alls<br \/>\nOm inte du \u00e4r d\u00e4r med mig<\/p>\n<p>Och n\u00e4r jag en g\u00e5ng n\u00e5r till himlens h\u00f6jd<br \/>\nOch njuter av harpospel och salig fr\u00f6jd<br \/>\nMen ser mig om och m\u00e4rker att du inte \u00e4r d\u00e4r<br \/>\nVem \u00e4r jag, om jag blir kvar<\/p>\n<p>Nej d\u00e5 lovar jag att tr\u00e4da inf\u00f6r Gud och s\u00e4ga<br \/>\nAtt jag vill inte l\u00e4ngre vara h\u00e4r<br \/>\nJag vill vara d\u00e4r dom andra \u00e4r<br \/>\nF\u00f6r om inte dom s\u00e5 inte jag<\/p>\n<p>Och Gud han s\u00e4ger, Du har r\u00e4tt min v\u00e4n<br \/>\nOch sen \u00f6ppnas p\u00e4rleportarna till himmelen<br \/>\nOch \u00f6verallt ifr\u00e5n v\u00e4ller m\u00e4nskor in<br \/>\nOm inte du s\u00e5 inte jag<\/p>\n<p>En f\u00f6r alla, och alla f\u00f6r en<br \/>\nIngen l\u00e4mnas utanf\u00f6r<\/p>\n<p>F\u00f6r d\u00e4r du g\u00e5r dit vill jag ocks\u00e5 g\u00e5<br \/>\nAntingen ingen eller b\u00e5da tv\u00e5<br \/>\nEnsam \u00e4r ej stark, ensam \u00e4r s\u00e5 svag<br \/>\nOm inte du, s\u00e5 inte jag<br \/>\nOm inte du, s\u00e5 inte jag<\/p>\n<p><em>\u00a9 2015 Universal Music AB<\/em><\/p>\n<p><a title=\"Musikalen Livet \u00e4r en schlager\" href=\"https:\/\/helensjoholm.nu\/_eng\/2011-2015\/musikalen-livet-ar-en-schlager\/\">Back<\/a><\/p>\n","protected":false},"excerpt":{"rendered":"<p>Music: Fredrik Kempe Lyrics: Jonas Gardell Om jag \u00e4n g\u00e5r dit ingen annan g\u00e5tt Och n\u00e5r dit ingen annan m\u00e4nska n\u00e5tt Men sviker allting som <a class=\"more-link\" href=\"https:\/\/helensjoholm.nu\/_eng\/2011-2015\/musikalen-livet-ar-en-schlager\/om-inte-du-lyrics\/\">Read More &#8230;<\/a><\/p>\n","protected":false},"author":1,"featured_media":0,"parent":5747,"menu_order":0,"comment_status":"closed","ping_status":"closed","template":"","meta":{"ngg_post_thumbnail":0,"footnotes":""},"class_list":["post-14843","page","type-page","status-publish","hentry"],"aioseo_notices":[],"_links":{"self":[{"href":"https:\/\/helensjoholm.nu\/_eng\/wp-json\/wp\/v2\/pages\/14843","targetHints":{"allow":["GET"]}}],"collection":[{"href":"https:\/\/helensjoholm.nu\/_eng\/wp-json\/wp\/v2\/pages"}],"about":[{"href":"https:\/\/helensjoholm.nu\/_eng\/wp-json\/wp\/v2\/types\/page"}],"author":[{"embeddable":true,"href":"https:\/\/helensjoholm.nu\/_eng\/wp-json\/wp\/v2\/users\/1"}],"replies":[{"embeddable":true,"href":"https:\/\/helensjoholm.nu\/_eng\/wp-json\/wp\/v2\/comments?post=14843"}],"version-history":[{"count":1,"href":"https:\/\/helensjoholm.nu\/_eng\/wp-json\/wp\/v2\/pages\/14843\/revisions"}],"predecessor-version":[{"id":14844,"href":"https:\/\/helensjoholm.nu\/_eng\/wp-json\/wp\/v2\/pages\/14843\/revisions\/14844"}],"up":[{"embeddable":true,"href":"https:\/\/helensjoholm.nu\/_eng\/wp-json\/wp\/v2\/pages\/5747"}],"wp:attachment":[{"href":"https:\/\/helensjoholm.nu\/_eng\/wp-json\/wp\/v2\/media?parent=14843"}],"curies":[{"name":"wp","href":"https:\/\/api.w.org\/{rel}","templated":true}]}}

<p><strong>Music:</strong> Fredrik Kempe<br />
<strong>Lyrics:</strong> Jonas Gardell</p>
<p>Om jag än går dit ingen annan gått<br />
Och når dit ingen annan mänska nått<br />
Men sviker allting som jag trodde på<br />
Förlorar vänskapen till dig</p>
<p>Ja, om jag vinner alla världens pris<br />
Ensam i min framgångs paradis<br />
Då har jag inte vunnit något alls<br />
Om inte du är där med mig</p>
<p>Och när jag en gång når till himlens höjd<br />
Och njuter av harpospel och salig fröjd<br />
Men ser mig om och märker att du inte är där<br />
Vem är jag, om jag blir kvar</p>
<p>Nej då lovar jag att träda inför Gud och säga<br />
Att jag vill inte längre vara här<br />
Jag vill vara där dom andra är<br />
För om inte dom så inte jag</p>
<p>Och Gud han säger, Du har rätt min vän<br />
Och sen öppnas pärleportarna till himmelen<br />
Och överallt ifrån väller mänskor in<br />
Om inte du så inte jag</p>
<p>En för alla, och alla för en<br />
Ingen lämnas utanför</p>
<p>För där du går dit vill jag också gå<br />
Antingen ingen eller båda två<br />
Ensam är ej stark, ensam är så svag<br />
Om inte du, så inte jag<br />
Om inte du, så inte jag</p>
<p><em>© 2015 Universal Music AB</em></p>
<p><a title="Musikalen Livet är en schlager" href="https://helensjoholm.nu/_eng/2011-2015/musikalen-livet-ar-en-schlager/">Back</a></p>

<p>Music: Fredrik Kempe Lyrics: Jonas Gardell Om jag än går dit ingen annan gått Och når dit ingen annan mänska nått Men sviker allting som <a class="more-link" href="https://helensjoholm.nu/_eng/2011-2015/musikalen-livet-ar-en-schlager/om-inte-du-lyrics/">Read More &#8230;</a></p>
