{"id":14837,"date":"2025-02-02T10:52:48","date_gmt":"2025-02-02T08:52:48","guid":{"rendered":"https:\/\/helensjoholm.nu\/_eng\/?page_id=14837"},"modified":"2025-02-02T11:17:37","modified_gmt":"2025-02-02T09:17:37","slug":"hur-gor-man-drommen-sann-lyrics","status":"publish","type":"page","link":"https:\/\/helensjoholm.nu\/_eng\/2011-2015\/musikalen-livet-ar-en-schlager\/hur-gor-man-drommen-sann-lyrics\/","title":{"rendered":"Hur g\u00f6r man dr\u00f6mmen sann?"},"content":{"rendered":"<p><strong>Music:<\/strong> Fredrik Kempe<br \/>\n<strong>Lyrics:<\/strong> Jonas Gardell<\/p>\n<p><strong>Candy<\/strong><br \/>\nJudy Garland, Diana Ross<\/p>\n<p><strong>Mona<\/strong><br \/>\nKicki Danielsson f\u00f6rst\u00e5s<\/p>\n<p><strong>B\u00e5da<\/strong><br \/>\nMina \u00e4lskarinnor<\/p>\n<p><strong>Candy<\/strong><br \/>\nDe tog mig tidigt till sitt br\u00f6st<\/p>\n<p><strong>Mona<\/strong><br \/>\nGav mig mod och gav mig tr\u00f6st<\/p>\n<p><strong>B\u00e5da<\/strong><br \/>\nDe var gudinnor<br \/>\nJa, vi f\u00f6rs\u00f6ker va som dom<br \/>\nH\u00e4rmar varje stj\u00e4rna som<br \/>\nP\u00e5 himlen tindrar<\/p>\n<p><strong>Alla<\/strong><br \/>\nOch allt jag har \u00e4r detta slott<br \/>\nByggt av luft och dr\u00f6mmar blott<br \/>\nOch kvar blir inget<br \/>\nInnan sanden runnit ut<br \/>\nOch alltsammans tagit slut<br \/>\nSvara den som kan<br \/>\nHur g\u00f6r man l\u00f6gnen sann<\/p>\n<p><strong>Candy<\/strong><br \/>\nL\u00e5nta fj\u00e4drar \u00e4r det h\u00e4r<br \/>\nFalskt \u00e4r glittret som jag b\u00e4r<br \/>\nEn blek kopia<\/p>\n<p><strong>Mona<\/strong><br \/>\nBurf\u00e5glar med sikten skymd<br \/>\nDr\u00f6mmer om en v\u00e4ldig rymd<br \/>\nD\u00e4r vi \u00e4r fria<\/p>\n<p><strong>Bosse<\/strong><br \/>\nJag k\u00e4mpar p\u00e5 s\u00e5 gott jag kan<br \/>\nVara v\u00e4rdig, vara sann<br \/>\nOch leva \u00e4rligt<\/p>\n<p><strong>Alla<\/strong><br \/>\nAllt vi har \u00e4r detta slott<br \/>\nByggt av luft och dr\u00f6mmar blott<br \/>\nOch kvar blir inget<br \/>\nInnan sanden runnit ut<br \/>\nOch alltsammans tagit slut<br \/>\nSvara den som kan<br \/>\nHur g\u00f6r man dr\u00f6mmen sann<\/p>\n<p><strong>Bosse<\/strong><br \/>\nOm din dr\u00f6m \u00e4r allt som finns<br \/>\nVill jag att du alltid minns<br \/>\nEn ros i papier-mach\u00e9<br \/>\nKan faktiskt vara vacker med<br \/>\nKan faktiskt vara vacker med<\/p>\n<p><strong>Alla<\/strong><br \/>\nAllt vi har \u00e4r detta slott<br \/>\nByggt av luft och dr\u00f6mmar blott<br \/>\nOch kvar blir inget<br \/>\nMen innan sanden runnit ut<br \/>\nOch alltsammans tagit slut<br \/>\nSvara den som kan<br \/>\nHur g\u00f6r man dr\u00f6mmen sann<\/p>\n<p>Svara den som kan<br \/>\nHur g\u00f6r man l\u00f6gnen sann<\/p>\n<p><em>\u00a9 2015 Universal Music AB<\/em><\/p>\n<p><a title=\"Musikalen Livet \u00e4r en schlager\" href=\"https:\/\/helensjoholm.nu\/_eng\/2011-2015\/musikalen-livet-ar-en-schlager\/\">Back<\/a><\/p>\n","protected":false},"excerpt":{"rendered":"<p>Music: Fredrik Kempe Lyrics: Jonas Gardell Candy Judy Garland, Diana Ross Mona Kicki Danielsson f\u00f6rst\u00e5s B\u00e5da Mina \u00e4lskarinnor Candy De tog mig tidigt till sitt <a class=\"more-link\" href=\"https:\/\/helensjoholm.nu\/_eng\/2011-2015\/musikalen-livet-ar-en-schlager\/hur-gor-man-drommen-sann-lyrics\/\">Read More &#8230;<\/a><\/p>\n","protected":false},"author":1,"featured_media":0,"parent":5747,"menu_order":0,"comment_status":"closed","ping_status":"closed","template":"","meta":{"ngg_post_thumbnail":0,"footnotes":""},"class_list":["post-14837","page","type-page","status-publish","hentry"],"aioseo_notices":[],"_links":{"self":[{"href":"https:\/\/helensjoholm.nu\/_eng\/wp-json\/wp\/v2\/pages\/14837","targetHints":{"allow":["GET"]}}],"collection":[{"href":"https:\/\/helensjoholm.nu\/_eng\/wp-json\/wp\/v2\/pages"}],"about":[{"href":"https:\/\/helensjoholm.nu\/_eng\/wp-json\/wp\/v2\/types\/page"}],"author":[{"embeddable":true,"href":"https:\/\/helensjoholm.nu\/_eng\/wp-json\/wp\/v2\/users\/1"}],"replies":[{"embeddable":true,"href":"https:\/\/helensjoholm.nu\/_eng\/wp-json\/wp\/v2\/comments?post=14837"}],"version-history":[{"count":2,"href":"https:\/\/helensjoholm.nu\/_eng\/wp-json\/wp\/v2\/pages\/14837\/revisions"}],"predecessor-version":[{"id":14854,"href":"https:\/\/helensjoholm.nu\/_eng\/wp-json\/wp\/v2\/pages\/14837\/revisions\/14854"}],"up":[{"embeddable":true,"href":"https:\/\/helensjoholm.nu\/_eng\/wp-json\/wp\/v2\/pages\/5747"}],"wp:attachment":[{"href":"https:\/\/helensjoholm.nu\/_eng\/wp-json\/wp\/v2\/media?parent=14837"}],"curies":[{"name":"wp","href":"https:\/\/api.w.org\/{rel}","templated":true}]}}