{"id":1482,"date":"2013-05-04T12:11:19","date_gmt":"2013-05-04T10:11:19","guid":{"rendered":"http:\/\/helensjoholm.nu\/_eng\/?page_id=1482"},"modified":"2022-03-09T19:52:10","modified_gmt":"2022-03-09T17:52:10","slug":"euforia-songs-by-billy-joel","status":"publish","type":"page","link":"https:\/\/helensjoholm.nu\/_eng\/press-clips\/reviews-2010\/euforia-songs-by-billy-joel\/","title":{"rendered":"Euforia songs by Billy Joel"},"content":{"rendered":"<p><strong><img loading=\"lazy\" decoding=\"async\" title=\"Corren 101124\" src=\"https:\/\/helensjoholm.nu\/_eng\/wp-content\/gallery\/pressklipp-2010\/corren_101124.jpg\" alt=\"Corren 101124\" width=\"468\" height=\"312\"><\/strong><\/p>\n<p><strong>Corren 101124<\/strong><\/p>\n<p><strong>Facts:&nbsp;&nbsp;<\/strong><br \/>\n<strong>++++ &nbsp;<\/strong><br \/>\n<strong>Helen Sj\u00f6holm &nbsp;<\/strong><br \/>\n<strong>&#8220;Euforia. Songs by Billy Joel&#8221; &nbsp;<\/strong><br \/>\n<strong>POP &nbsp;<\/strong><br \/>\n<strong>Sonet \/ Universal<\/strong><\/p>\n<p>It has been eight years since Helen Sj\u00f6holm debuted with a CD in her own name. &#8220;Visor&#8221; found a large audience, but a sequel never came. Until now then.<\/p>\n<p>Here she sings, quite unbacked, only songs by American singer \/ songwriter Billy Joel, who had never been particularly popular in Sweden. Maybe Helen will change that now.<\/p>\n<p>Tomas Andersson Wij has translated and interpreted the songs, in a very nice way. Helens regular partner Martin \u00d6stergren and Jojje Wadenius has arranged and played on the album, of course it is impeccable &#8211; and actually &#8211; in the end all of it sounds very much Helen.<\/p>\n<p>Her interpretations top in several cases the originals, she has of course a unique talent, and she gets every single word to sound credible. Listen to examples of the catchy &#8220;Barpianisten&#8221; or the quiet glowing &#8220;Varje s\u00e5r s\u00f6ker ett s\u00e5r&#8221;, with the backing of the church organ.<\/p>\n<p><a title=\"Reviews 2010\" href=\"https:\/\/helensjoholm.nu\/_eng\/press-clips\/reviews-2010\/\">Back<\/a><\/p>\n","protected":false},"excerpt":{"rendered":"<p>Corren 101124 Facts:&nbsp;&nbsp; ++++ &nbsp; Helen Sj\u00f6holm &nbsp; &#8220;Euforia. Songs by Billy Joel&#8221; &nbsp; POP &nbsp; Sonet \/ Universal It has been eight years since <a class=\"more-link\" href=\"https:\/\/helensjoholm.nu\/_eng\/press-clips\/reviews-2010\/euforia-songs-by-billy-joel\/\">Read More &#8230;<\/a><\/p>\n","protected":false},"author":1,"featured_media":0,"parent":1476,"menu_order":0,"comment_status":"closed","ping_status":"closed","template":"","meta":{"ngg_post_thumbnail":0,"footnotes":""},"class_list":["post-1482","page","type-page","status-publish","hentry"],"aioseo_notices":[],"_links":{"self":[{"href":"https:\/\/helensjoholm.nu\/_eng\/wp-json\/wp\/v2\/pages\/1482","targetHints":{"allow":["GET"]}}],"collection":[{"href":"https:\/\/helensjoholm.nu\/_eng\/wp-json\/wp\/v2\/pages"}],"about":[{"href":"https:\/\/helensjoholm.nu\/_eng\/wp-json\/wp\/v2\/types\/page"}],"author":[{"embeddable":true,"href":"https:\/\/helensjoholm.nu\/_eng\/wp-json\/wp\/v2\/users\/1"}],"replies":[{"embeddable":true,"href":"https:\/\/helensjoholm.nu\/_eng\/wp-json\/wp\/v2\/comments?post=1482"}],"version-history":[{"count":0,"href":"https:\/\/helensjoholm.nu\/_eng\/wp-json\/wp\/v2\/pages\/1482\/revisions"}],"up":[{"embeddable":true,"href":"https:\/\/helensjoholm.nu\/_eng\/wp-json\/wp\/v2\/pages\/1476"}],"wp:attachment":[{"href":"https:\/\/helensjoholm.nu\/_eng\/wp-json\/wp\/v2\/media?parent=1482"}],"curies":[{"name":"wp","href":"https:\/\/api.w.org\/{rel}","templated":true}]}}