{"id":14730,"date":"2025-01-05T19:32:17","date_gmt":"2025-01-05T17:32:17","guid":{"rendered":"https:\/\/helensjoholm.nu\/_eng\/?page_id=14730"},"modified":"2025-01-05T19:44:50","modified_gmt":"2025-01-05T17:44:50","slug":"helen-sjoholm-and-anna-stadling-delivered-christmas-spirit-in-jarvso","status":"publish","type":"page","link":"https:\/\/helensjoholm.nu\/_eng\/press-clips\/reviews-2024\/helen-sjoholm-and-anna-stadling-delivered-christmas-spirit-in-jarvso\/","title":{"rendered":"Helen Sj\u00f6holm and Anna Stadling delivered Christmas spirit in J\u00e4rvs\u00f6"},"content":{"rendered":"<p><strong>Ljusdals-Posten 2024-12-09<\/strong><\/p>\n<p>By: ANDERS FORSELIUS<\/p>\n<p>Kristina from Duvem\u00e5la, Arja Saijonmaa and\u2026 Donald Trump! There were all sorts of exciting and unexpected ingredients when Helen Sj\u00f6holm and Anna Stadling visited J\u00e4rvs\u00f6 church over the weekend. A concert called Songs in the Christmas season and which of course also contained many traces of the holiday that is now approaching. Already an hour before the concert is due to start, there is a long queue in front of the church.<\/p>\n<p>Two of these, the husband and wife Anders and Susanna Forslin, have just moved their home to J\u00e4rvs\u00f6 and have barely been residents of J\u00e4rvs\u00f6 for a month (&#8230;).<\/p>\n<p>\u2013 I have my roots in J\u00e4rvs\u00f6, explains the wife Susanna. Tonight there is a concert in J\u00e4rvs\u00f6 church where Helen Sj\u00f6holm and Anna Stadling will spread some Christmas cheer. The trio has high expectations for the evening and lists some songs that they would like to hear during the evening.<\/p>\n<p>\u2013 There are fantastic girls singing so we hope for a wonderfully wonderful time with Christmas music, says Anders (&#8230;)<\/p>\n<p>A little further back in the queue is Liv Hedberg who comes with her colleague Susanne Viken.<\/p>\n<h4><em>What do you expect from the evening?<\/em><\/h4>\n<p>\u2013 Beautiful singing and wonderful entertainment. I love Helen Sj\u00f6holm, says Liv Hedberg.<\/p>\n<p>In hindsight, they were not disappointed. Anna Stadling and Helen Sj\u00f6holm delivered a whole battery of atmospheric songs that were accompanied by a wonderful lighting in the church. The artists therefore seemed to enjoy themselves as much as all the visitors.<\/p>\n<p>\u2013 It&#8217;s fantastic, this is an incredible church, says Helen Sj\u00f6holm.<\/p>\n<p>\u2013 And it&#8217;s so much fun to do this together, continues Anna Stadling.<\/p>\n<p>Before it&#8217;s time for the encore, the artists also have time for their own special interpretation of the classic New Year&#8217;s Bell (Ring the Bell, Ring). A poem that includes a pass to the newly elected American president. That he should think about retirement and&#8230; to visit a hairdresser! If any hair salon in J\u00e4rvs\u00f6 gets an odd call from the White House in the next few days, it&#8217;s probably not a fake call&#8230;<\/p>\n<p><em>(The entire review is not reproduced for copyright reasons)<\/em><\/p>\n<p><a title=\"Reviews 2024\" href=\"https:\/\/helensjoholm.nu\/_eng\/press-clips\/reviews-2024\/\">Back<\/a><\/p>\n","protected":false},"excerpt":{"rendered":"<p>Ljusdals-Posten 2024-12-09 By: ANDERS FORSELIUS Kristina from Duvem\u00e5la, Arja Saijonmaa and\u2026 Donald Trump! There were all sorts of exciting and unexpected ingredients when Helen Sj\u00f6holm <a class=\"more-link\" href=\"https:\/\/helensjoholm.nu\/_eng\/press-clips\/reviews-2024\/helen-sjoholm-and-anna-stadling-delivered-christmas-spirit-in-jarvso\/\">Read More &#8230;<\/a><\/p>\n","protected":false},"author":1,"featured_media":0,"parent":14729,"menu_order":0,"comment_status":"closed","ping_status":"closed","template":"","meta":{"ngg_post_thumbnail":0,"footnotes":""},"class_list":["post-14730","page","type-page","status-publish","hentry"],"aioseo_notices":[],"_links":{"self":[{"href":"https:\/\/helensjoholm.nu\/_eng\/wp-json\/wp\/v2\/pages\/14730","targetHints":{"allow":["GET"]}}],"collection":[{"href":"https:\/\/helensjoholm.nu\/_eng\/wp-json\/wp\/v2\/pages"}],"about":[{"href":"https:\/\/helensjoholm.nu\/_eng\/wp-json\/wp\/v2\/types\/page"}],"author":[{"embeddable":true,"href":"https:\/\/helensjoholm.nu\/_eng\/wp-json\/wp\/v2\/users\/1"}],"replies":[{"embeddable":true,"href":"https:\/\/helensjoholm.nu\/_eng\/wp-json\/wp\/v2\/comments?post=14730"}],"version-history":[{"count":5,"href":"https:\/\/helensjoholm.nu\/_eng\/wp-json\/wp\/v2\/pages\/14730\/revisions"}],"predecessor-version":[{"id":14740,"href":"https:\/\/helensjoholm.nu\/_eng\/wp-json\/wp\/v2\/pages\/14730\/revisions\/14740"}],"up":[{"embeddable":true,"href":"https:\/\/helensjoholm.nu\/_eng\/wp-json\/wp\/v2\/pages\/14729"}],"wp:attachment":[{"href":"https:\/\/helensjoholm.nu\/_eng\/wp-json\/wp\/v2\/media?parent=14730"}],"curies":[{"name":"wp","href":"https:\/\/api.w.org\/{rel}","templated":true}]}}