{"id":14661,"date":"2024-12-29T11:05:00","date_gmt":"2024-12-29T09:05:00","guid":{"rendered":"https:\/\/helensjoholm.nu\/_eng\/?page_id=14661"},"modified":"2024-12-29T11:12:12","modified_gmt":"2024-12-29T09:12:12","slug":"moln-av-vita-logner-lyrics","status":"publish","type":"page","link":"https:\/\/helensjoholm.nu\/_eng\/albums-2021-and-forward\/anglagard-house-of-angels-album\/moln-av-vita-logner-lyrics\/","title":{"rendered":"Moln av vita l\u00f6gner"},"content":{"rendered":"<p><strong>Music &amp; lyrics:<\/strong> Fredrik Kempe<\/p>\n<p>\u00c4r allting \u00f6ver<br \/>\nN\u00e4r alla sanningar har kommit<br \/>\nFram i ljuset<br \/>\nVi gav ett l\u00f6fte till varann<br \/>\nNu \u00e4r det brutet<br \/>\nOch vi st\u00e5r kvar p\u00e5 varsin sida<br \/>\nOm den mur vi byggde upp<\/p>\n<p>Vad ska vi g\u00f6ra<br \/>\nJag gjorde misstag som \u00e4r sv\u00e5ra att f\u00f6rl\u00e5ta<br \/>\nJag \u00e4r s\u00e5 obeskrivligt tr\u00f6tt p\u00e5 att alltid gr\u00e5ta<br \/>\nVi har f\u00f6rst\u00f6rts n\u00e5nstans p\u00e5 v\u00e4gen du och jag<br \/>\nV\u00e5r illusion den kommer pr\u00f6vas h\u00e4r idag<\/p>\n<p>Ett liv p\u00e5 moln av vita l\u00f6gner<br \/>\nHur underbart var inte det<br \/>\nVi fyllde varje spricka med en dr\u00f6m<br \/>\nEtt liv p\u00e5 moln av vita l\u00f6gner<\/p>\n<p>Fr\u00e5n H\u00f6ga G\u00e4rdet, sen \u00f6ver \u00e5sarna<br \/>\nOch \u00c4nglaskogens dungar<br \/>\nMinns orosl\u00e4tena fr\u00e5n morkullmammans ungar<br \/>\nN\u00e4r jag p\u00e5 l\u00e4tta f\u00f6tter fl\u00f6g f\u00f6rbi<br \/>\nF\u00f6r att hinna hem till dig<\/p>\n<p>Du var den enda<br \/>\nJag ville v\u00e4rma dig n\u00e4r n\u00e4tterna blev kalla<br \/>\nJag ville skydda dig n\u00e4r regnet b\u00f6rjar falla<br \/>\nMen \u00e4nd\u00e5 st\u00e5r vi h\u00e4r nu s\u00e5rade vi tv\u00e5<br \/>\nJag vet jag var en stor del i att det blev s\u00e5<\/p>\n<p>Ett liv p\u00e5 moln av vita l\u00f6gner<br \/>\nHur underbart var inte det<br \/>\nVi fyllde varje spricka med en dr\u00f6m<br \/>\nEtt liv p\u00e5 moln av vita l\u00f6gner<br \/>\nEtt liv p\u00e5 moln av vita l\u00f6gner<\/p>\n<p><em>\u00a9 2024 Playground Music Scandinavia AB<\/em><\/p>\n<p><a title=\"\u00c4nglag\u00e5rd (House of Angels)\" href=\"https:\/\/helensjoholm.nu\/_eng\/albums-2021-and-forward\/anglagard-house-of-angels-album\/\">Back<\/a><\/p>\n","protected":false},"excerpt":{"rendered":"<p>Music &amp; lyrics: Fredrik Kempe \u00c4r allting \u00f6ver N\u00e4r alla sanningar har kommit Fram i ljuset Vi gav ett l\u00f6fte till varann Nu \u00e4r det <a class=\"more-link\" href=\"https:\/\/helensjoholm.nu\/_eng\/albums-2021-and-forward\/anglagard-house-of-angels-album\/moln-av-vita-logner-lyrics\/\">Read More &#8230;<\/a><\/p>\n","protected":false},"author":1,"featured_media":0,"parent":14134,"menu_order":0,"comment_status":"closed","ping_status":"closed","template":"","meta":{"ngg_post_thumbnail":0,"footnotes":""},"class_list":["post-14661","page","type-page","status-publish","hentry"],"aioseo_notices":[],"_links":{"self":[{"href":"https:\/\/helensjoholm.nu\/_eng\/wp-json\/wp\/v2\/pages\/14661","targetHints":{"allow":["GET"]}}],"collection":[{"href":"https:\/\/helensjoholm.nu\/_eng\/wp-json\/wp\/v2\/pages"}],"about":[{"href":"https:\/\/helensjoholm.nu\/_eng\/wp-json\/wp\/v2\/types\/page"}],"author":[{"embeddable":true,"href":"https:\/\/helensjoholm.nu\/_eng\/wp-json\/wp\/v2\/users\/1"}],"replies":[{"embeddable":true,"href":"https:\/\/helensjoholm.nu\/_eng\/wp-json\/wp\/v2\/comments?post=14661"}],"version-history":[{"count":1,"href":"https:\/\/helensjoholm.nu\/_eng\/wp-json\/wp\/v2\/pages\/14661\/revisions"}],"predecessor-version":[{"id":14662,"href":"https:\/\/helensjoholm.nu\/_eng\/wp-json\/wp\/v2\/pages\/14661\/revisions\/14662"}],"up":[{"embeddable":true,"href":"https:\/\/helensjoholm.nu\/_eng\/wp-json\/wp\/v2\/pages\/14134"}],"wp:attachment":[{"href":"https:\/\/helensjoholm.nu\/_eng\/wp-json\/wp\/v2\/media?parent=14661"}],"curies":[{"name":"wp","href":"https:\/\/api.w.org\/{rel}","templated":true}]}}