{"id":14655,"date":"2024-12-29T10:29:17","date_gmt":"2024-12-29T08:29:17","guid":{"rendered":"https:\/\/helensjoholm.nu\/_eng\/?page_id=14655"},"modified":"2024-12-29T10:31:40","modified_gmt":"2024-12-29T08:31:40","slug":"utan-anglagard-lyrics","status":"publish","type":"page","link":"https:\/\/helensjoholm.nu\/_eng\/albums-2021-and-forward\/anglagard-house-of-angels-album\/utan-anglagard-lyrics\/","title":{"rendered":"Utan \u00c4nglag\u00e5rd"},"content":{"rendered":"<p><strong>Music &amp; lyrics:<\/strong> Fredrik Kempe<\/p>\n<p>Jag \u00e4r inte l\u00e4ngre r\u00e4dd<br \/>\nM\u00e5ste visa mig beredd<br \/>\nJag \u00e4r den som m\u00e5ste st\u00e4lla allt till r\u00e4tta<\/p>\n<p>Trots att alla har f\u00f6rst\u00e5tt<br \/>\nS\u00e5 v\u00e5gar ingen g\u00f6ra n\u00e5t<br \/>\nBara ord som ekar tomt<br \/>\nMen allting slutar nu<br \/>\nI mitt hj\u00e4rta finns styrka kvar<br \/>\nJag vet jag riskerar allt jag har<\/p>\n<p>L\u00e5t det brinna<br \/>\nL\u00e5t det brista<br \/>\nDet som varit<br \/>\nFinns snart inte mer<br \/>\nAllt ska rasa<br \/>\nBli till aska<br \/>\nAllt blir b\u00e4ttre utan \u00c4nglag\u00e5rd<\/p>\n<p>Gl\u00f6m f\u00f6rl\u00e5telse och n\u00e5d<br \/>\nF\u00f6r drottningen p\u00e5 \u00c4nglag\u00e5rd<br \/>\nDu har tagit allt jag har<br \/>\nNu tar jag det tillbaka<\/p>\n<p>Slutet b\u00f6rjar n\u00e4rma sig<br \/>\nF\u00f6r det du startade i mig<br \/>\nSnart s\u00e5 kommer h\u00e4mnden f\u00f6r allt ont<br \/>\nDu gjort mot mig<br \/>\nNu ska l\u00e5gorna f\u00e5 rensa ut<br \/>\nAllt blir till det b\u00e4ttre h\u00e4r till slut<\/p>\n<p>L\u00e5t det brinna<br \/>\nL\u00e5t det brista<br \/>\nDet som varit<br \/>\nFinns snart inte mer<br \/>\nAllt ska rasa<br \/>\nBli till aska<br \/>\nAllt blir b\u00e4ttre utan \u00c4nglag\u00e5rd<\/p>\n<p>Allt ska rasa<br \/>\nBli till aska<br \/>\nAllt blir b\u00e4ttre utan \u00c4nglag\u00e5rd<\/p>\n<p><em>\u00a9 2024 Playground Music Scandinavia AB<\/em><\/p>\n<p><a title=\"\u00c4nglag\u00e5rd (House of Angels)\" href=\"https:\/\/helensjoholm.nu\/_eng\/albums-2021-and-forward\/anglagard-house-of-angels-album\/\">Back<\/a><\/p>\n","protected":false},"excerpt":{"rendered":"<p>Music &amp; lyrics: Fredrik Kempe Jag \u00e4r inte l\u00e4ngre r\u00e4dd M\u00e5ste visa mig beredd Jag \u00e4r den som m\u00e5ste st\u00e4lla allt till r\u00e4tta Trots att <a class=\"more-link\" href=\"https:\/\/helensjoholm.nu\/_eng\/albums-2021-and-forward\/anglagard-house-of-angels-album\/utan-anglagard-lyrics\/\">Read More &#8230;<\/a><\/p>\n","protected":false},"author":1,"featured_media":0,"parent":14134,"menu_order":0,"comment_status":"closed","ping_status":"closed","template":"","meta":{"ngg_post_thumbnail":0,"footnotes":""},"class_list":["post-14655","page","type-page","status-publish","hentry"],"aioseo_notices":[],"_links":{"self":[{"href":"https:\/\/helensjoholm.nu\/_eng\/wp-json\/wp\/v2\/pages\/14655","targetHints":{"allow":["GET"]}}],"collection":[{"href":"https:\/\/helensjoholm.nu\/_eng\/wp-json\/wp\/v2\/pages"}],"about":[{"href":"https:\/\/helensjoholm.nu\/_eng\/wp-json\/wp\/v2\/types\/page"}],"author":[{"embeddable":true,"href":"https:\/\/helensjoholm.nu\/_eng\/wp-json\/wp\/v2\/users\/1"}],"replies":[{"embeddable":true,"href":"https:\/\/helensjoholm.nu\/_eng\/wp-json\/wp\/v2\/comments?post=14655"}],"version-history":[{"count":1,"href":"https:\/\/helensjoholm.nu\/_eng\/wp-json\/wp\/v2\/pages\/14655\/revisions"}],"predecessor-version":[{"id":14656,"href":"https:\/\/helensjoholm.nu\/_eng\/wp-json\/wp\/v2\/pages\/14655\/revisions\/14656"}],"up":[{"embeddable":true,"href":"https:\/\/helensjoholm.nu\/_eng\/wp-json\/wp\/v2\/pages\/14134"}],"wp:attachment":[{"href":"https:\/\/helensjoholm.nu\/_eng\/wp-json\/wp\/v2\/media?parent=14655"}],"curies":[{"name":"wp","href":"https:\/\/api.w.org\/{rel}","templated":true}]}}