{"id":14652,"date":"2024-12-29T09:49:25","date_gmt":"2024-12-29T07:49:25","guid":{"rendered":"https:\/\/helensjoholm.nu\/_eng\/?page_id=14652"},"modified":"2024-12-29T09:49:25","modified_gmt":"2024-12-29T07:49:25","slug":"ljusa-minnen-lyrics","status":"publish","type":"page","link":"https:\/\/helensjoholm.nu\/_eng\/albums-2021-and-forward\/anglagard-house-of-angels-album\/ljusa-minnen-lyrics\/","title":{"rendered":"Ljusa minnen"},"content":{"rendered":"<p><strong>Music &amp; lyrics:<\/strong> Fredrik Kempe<\/p>\n<p>Med \u00f6gon som jag aldrig kan gl\u00f6mma<br \/>\nF\u00e5r hon mitt hj\u00e4rta att v\u00e5ga k\u00e4nna<br \/>\nDet blir s\u00e5 stort, hon \u00e4r min enda k\u00e4rlek<br \/>\nOch jag vet att den var min chans<br \/>\nEn sekund av mitt liv<br \/>\nVar det vi tv\u00e5 tillsammans<\/p>\n<p>Min saknad har bytts ut mot f\u00f6rtr\u00f6stan<br \/>\nNu \u00e4r jag glad f\u00f6r att jag finns till<br \/>\nI gryningens ljus vet jag att jag vill leva<br \/>\nInte s\u00f6rja den tid som var<br \/>\nN\u00e4r m\u00f6rkret har skingrats<br \/>\nFinns ljusa minnen kvar<\/p>\n<p>I mina dr\u00f6mmar s\u00e5 finns hon alltid d\u00e4r<br \/>\nHon ler emot mig och jag k\u00e4nner mig fri<br \/>\nAllt som var vi<br \/>\nAllt det som h\u00e4nt<br \/>\nLivet det blev inte alls som vi t\u00e4nkt<\/p>\n<p>Jag andas och \u00e4r tacksam f\u00f6r allt jag har<br \/>\nN\u00e4r det m\u00f6rka \u00e4r borta finns ljusa minnen kvar<\/p>\n<p>Jag vill leva<br \/>\nInte s\u00f6rja den tid som var<br \/>\nN\u00e4r m\u00f6rkret har skingrats<br \/>\nFinns ljusa minnen kvar<br \/>\nN\u00e4r m\u00f6rkret \u00e4r borta<br \/>\nFinns ljusa minnen kvar<\/p>\n<p><em>\u00a9 2024 Playground Music Scandinavia AB<\/em><\/p>\n<p><a title=\"\u00c4nglag\u00e5rd (House of Angels)\" href=\"https:\/\/helensjoholm.nu\/_eng\/albums-2021-and-forward\/anglagard-house-of-angels-album\/\">Back<\/a><\/p>\n","protected":false},"excerpt":{"rendered":"<p>Music &amp; lyrics: Fredrik Kempe Med \u00f6gon som jag aldrig kan gl\u00f6mma F\u00e5r hon mitt hj\u00e4rta att v\u00e5ga k\u00e4nna Det blir s\u00e5 stort, hon \u00e4r <a class=\"more-link\" href=\"https:\/\/helensjoholm.nu\/_eng\/albums-2021-and-forward\/anglagard-house-of-angels-album\/ljusa-minnen-lyrics\/\">Read More &#8230;<\/a><\/p>\n","protected":false},"author":1,"featured_media":0,"parent":14134,"menu_order":0,"comment_status":"closed","ping_status":"closed","template":"","meta":{"ngg_post_thumbnail":0,"footnotes":""},"class_list":["post-14652","page","type-page","status-publish","hentry"],"aioseo_notices":[],"_links":{"self":[{"href":"https:\/\/helensjoholm.nu\/_eng\/wp-json\/wp\/v2\/pages\/14652","targetHints":{"allow":["GET"]}}],"collection":[{"href":"https:\/\/helensjoholm.nu\/_eng\/wp-json\/wp\/v2\/pages"}],"about":[{"href":"https:\/\/helensjoholm.nu\/_eng\/wp-json\/wp\/v2\/types\/page"}],"author":[{"embeddable":true,"href":"https:\/\/helensjoholm.nu\/_eng\/wp-json\/wp\/v2\/users\/1"}],"replies":[{"embeddable":true,"href":"https:\/\/helensjoholm.nu\/_eng\/wp-json\/wp\/v2\/comments?post=14652"}],"version-history":[{"count":1,"href":"https:\/\/helensjoholm.nu\/_eng\/wp-json\/wp\/v2\/pages\/14652\/revisions"}],"predecessor-version":[{"id":14653,"href":"https:\/\/helensjoholm.nu\/_eng\/wp-json\/wp\/v2\/pages\/14652\/revisions\/14653"}],"up":[{"embeddable":true,"href":"https:\/\/helensjoholm.nu\/_eng\/wp-json\/wp\/v2\/pages\/14134"}],"wp:attachment":[{"href":"https:\/\/helensjoholm.nu\/_eng\/wp-json\/wp\/v2\/media?parent=14652"}],"curies":[{"name":"wp","href":"https:\/\/api.w.org\/{rel}","templated":true}]}}