{"id":11686,"date":"2021-12-31T11:21:09","date_gmt":"2021-12-31T09:21:09","guid":{"rendered":"http:\/\/helensjoholm.nu\/_eng\/?page_id=11686"},"modified":"2021-12-31T23:05:46","modified_gmt":"2021-12-31T21:05:46","slug":"persbrandt-and-sjoholm-in-dream-games-that-put-relationships-at-stake","status":"publish","type":"page","link":"https:\/\/helensjoholm.nu\/_eng\/press-clips\/various-2021\/persbrandt-and-sjoholm-in-dream-games-that-put-relationships-at-stake\/","title":{"rendered":"Persbrandt and Sj\u00f6holm in dream games that put relationships at stake"},"content":{"rendered":"<div style=\"width: 530px\" class=\"wp-caption alignnone\"><img loading=\"lazy\" decoding=\"async\" title=\"Helen Sj\u00f6holm and Mikael Persbrandt in Until the Sun Rises. \" src=\"https:\/\/helensjoholm.nu\/_eng\/wp-content\/gallery\/pressklipp-2021-2030\/tills-solen-gar-upp-barzan-dello-1.png\" alt=\"Mikael Persbrandt in a dark suit and Helen Sj\u00f6holm in a green dress standing in front of a window. \" width=\"520\" height=\"346\"><p class=\"wp-caption-text\">Helen Sj\u00f6holm and Mikael Persbrandt play a married couple in Until the Sun Rises. Photo &amp; \u00a9 Barzan Dello<\/p><\/div>\n<p><strong>Dagens Nyheter 2021-12-25<\/strong><\/p>\n<p>By: MOA MALMQVIST<\/p>\n<p><strong>Peter Dalles <em>Until the Sun Rises<\/em> is about controlling your dreams, an enticing thought that proves to have devastating consequences. Mikael Persbrandt and Helen Sj\u00f6holm play a married couple, whose relationship is put to the test when one of them seeks another reality. DN meets the actors to talk about the postponed Christmas drama.<\/strong><\/p>\n<p>The handwritten and leather-covered book that Peder receives as a Christmas present is only available in five editions. The old treasure soon turns out to have a greater purpose than as a collection, because the book can be used to control dreams.<\/p>\n<p>Mikael Persbrandt, who plays Peder, and Helen Sj\u00f6holm, who plays Peder&#8217;s wife Lena, lean back on a surprisingly trouble-free zoom link when they tell about <em>Until the Sun Rises<\/em>. Persbrandt describes his character as a &#8220;sleeping middle-aged guy in a happy but perhaps a little bit sleepy marriage&#8221;.<\/p>\n<p>\u2013 Peder works as a stockbroker where he doesnt feel really comfortable. He has an interest in antique books and dreams of this treasure that is found in some antique shop, which he then receives as a Christmas present, Persbrandt says and continues:<\/p>\n<p>\u2013 There are men like Peder for real, who I myself hope I will not become and who I fight against. I see them walking the streets, all these men who are like lost in the pancake, completely inside their routines and in themselves. But the dreams make Peder happy for a while.<\/p>\n<p><strong>Helen Sj\u00f6holm&#8217;s character Lena<\/strong> notices that her husband is becoming increasingly absent and hilarious from his dreams.<\/p>\n<p>\u2013 We\u00b4ve a need to indulge in our dreams, and open up another part of our personalities. It&#8217;s a bit interesting\u2026 it doesn\u00b4t have to mean anything bad. But in Peder&#8217;s case, it seems to go a little too far.<\/p>\n<p>The recordings began just weeks before the very first case of corona was found in Sweden. Peter Dalle has both written and directed the movie. In addition, he\u00b4s seen in the role of husband of Hanna, the main character&#8217;s youthful love. The movie would have premiered over the Christmas weekend of 2020, but due to the pandemic &#8211; and the movie&#8217;s obvious Christmas theme &#8211; the cinema audience had to wait a whole year.<\/p>\n<p>\u2013 We\u00b4ve all been affected by the pandemic. I should have filmed some last summer, but it was either interrupted or postponed. It will be finished, but it&#8217;s a choppy schedule right now\u2026 which has meant that I have been a farmer at home on my farm. It has not been entirely wrong to drive a tractor a little bit, Persbrandt explains, who was recently seen in the TV series &nbsp;<em>Den osannolika m\u00f6rdaren (The Improbable Killer).<\/em><\/p>\n<p><strong>He\u00b4s referring to<\/strong> his horse farm which is less than an hour&#8217;s drive south of Stockholm. He has worked abroad for the past three years. When the interview takes place, he\u00b4s at home between two recording blocks for season three of the British TV series <em>Sex education<\/em>, which premiered in September this year.<\/p>\n<p>\u2013 For many, the pandemic has been misery and for others it has been a moment of respite and breathing. Like restructuring and not feeling the need to do a lot of things. Many people I know think that the pandemic has brought a certain peace of mind, says Persbrandt.<\/p>\n<p>\u2013 Then the break creates a longing to get out and do things, and a craving for lots of new ideas, Helen Sj\u00f6holm adds.<\/p>\n<p>Last year she would have played in the musical Next To Normal at Uppsala City Theater, but after just eight nights all performances were cancelled. She has since been seen in Amy Deasismont&#8217;s TV series <em>Thunder in my heart<\/em> and in <em>S\u00e5 mycket b\u00e4ttre (So Much Better)<\/em>. During the autumn, she has toured around the country with music from the album <em>En ny tid (A New Time)<\/em>, which was released a year ago.<\/p>\n<p>\u2013 In the middle of the pandemic, I and some musicians were playing at a nursing home. We never wanted to stop, one more song and another one. It might have been a bit of a wrong forum, but I\u00b4ve longed so much to play, work and rehearse as well. There&#8217;s some kind of power in it, and it&#8217;s been amazing to finally get out in the country and play my new music.<\/p>\n<p><strong>Vanna Rosenberg plays Peder&#8217;s<\/strong> old love Hanna. In the dreams, they meet in swimwear on white beaches with azure blue water. Soon they begin to be seen in real life, to plan common destinations at night.<\/p>\n<p>The film is admittedly not a pure Christmas movie, but it takes a leap into Christmas, when it also premieres. I ask them why many Christmas movies revolve around infidelity &#8211; like <em>Tomten \u00e4r far till alla barnen (Santa is the father of all children)<\/em> or <em>Love Actually<\/em>.<\/p>\n<p>\u2013 I rarely watch Christmas movies and I&#8217;m not entirely sure that this is a Christmas movie, except that the characters celebrate Christmas. What really makes a movie a Christmas movie? Nor would I say that this is a film that explores duality as an idea or non-idea. If it\u00b4s discarded or if we are to live in other relationships and constellations, Persbrandt says and continues:<\/p>\n<p>\u2013 Peder and Hanna&#8217;s dreams are not just about a new partner, but about another life. My character feels alien to his life, but it\u00b4s probably more recognizable when you are around 50 years old than when you are 25. The escapist element in the film is probably more an expression that life is short.<\/p>\n<p>Helen Sj\u00f6holm takes over:<\/p>\n<p>\u2013 We usually talk about that at home, as well as free cards and all that stuff at the same time as you have to play with the idea. Does living with a partner work if you don\u00b4t acknowledge that you are attracted to other people? I might not tell you if I fantasized about others, but I think it&#8217;s inevitable.<\/p>\n<p><strong>What constitutes the film&#8217;s<\/strong> sense moral, the actors don\u00b4t seem to be able to really answer. Because it&#8217;s not about duality or infidelity, nor that you should beware of dangerous forces when you are bored.<\/p>\n<p>(\u2026)<\/p>\n<p>The conversation leads to old loves and relationships that sometimes visit dreams, decades later. Helen Sj\u00f6holm refers to the play <em>Hugh och Nancys m\u00e5nga v\u00e4rldar (Hugh and Nancy&#8217;s many worlds)<\/em> where she played together with Vanna Rosenberg. The play is about a physicist who researches parallel worlds and causality.<\/p>\n<p>\u2013 It\u00b4s very difficult to take in the idea that everything lives on in other worlds. When you choose to end a relationship, it lives on somewhere. It seems to remain in the emotional bank, so they pop up in the dreams sometimes, she says.<\/p>\n<p>\u2013&nbsp;I think we all dream, it\u00b4s a cleaning of the hard drive I guess, Persbrandt adds.<\/p>\n<p>He tells of a recurring dream, where he will play a Shakespeare play at Dramaten, and gets there without knowing his lines.<\/p>\n<p>\u2013&nbsp;I try to explain that I know what to say but then the curtain goes up\u2026 It was a bit like that when I worked with Bergman. That I always thought that he mustn\u00b4t accuse me of not knowing the lines, Persbrandt says.<\/p>\n<p>\u2013 I\u00b4ve dreamed several times that I suddenly find a door at home that I have never seen before. I open it and there is a completely new part of the house I have never seen before, Sj\u00f6holm says.<\/p>\n<p>(\u2026)<\/p>\n<hr>\n<h4>Until the Sun Rises<\/h4>\n<p><strong>Movie premiere:<\/strong> December 25.<\/p>\n<p><strong>Duration:<\/strong> 1 hour 37 min.<\/p>\n<p><strong>Directed by:<\/strong> Peter Dalle<\/p>\n<p><strong>Participants:<\/strong> Mikael Persbrandt, Helen Sj\u00f6holm, Vanna Rosenberg, Peter Dalle, Bj\u00f6rn Gustafsson, Filip Berg and Jennie Silfverhjelm.<\/p>\n<hr>\n<p><em>The entire article is not reproduced for copyright reasons<\/em><\/p>\n<p><a title=\"Various 2021\" href=\"https:\/\/helensjoholm.nu\/_eng\/press-clips\/various-2021\/\">Back<\/a><\/p>\n","protected":false},"excerpt":{"rendered":"<p>Dagens Nyheter 2021-12-25 By: MOA MALMQVIST Peter Dalles Until the Sun Rises is about controlling your dreams, an enticing thought that proves to have devastating <a class=\"more-link\" href=\"https:\/\/helensjoholm.nu\/_eng\/press-clips\/various-2021\/persbrandt-and-sjoholm-in-dream-games-that-put-relationships-at-stake\/\">Read More &#8230;<\/a><\/p>\n","protected":false},"author":1,"featured_media":0,"parent":11621,"menu_order":0,"comment_status":"closed","ping_status":"closed","template":"","meta":{"ngg_post_thumbnail":0,"footnotes":""},"class_list":["post-11686","page","type-page","status-publish","hentry"],"aioseo_notices":[],"_links":{"self":[{"href":"https:\/\/helensjoholm.nu\/_eng\/wp-json\/wp\/v2\/pages\/11686","targetHints":{"allow":["GET"]}}],"collection":[{"href":"https:\/\/helensjoholm.nu\/_eng\/wp-json\/wp\/v2\/pages"}],"about":[{"href":"https:\/\/helensjoholm.nu\/_eng\/wp-json\/wp\/v2\/types\/page"}],"author":[{"embeddable":true,"href":"https:\/\/helensjoholm.nu\/_eng\/wp-json\/wp\/v2\/users\/1"}],"replies":[{"embeddable":true,"href":"https:\/\/helensjoholm.nu\/_eng\/wp-json\/wp\/v2\/comments?post=11686"}],"version-history":[{"count":0,"href":"https:\/\/helensjoholm.nu\/_eng\/wp-json\/wp\/v2\/pages\/11686\/revisions"}],"up":[{"embeddable":true,"href":"https:\/\/helensjoholm.nu\/_eng\/wp-json\/wp\/v2\/pages\/11621"}],"wp:attachment":[{"href":"https:\/\/helensjoholm.nu\/_eng\/wp-json\/wp\/v2\/media?parent=11686"}],"curies":[{"name":"wp","href":"https:\/\/api.w.org\/{rel}","templated":true}]}}