{"id":10526,"date":"2020-12-25T15:18:42","date_gmt":"2020-12-25T13:18:42","guid":{"rendered":"http:\/\/helensjoholm.nu\/_eng\/?page_id=10526"},"modified":"2020-12-25T20:02:55","modified_gmt":"2020-12-25T18:02:55","slug":"super-current-helen-sjoholm-in-a-great-interview-about-her-long-career-and-love-for-sundsvall-i-have-followed-my-heart","status":"publish","type":"page","link":"https:\/\/helensjoholm.nu\/_eng\/press-clips\/interviews-2020\/super-current-helen-sjoholm-in-a-great-interview-about-her-long-career-and-love-for-sundsvall-i-have-followed-my-heart\/","title":{"rendered":"Super current Helen Sj\u00f6holm in a great interview &#8211; about her long career and love for Sundsvall: &#8220;I\u00b4ve followed my heart&#8221;"},"content":{"rendered":"<div style=\"width: 870px\" class=\"wp-caption alignnone\"><img loading=\"lazy\" decoding=\"async\" title=\"Pressbild inf\u00f6r S\u00e5 mycket b\u00e4ttre\" src=\"https:\/\/helensjoholm.nu\/_eng\/wp-content\/gallery\/pressklipp-2016-2020\/helen-sa-mycket-battre-2020.jpg\" alt=\"Helen i halvfigur, kl\u00e4dd i mintgr\u00f6n kavaj. Pressbild inf\u00f6r S\u00e5 mycket b\u00e4ttre.\" width=\"860\" height=\"484\"><p class=\"wp-caption-text\">Bild: P\u00e4r B\u00e4ckstrand, TV4\/CMore<\/p><\/div>\n<p><strong>Sundsvalls Tidning 201211<\/strong><\/p>\n<p>By: PATRICIA JONESTR\u00d6M<\/p>\n<p><strong>Despite the gloomy year with the corona pandemic, Helen Sj\u00f6holm from Sundsvall has a really good year on paper. She released a new album, participates in a Christmas movie at the cinema and is super current in the TV4 hit <em>So much better<\/em>.<\/strong><br \/>\n<strong>\u2013 I\u00b4ve followed my heart and I\u00b4m proud of that, Helen Sj\u00f6holm says.<\/strong><\/p>\n<p>(\u2026)<\/p>\n<p>The year 2020 looks on paper to be her year; a musical role, a role against Kjell Bergqvist in the TV4 series <em>B\u00e4ckstr\u00f6m<\/em>, the newly released album <em>En Ny Tid<\/em>, a role in the Christmas movie <em>Tills solen g\u00e5r upp<\/em> and debut in the TV program <em>S\u00e5 mycket b\u00e4ttre (So much better)<\/em>.<\/p>\n<p>She describes the year as strange and lost. Both she and her husband, who also work in the music industry, have been significantly affected by the corona pandemic.<\/p>\n<p>\u2013 This year has been marked by anxiety and the strangeness in that everything has been canceled. This is something that we who work with human encounters and culture have really felt, Helen Sj\u00f6holm says.<\/p>\n<p>(\u2026)<\/p>\n<p>\u2013 I&#8217;ve been lucky. That the project with the record that I have been working on for many years came now and that the film role appeared, it turned out so well. It&#8217;s great fun and I&#8217;m grateful for the opportunities I get and that I stay broad. I do many things &#8211; and like it, which is an benefit now.<\/p>\n<p><em><strong>You work with both music and film &#8211; what is it that attracts the most?<\/strong><\/em><br \/>\n\u2013 Many people probably see me as a musical artist as I\u00b4ve done a lot of musical theater. I don\u00b4t like labels, but of course the combination of theater and music is unbeatable when it&#8217;s right. The dream would be to film something where the music carries the action. It\u00b4s a bit unexplored in Sweden and it would be fun to experiment a bit with it, Helen Sj\u00f6holm says.<\/p>\n<p><em><strong>How do you look back on the role in Bj\u00f6rn and Benny&#8217;s musical Kristina from Duvem\u00e5la?<\/strong><\/em><br \/>\n\u2013 With a huge joy. It was a magical time &#8211; and it became a very important years. Being able to work with a character for a long time and develop it meant that it never got boring. Getting a role with newly written material in that way is almost impossible. It happens once in a lifetime &#8211; and for most people not at all. It\u00b4s an incredible gift to receive in your life even though it was very demanding super tough years, she says.<\/p>\n<p>Even though she lives outside Stockholm, she goes &#8220;home&#8221; to Sundsvall as soon as she gets the chance.<\/p>\n<p>\u2013 I grew up in Sundsvall and that means a lot to me. It\u00b4s a strongly marked choir city. SVT had many large broadcasts from Sundsvall where I was in choirs in my teens, including in <em>Caf\u00e9 Sundsvall<\/em>. I&#8217;m glad I got the opportunity. Kjell L\u00f6nn\u00e5 has done more for music-Sweden than he has received cred for, Helen Sj\u00f6holm says.<\/p>\n<p>It\u00b4s on Aln\u00f6, to her parents in the house by the sea, that she goes when she comes here.<\/p>\n<p>\u2013 It&#8217;s my place of recreation. We lived in town when I was little, but always spent the summers in the house on Aln\u00f6. It means a lot of joy, but there have also been tougher periods when you have gotten there. It\u00b4s restful to be there and it is valuable to have it, she says.<\/p>\n<p>After previously refusing to participate, she is now finally actual in the TV program <em>So much better<\/em>.<\/p>\n<p>\u2013 Those were intense days. Fantastic fun, but quite hard. I&#8217;m not that fond of having a camera on my face around the clock. I have a hard time formulating myself and am actually quite slow. It was a great pleasure to meet all the amazing people and hear all the interpretations &#8211; not least the versions of my own songs, she says, and continues:<\/p>\n<p>\u2013 It was more nervous than I thought to stand in front of an original artist who you accept highly and perform my interpretations of their songs.<\/p>\n<p><em><strong>Do you think you are popular, or do you think you can be that for a new audience with the program?<\/strong><\/em><br \/>\n\u2013 I think many people remember Kristina. It&#8217;s popular and there&#8217;s a lot of love for the show, but I don\u00b4t know if I&#8217;m popular. I dont think I can attract a younger audience now, it\u00b4s probably more mixed, Helen Sj\u00f6holm says.<\/p>\n<p><em><strong>Do you ever get bored of the songs from Kristina from Duvem\u00e5la and Du \u00e4r min man?<\/strong><\/em><br \/>\n\u2013 No, I&#8217;m probably getting more tired of myself. You have a bond with the audience to perform what they love and want to hear.<\/p>\n<p>According to Helen Sj\u00f6holm, the key is to find different variants of the songs and how they can be performed.<\/p>\n<p><em><strong>What are you most proud of in your career?<\/strong><\/em><br \/>\n\u2013 There are two things; that I could lift the role of Kristina and make it something that people embraced. I was quite inexperienced, only 25 years old. I had sung, but not been much on the music scene\u2026 I\u00b4m very proud that I could do that. And that I dared to follow my heart and gut feeling, she says.<\/p>\n<p>Now she is also relevant in the Christmas movie <em>Tills solen g\u00e5r upp (Until the Sun Rises)<\/em> which she describes as a relationship drama with comic features. She plays the wife of the character played by Mikael Persbrandt.<\/p>\n<p>\u2013 Peter Dalle called and wanted me to play wife, that I\u00b4m a real wife &#8211; and what do you say then? &#8220;Yes, Peter Dalle, how fun&#8221;, she says, laughing.<\/p>\n<p>(\u2026)<\/p>\n<p><em><strong>Finally, what exactly is your dream job?<\/strong><\/em><br \/>\n\u2013 My sister and I always wanted to be on the Christmas calendar on SVT. It&#8217;s a childhood dream. It\u00b4s something, a fairy tale, that everyone sits in front of and usually watch &#8211; even the elderly. It\u00b4s a good tradition and something nice about it &#8211; an escape from reality and a tension in how to build everything up to door 24, says Helen Sj\u00f6holm.<\/p>\n<hr>\n<h5>Facts:<\/h5>\n<p><strong>Name:<\/strong> Helen Sj\u00f6holm<\/p>\n<p><strong>Age:<\/strong> 50 years<\/p>\n<p>(\u2026)<\/p>\n<p><strong>Profession:<\/strong> Singer and actress<\/p>\n<p><strong>Family:<\/strong> Husband and three children<\/p>\n<p><strong>Interests:<\/strong> My job actually. Or cooking &#8211; I\u00b4m good at both eating and cooking. I like being in the kitchen.<\/p>\n<p><strong>Hidden talent:<\/strong> I can do a lot at the same time; cook, furnish and hang laundry, so I\u00b4m terribly efficient privately. There is one side of the corona pandemic that is not so bad that you can slow down &#8211; everything else is useless.<\/p>\n<p><strong>In ten years:<\/strong> Hopefully I am in the same situation as now; lives, works and is healthy. And of course I hope that I can continue to go to Aln\u00f6 and &#8220;bring myself home&#8221;. There I have my roots and can gain perspective and gain strength.&nbsp;<\/p>\n<p><em>(The entire interview is not reproduced for copyright reasons)<\/em><\/p>\n<p><a href=\"https:\/\/helensjoholm.nu\/_eng\/press-clips\/interviews-2020\/\">Back<\/a><\/p>\n","protected":false},"excerpt":{"rendered":"<p>Sundsvalls Tidning 201211 By: PATRICIA JONESTR\u00d6M Despite the gloomy year with the corona pandemic, Helen Sj\u00f6holm from Sundsvall has a really good year on paper. <a class=\"more-link\" href=\"https:\/\/helensjoholm.nu\/_eng\/press-clips\/interviews-2020\/super-current-helen-sjoholm-in-a-great-interview-about-her-long-career-and-love-for-sundsvall-i-have-followed-my-heart\/\">Read More &#8230;<\/a><\/p>\n","protected":false},"author":1,"featured_media":0,"parent":10092,"menu_order":0,"comment_status":"closed","ping_status":"open","template":"","meta":{"ngg_post_thumbnail":0,"footnotes":""},"class_list":["post-10526","page","type-page","status-publish","hentry"],"aioseo_notices":[],"_links":{"self":[{"href":"https:\/\/helensjoholm.nu\/_eng\/wp-json\/wp\/v2\/pages\/10526","targetHints":{"allow":["GET"]}}],"collection":[{"href":"https:\/\/helensjoholm.nu\/_eng\/wp-json\/wp\/v2\/pages"}],"about":[{"href":"https:\/\/helensjoholm.nu\/_eng\/wp-json\/wp\/v2\/types\/page"}],"author":[{"embeddable":true,"href":"https:\/\/helensjoholm.nu\/_eng\/wp-json\/wp\/v2\/users\/1"}],"replies":[{"embeddable":true,"href":"https:\/\/helensjoholm.nu\/_eng\/wp-json\/wp\/v2\/comments?post=10526"}],"version-history":[{"count":0,"href":"https:\/\/helensjoholm.nu\/_eng\/wp-json\/wp\/v2\/pages\/10526\/revisions"}],"up":[{"embeddable":true,"href":"https:\/\/helensjoholm.nu\/_eng\/wp-json\/wp\/v2\/pages\/10092"}],"wp:attachment":[{"href":"https:\/\/helensjoholm.nu\/_eng\/wp-json\/wp\/v2\/media?parent=10526"}],"curies":[{"name":"wp","href":"https:\/\/api.w.org\/{rel}","templated":true}]}}