{"id":102,"date":"2013-04-10T19:33:51","date_gmt":"2013-04-10T17:33:51","guid":{"rendered":"http:\/\/helensjoholm.nu\/_eng\/?page_id=102"},"modified":"2022-01-13T21:22:04","modified_gmt":"2022-01-13T19:22:04","slug":"misc","status":"publish","type":"page","link":"https:\/\/helensjoholm.nu\/_eng\/misc\/","title":{"rendered":"Misc."},"content":{"rendered":"<div style=\"width: 510px\" class=\"wp-caption alignnone\"><img loading=\"lazy\" decoding=\"async\" title=\"Photo och \u00a9 Thore Rodelius\" src=\"https:\/\/helensjoholm.nu\/_eng\/wp-content\/gallery\/biografi\/misc_500.jpg\" alt=\"Photo och \u00a9 Thore Rodelius\" width=\"500\" height=\"463\"><p class=\"wp-caption-text\">Photo och \u00a9 Thore Rodelius<\/p><\/div>\n<p>Helen is extremely versatile, moving effortlessly between singing and acting. We have seen her in many entertainment shows on TV, for example:<\/p>\n<ul>\n<li><em>Go\u00b4kv\u00e4ll<\/em><\/li>\n<li><em>S\u00f6ndags\u00f6ppet<\/em><\/li>\n<li><em>Alls\u00e5ng p\u00e5 Skansen<\/em><\/li>\n<li><em>S\u00e5 ska det l\u00e5ta<\/em><\/li>\n<li><em>F\u00f6rkv\u00e4ll<\/em><\/li>\n<li><em>Bingolotto<\/em><\/li>\n<li><em>Babben<\/em><\/li>\n<li><em>Doobidoo<\/em><\/li>\n<li><em>Stj\u00e4rnorna i k\u00f6ket<\/em><\/li>\n<li><em>Nyhetsmorgon<\/em><\/li>\n<li><em>Moraeus med mera<\/em><\/li>\n<li><em>S\u00e5 mycket b\u00e4ttre<\/em><\/li>\n<li><em>Skavlan<\/em><\/li>\n<li><em>Hellenius h\u00f6rna<\/em><\/li>\n<li><em>Ren\u00e9es brygga<\/em><\/li>\n<\/ul>\n<p>In <em>S\u00e5 ska det l\u00e5ta<\/em> Helen has participated together with Tommy K\u00f6rberg in 1997 and with Niklas Str\u00f6mstedt in 2000. She has also repeatedly participated in <em>Nyhetsmorgon<\/em>.<\/p>\n<p><strong>In 2003<\/strong>, Helen sang the title song in the movie <em>Skenbart<\/em>. The music was composed by Benny Andersson and had lyrics written by Peter Dalle.<\/p>\n<p><strong>In 2005<\/strong> she read the audiobook <em>Stravaganza: Maskernas stad<\/em> by Mary Hoffman.<\/p>\n<p><strong>In 2007<\/strong> Helen read an audiobook for children, called <em>Mirabell<\/em>.<\/p>\n<p>Helen&#8217;s voice is also heard on the Svenska Pocket Karaoke DVD, where <em>Du \u00e4r min man<\/em> is included in part 1 and <em>Gabriellas s\u00e5ng<\/em> in part 6. These DVDs allegedly contain supporting vocals.<\/p>\n<p><strong>In 2017<\/strong>, Helen appeared in <em>M\u00f6rdarens apa<\/em> on Swedish Radio P4; a drama series in ten parts after the book of the same name by Jakob Wegelius.<\/p>\n<div style=\"width: 310px\" class=\"wp-caption aligncenter\"><img loading=\"lazy\" decoding=\"async\" title=\"Doobidoo. Photo och \u00a9 Bosse H\u00e5kansson\" src=\"https:\/\/helensjoholm.nu\/_eng\/wp-content\/gallery\/biografi\/helen31_doobidoo_bossahakansson_omskr.jpg\" alt=\"Doobidoo. Photo och \u00a9 Bosse H\u00e5kansson\" width=\"300\" height=\"208\"><p class=\"wp-caption-text\">Photo och \u00a9 Bosse H\u00e5kansson<\/p><\/div>\n","protected":false},"excerpt":{"rendered":"<p>Helen is extremely versatile, moving effortlessly between singing and acting. We have seen her in many entertainment shows on TV, for example: Go\u00b4kv\u00e4ll S\u00f6ndags\u00f6ppet Alls\u00e5ng <a class=\"more-link\" href=\"https:\/\/helensjoholm.nu\/_eng\/misc\/\">Read More &#8230;<\/a><\/p>\n","protected":false},"author":1,"featured_media":0,"parent":0,"menu_order":0,"comment_status":"closed","ping_status":"open","template":"","meta":{"ngg_post_thumbnail":0,"footnotes":""},"class_list":["post-102","page","type-page","status-publish","hentry"],"aioseo_notices":[],"_links":{"self":[{"href":"https:\/\/helensjoholm.nu\/_eng\/wp-json\/wp\/v2\/pages\/102","targetHints":{"allow":["GET"]}}],"collection":[{"href":"https:\/\/helensjoholm.nu\/_eng\/wp-json\/wp\/v2\/pages"}],"about":[{"href":"https:\/\/helensjoholm.nu\/_eng\/wp-json\/wp\/v2\/types\/page"}],"author":[{"embeddable":true,"href":"https:\/\/helensjoholm.nu\/_eng\/wp-json\/wp\/v2\/users\/1"}],"replies":[{"embeddable":true,"href":"https:\/\/helensjoholm.nu\/_eng\/wp-json\/wp\/v2\/comments?post=102"}],"version-history":[{"count":0,"href":"https:\/\/helensjoholm.nu\/_eng\/wp-json\/wp\/v2\/pages\/102\/revisions"}],"wp:attachment":[{"href":"https:\/\/helensjoholm.nu\/_eng\/wp-json\/wp\/v2\/media?parent=102"}],"curies":[{"name":"wp","href":"https:\/\/api.w.org\/{rel}","templated":true}]}}