{"id":1016,"date":"2013-04-20T19:06:57","date_gmt":"2013-04-20T17:06:57","guid":{"rendered":"http:\/\/helensjoholm.nu\/_eng\/?page_id=1016"},"modified":"2022-03-13T19:22:19","modified_gmt":"2022-03-13T17:22:19","slug":"bao-shines","status":"publish","type":"page","link":"https:\/\/helensjoholm.nu\/_eng\/press-clips\/reviews-2011\/bao-shines\/","title":{"rendered":"BAO shines"},"content":{"rendered":"<p><strong>Dagens Nyheter 110723<\/strong><\/p>\n<p>By: PO TIDHOLM<\/p>\n<p><strong>MUSIC &nbsp;<\/strong><br \/>\n<strong>Benny Andersson Band &nbsp;<\/strong><br \/>\n<strong>Scene: People&#8217;s Park, \u00d6rnsk\u00f6ldsvik<\/strong><\/p>\n<p>It\u00b4s one of those nights when nothing can be lifted out of context. What is what is difficult to determine. Benny Andersson and his big band has set their scene on a slope above Ornskoldsvik, making the whole bay, city and Domsj\u00f6 factories constitute the fund for the concert.<\/p>\n<p>It\u00b4s a warm and beautiful evening &#8211; the threat of rain turned out to be false &#8211; the smoke rises straight up from the tall factory chimneys, an amusement park sparkles on the water and the rusty buildings reflected in the water outside the transhipment quays. In this province people have worked hard, but when the strenuous week was over they listened to precisely the kind of utility and entertainment music that Benny Andersson has chosen to play this evening.<\/p>\n<p>A large tent is raised above the stage, Swedish flags fly at the top of the tent poles and in front of the stage a green-painted dance floor is built, with colored lanterns. Everything is generous: the band is large, the repertoire broad and the night long: the band plays for over three and a half hours.<\/p>\n<p>It\u00b4s not the first time I see an evening performance with BAB, and I can feel a kind of shift in my interest, from distanced professionalism to participation. It could be age, but also a result of Benny Andersson&#8217;s ability to find a way to his listeners. The fact is that I\u2019m almost the only one to be born in the 70s in this audience. Most are more than twice as old as I am, which is a shame. There is much to discover, for a BAB concert is like a music lesson.<\/p>\n<p>Benny Andersson Band moves back and forth in the twentieth century and prefers to happily stay in the seam where tradition and modernity collided and new music emerged alongside the old. BAB mixes schottische, polka, waltzes, pop music, classic and traditional songs. It&#8217;s high and low, nice and ugly, it&#8217;s music made for the working people&#8217;s weekend entertainment.<\/p>\n<p>All embossed, of course, by Benny Andersson\u2019s special musicality. He has such a high level you can have without being academic or exclusive. Much of the music he writes is quite weird, but because he is who he is &#8211; a kind of representative of the masses &#8211; it\u2019s still genuine. Andersson is a contemporary national romantic, but with a popular support Peter Wilhelmson-Berger could only dream of.<\/p>\n<p>Of course it\u00b4s a brilliant evening. Musicality flows and Tommy K\u00f6rberg and Helen Sj\u00f6holm excels with their voices. K\u00f6rberg finds the presence in the magnificent &#8220;Jag h\u00f6r&#8230;&#8221; There are many and abrupt changes, and the people on the dance floor may just as often stand by and watch as dance when the band plays one of Benny Andersson&#8217;s strange theme songs in homemade freestyle.<\/p>\n<p>Then it becomes a folk music festival as Orsa Musicians get space. And stone slab pop by Jules Sylvain, followed by polka and the surreal pop by Kristina Lugn. It\u00b4s sprawling, yet strangely cohesive.<\/p>\n<p><a title=\"Reviews 2011\" href=\"https:\/\/helensjoholm.nu\/_eng\/press-clips\/reviews-2011\/\">Back<\/a><\/p>\n","protected":false},"excerpt":{"rendered":"<p>Dagens Nyheter 110723 By: PO TIDHOLM MUSIC &nbsp; Benny Andersson Band &nbsp; Scene: People&#8217;s Park, \u00d6rnsk\u00f6ldsvik It\u00b4s one of those nights when nothing can be <a class=\"more-link\" href=\"https:\/\/helensjoholm.nu\/_eng\/press-clips\/reviews-2011\/bao-shines\/\">Read More &#8230;<\/a><\/p>\n","protected":false},"author":1,"featured_media":0,"parent":946,"menu_order":0,"comment_status":"closed","ping_status":"closed","template":"","meta":{"ngg_post_thumbnail":0,"footnotes":""},"class_list":["post-1016","page","type-page","status-publish","hentry"],"aioseo_notices":[],"_links":{"self":[{"href":"https:\/\/helensjoholm.nu\/_eng\/wp-json\/wp\/v2\/pages\/1016","targetHints":{"allow":["GET"]}}],"collection":[{"href":"https:\/\/helensjoholm.nu\/_eng\/wp-json\/wp\/v2\/pages"}],"about":[{"href":"https:\/\/helensjoholm.nu\/_eng\/wp-json\/wp\/v2\/types\/page"}],"author":[{"embeddable":true,"href":"https:\/\/helensjoholm.nu\/_eng\/wp-json\/wp\/v2\/users\/1"}],"replies":[{"embeddable":true,"href":"https:\/\/helensjoholm.nu\/_eng\/wp-json\/wp\/v2\/comments?post=1016"}],"version-history":[{"count":0,"href":"https:\/\/helensjoholm.nu\/_eng\/wp-json\/wp\/v2\/pages\/1016\/revisions"}],"up":[{"embeddable":true,"href":"https:\/\/helensjoholm.nu\/_eng\/wp-json\/wp\/v2\/pages\/946"}],"wp:attachment":[{"href":"https:\/\/helensjoholm.nu\/_eng\/wp-json\/wp\/v2\/media?parent=1016"}],"curies":[{"name":"wp","href":"https:\/\/api.w.org\/{rel}","templated":true}]}}